{"id":39,"date":"2024-04-19T12:58:08","date_gmt":"2024-04-19T09:58:08","guid":{"rendered":"https:\/\/sisu.ut.ee\/ettevotlusopik\/?page_id=39"},"modified":"2025-10-03T15:34:29","modified_gmt":"2025-10-03T12:34:29","slug":"1-2-kuidas-leida-ariideed","status":"publish","type":"page","link":"https:\/\/sisu.ut.ee\/ettevotlusopik\/1-ariidee\/1-2-kuidas-leida-ariideed\/","title":{"rendered":"Kuidas leida \u00e4riideed?"},"content":{"rendered":"<p><\/p>\n\n\n\n<p>\u00c4riidee leidmiseks on palju erinevaid v\u00f5imalusi, j\u00e4rgnevalt tuuakse v\u00e4lja m\u00f5ned olulisemad.\u00a0<\/p>\n\n\n\n<p class=\"has-primary-color has-text-color has-link-color wp-elements-0d0ba526d29e8139d4c34d8dbc509add\">\u2022 On vaja j\u00e4lgida ettev\u00f5tluskeskkonnas toimuvaid muutusi ja trende.\u00a0<\/p>\n\n\n\n<p>Alates 2020. kevadest on toimunud suund digi\u00f5ppe arendamisele tulenevalt COVID-19 pandeemiast tingitud vajadusest. Digi\u00f5pe ei ole enam pelgalt vahend kontakttundide asendamiseks, vaid pakub \u00f5ppimisv\u00f5imalusi (alates) alusharidusest (kuni) elukestva t\u00e4iend\u00f5ppeni. Seega on mitmeid v\u00f5imalusi, kuidas antud ettev\u00f5tlusv\u00f5imalusi enda kasuks t\u00f6\u00f6le panna, n\u00e4iteks pakkudes audio- ja videoteenuseid, serverirenti, veebikoolitusi jne.<\/p>\n\n\n\n<p class=\"has-primary-color has-text-color has-link-color wp-elements-50d0d2161f284c32c8001c7c38cd10f6\">\u2022 Tuleb leida ja lahendada probleem v\u00f5i pakkuda v\u00e4lja uuem ja olemasolevast parem lahendus.<\/p>\n\n\n\n<p>Uue \u00e4riidee aluseks v\u00f5ib olla ka mingi pidevalt esinevale probleemile hea lahenduse leidmine.<\/p>\n\n\n\n<p>Praktilise n\u00e4itena saab tuua\u00a0<strong>Bolt\u00b4i<\/strong>, mille asutasid Markus Villig, Martin Villig ja Oliver Leisalu. Bolt (varem Taxify) alustas transporditeenuse platvormina, mis pakkus paremat ja odavamat alternatiivi traditsioonilisele taksoteenusele. Asutajad n\u00e4gid probleemi taksoturu ebaefektiivsuses ja k\u00f5rgetes hindades ning pakkusid lahenduseks mobiilirakenduse, mis \u00fchendab s\u00f5itjad ja juhid kiirelt ja mugavalt.<\/p>\n\n\n\n<p class=\"has-primary-color has-text-color has-link-color wp-elements-7aed66f601ebd0646b4649a57e0d7902\">\u2022 Tuleb t\u00e4ita turuni\u0161\u0161 ehk rahuldamata n\u00f5udlus teatud toodete j\u00e4rele.<\/p>\n\n\n\n<p>Turuni\u0161\u0161i t\u00e4itmiseks saab koguda klientide tagasisidet v\u00f5i anal\u00fc\u00fcsida konkurentide sarnaseid tooteid.<\/p>\n\n\n\n<p>2019. aasta alguses, COVID-19 pandeemia puhkedes, tekkis \u00fclemaailmne kriis meditsiiniliste maskide ja desinfitseerimisvahendite hankes. Varasemalt apteekides vabalt saadaolevad tooted muutusid defitsiitseks kaubaks ning t\u00f6\u00f6stusettev\u00f5tted ei suutnud piisavalt toota, et tekkinud n\u00f5udlust rahuldada. Mitmed ettev\u00f5tted korraldasid oma tootmise \u00fcmber, nt m\u00f6\u00f6blitootmisettev\u00f5te (korraldas oma tegevuse \u00fcmber ja) alustas meditsiiniliste maskide tootmisega.<\/p>\n\n\n\n<p class=\"has-primary-color has-text-color has-link-color wp-elements-c099537222cb38f9db1b0a002a64a3ea\">\u2022 Erialaspetsialistist on v\u00f5imalik areneda ettev\u00f5tte omanikuks.<\/p>\n\n\n\n<p>Kui Sa ei ole kohe valmis alustama oma ettev\u00f5ttega, on v\u00f5imalik valdkonda ja tooteid v\u00f5i teenuseid, t\u00f6\u00f6protsesse ja kliente paremini tundma \u00f5ppida t\u00f6\u00f6tades palgat\u00f6\u00f6tajana sarnasel eriala.\u00a0<\/p>\n\n\n\n<p>N\u00e4itena saab siinkohal tuua juhtumi, kui \u00a0ettev\u00f5te otsustas likvideerida \u00fche osakonna ning koondada selle t\u00f6\u00f6tajad. Antud valdkonnaga ettev\u00f5te enam edasi tegeleda ei planeerinud. Sellest sai inspiratsiooni aga osakonna m\u00fc\u00fcgijuht, kes asus ettev\u00f5tte juhtkonnaga l\u00e4bir\u00e4\u00e4kimistesse ja sai vastava loa kasutada likvideeritava valdkonna kliendinimekirja ja asuda l\u00e4bir\u00e4\u00e4kimistesse tarnijatega, et seda oma ettev\u00f5tlustegevuses kasutada. Selle tulemusena asutas m\u00fc\u00fcgijuht oma ettev\u00f5tte koos olemasoleva kliendinimekirja ja tarnijatega. Siinkohal on aga oluline silmas pidada ausa konkurentsi reegleid, sest ilma vastava loata ei tohi andmeid kasutada.<\/p>\n\n\n\n<p class=\"has-primary-color has-text-color has-link-color wp-elements-490f8b2955b655daa584304484795d91\">\u2022 Tuleb tegeleda s\u00fcstemaatiliselt ettev\u00f5tte arendust\u00f6\u00f6ga.<\/p>\n\n\n\n<p>Sellistel juhtudel on ettev\u00f5ttes olemas oma toote ja\/v\u00f5i teenuste nimekiri ning kus tegevusest v\u00f5i arendust\u00f6\u00f6st tulenevalt tekib uus ettev\u00f5tlusv\u00f5imalus, mis ei ole esialgse \u00e4rimudeli osa.\u00a0<\/p>\n\n\n\n<p>S\u00fcstemaatilise arendust\u00f6\u00f6 tulemusena v\u00f5ivad valmida nt sama mudeli uued ja t\u00e4iustatud versioonid nagu nt. telefonidel. N\u00e4itena saab tuua esimese Iphone (2007), mis on j\u00f5udnud Iphone 16 (2024). S\u00fcstemaatiline arendust\u00f6\u00f6 tulemusena v\u00f5ib valmida ka uus toode nagu n\u00e4iteks PlayStation. Tehnoloogiaettev\u00f5te Sony p\u00fc\u00fcdis 1980ndate l\u00f5pus koos Nintendoga alustada uue m\u00e4ngukonsooli v\u00e4ljaarendamist, kuid koost\u00f6\u00f6 katkes kui Nintendo \u00fctles partnerluse \u00fcles ning \u00fchines Philipsiga. Seej\u00e4rel j\u00e4tkas ettev\u00f5tte insener Ken Kutaragi koos oma meeskonnaga arendust\u00f6\u00f6d uuendusliku 3D m\u00e4ngukonsooliga. Toode j\u00f5udis 1994 aastal turule ja oli esimene konsool, mida m\u00fc\u00fcdi \u00fcle 100 miljoni komplekti.<\/p>\n\n\n\n<p class=\"has-primary-color has-text-color has-link-color wp-elements-f7571b5d9119c7274df4ee916c283427\">\u2022 Kaaluda v\u00f5ib koost\u00f6\u00f6 kaudu v\u00f5i erinevatest allikatest leitud \u00e4riideede elluviimist.<\/p>\n\n\n\n<p>Sellise ideekorje puhul on idee alguse saanud kas projekti(de) v\u00f5i koost\u00f6\u00f6koosolekutel v\u00f5i teistes kohtades, kus on arutletud uute v\u00f5imaluste, vajaduste v\u00f5i \u00e4riideede \u00fcle.\u00a0<\/p>\n\n\n\n<p>N\u00e4itena saab tuua ettev\u00f5tlus\u00f5ppest v\u00e4lja kasvanud \u00fcli\u00f5pilasmeeskonnad, kes on alustanud oma idee arendamist ettev\u00f5tlus\u00f5pingute ajal ja viinud selle siis hiljem ellu, vt Yumuuv <a href=\"https:\/\/yumuuv.com\/et\">https:\/\/yumuuv.com\/et<\/a>\u00a0<\/p>\n\n\n\n<p class=\"has-primary-color has-text-color has-link-color wp-elements-a1a597b10ab315f68f76fd85ebe45eef\">\u2022 On v\u00f5imalik muuta enda huvi teatud teema vastu v\u00f5i hobi t\u00f6\u00f6ks.<\/p>\n\n\n\n<p>Kui sa oled tegelenud pikemat aega mingi hobiga ning sellest on kasvanud v\u00e4lja toode, mis pakub ka teistele huvi, siis v\u00f5ib see areneda p\u00e4ris kiiresti iseseisvaks ettev\u00f5tlusv\u00f5imaluseks.<\/p>\n\n\n\n<p>Nii n\u00e4iteks on enda ettev\u00f5tte loonud kirglikud k\u00e4sit\u00f6\u00f6ga tegelejad, mesinikud, mitmed looduskosmeetika tootjad jne. N\u00e4itena saab tuua Eesti kosmeetikatootja Berrichi lugu, vt\u00a0<a href=\"https:\/\/eakadeemia.seb.ee\/berrichi-asutamise-lugu\">https:\/\/eakadeemia.seb.ee\/berrichi-asutamise-lugu<\/a>.\u00a0<\/p>\n","protected":false},"excerpt":{"rendered":"<p>\u00c4riidee leidmiseks on palju erinevaid v\u00f5imalusi, j\u00e4rgnevalt tuuakse v\u00e4lja m\u00f5ned olulisemad.\u00a0 \u2022 On vaja j\u00e4lgida ettev\u00f5tluskeskkonnas toimuvaid muutusi ja trende.\u00a0 Alates 2020. kevadest on toimunud suund digi\u00f5ppe arendamisele tulenevalt COVID-19 pandeemiast tingitud vajadusest. Digi\u00f5pe ei ole enam pelgalt vahend kontakttundide &#8230;<\/p>\n","protected":false},"author":3,"featured_media":0,"parent":34,"menu_order":0,"comment_status":"closed","ping_status":"closed","template":"","meta":{"_acf_changed":false,"inline_featured_image":false,"footnotes":""},"class_list":["post-39","page","type-page","status-publish","hentry"],"acf":[],"_links":{"self":[{"href":"https:\/\/sisu.ut.ee\/ettevotlusopik\/wp-json\/wp\/v2\/pages\/39","targetHints":{"allow":["GET"]}}],"collection":[{"href":"https:\/\/sisu.ut.ee\/ettevotlusopik\/wp-json\/wp\/v2\/pages"}],"about":[{"href":"https:\/\/sisu.ut.ee\/ettevotlusopik\/wp-json\/wp\/v2\/types\/page"}],"author":[{"embeddable":true,"href":"https:\/\/sisu.ut.ee\/ettevotlusopik\/wp-json\/wp\/v2\/users\/3"}],"replies":[{"embeddable":true,"href":"https:\/\/sisu.ut.ee\/ettevotlusopik\/wp-json\/wp\/v2\/comments?post=39"}],"version-history":[{"count":11,"href":"https:\/\/sisu.ut.ee\/ettevotlusopik\/wp-json\/wp\/v2\/pages\/39\/revisions"}],"predecessor-version":[{"id":922,"href":"https:\/\/sisu.ut.ee\/ettevotlusopik\/wp-json\/wp\/v2\/pages\/39\/revisions\/922"}],"up":[{"embeddable":true,"href":"https:\/\/sisu.ut.ee\/ettevotlusopik\/wp-json\/wp\/v2\/pages\/34"}],"wp:attachment":[{"href":"https:\/\/sisu.ut.ee\/ettevotlusopik\/wp-json\/wp\/v2\/media?parent=39"}],"curies":[{"name":"wp","href":"https:\/\/api.w.org\/{rel}","templated":true}]}}