{"id":386,"date":"2024-04-24T20:38:45","date_gmt":"2024-04-24T17:38:45","guid":{"rendered":"https:\/\/sisu.ut.ee\/ettevotlusopik\/?page_id=386"},"modified":"2026-02-04T11:12:27","modified_gmt":"2026-02-04T09:12:27","slug":"10-4-tulud","status":"publish","type":"page","link":"https:\/\/sisu.ut.ee\/ettevotlusopik\/10-eelarve-ja-eelarvestamine-kulud-tulud-hinnakujundus\/10-4-tulud\/","title":{"rendered":"Tulud"},"content":{"rendered":"<p>Ettev\u00f5tlustulu tekib toodete v\u00f5i teenuste m\u00fc\u00fcgist (m\u00fc\u00fcgitulu) ja\/v\u00f5i muudest tuludest. Toodete m\u00fc\u00fcki prognoositakse tavapraktikas kuude kaupa 1\u20123 aastase perioodi v\u00e4ltel.<\/p>\n\n\n\n<p>\u00c4rimudel v\u00f5ib sisaldada kahte liiki tuluvoogusid.<\/p>\n\n\n\n<ol class=\"wp-block-list\">\n<li>tehingutelt tulenevad tulud \u2013 tulenevalt klientide \u00fchekordsetest maksetest;<\/li>\n\n\n\n<li>korduvtulud \u2013 tulenevad pidevatest maksetest selle eest, et ettev\u00f5te teeb kliendile j\u00e4tkuvalt v\u00e4\u00e4rtuspakkumisi v\u00f5i pakub ostuj\u00e4rgset tuge.<\/li>\n<\/ol>\n\n\n\n<p>Tuluvoogude tekitamise viisid:<\/p>\n\n\n\n<p>\u2013\u00a0\u00a0\u00a0\u00a0\u00a0\u00a0\u00a0\u00a0\u00a0\u00a0 esemete m\u00fc\u00fck \u2013 tuluvoog tekib f\u00fc\u00fcsiliste esemete m\u00fc\u00fcgist<\/p>\n\n\n\n<p>\u2013\u00a0\u00a0\u00a0\u00a0\u00a0\u00a0\u00a0\u00a0\u00a0\u00a0 kasutustasu \u2013 tuluvoog tekib teatud teenuse kasutamisest<\/p>\n\n\n\n<p>\u2013\u00a0\u00a0\u00a0\u00a0\u00a0\u00a0\u00a0\u00a0\u00a0\u00a0 ettetellimistasu \u2013\u00a0 tuluvoog tekib, kui m\u00fc\u00fcakse pidevat k\u00e4ttesaadavust m\u00f5nele teenusele<\/p>\n\n\n\n<p>\u2013\u00a0\u00a0\u00a0\u00a0\u00a0\u00a0\u00a0\u00a0\u00a0\u00a0 v\u00e4lja\u00fc\u00fcrimine \u2013 rentimine, liisimine<\/p>\n\n\n\n<p>\u2013\u00a0\u00a0\u00a0\u00a0\u00a0\u00a0\u00a0\u00a0\u00a0\u00a0 litsentsitasu \u2013 luba kasutada \u00f5igustega kaitstud intellektuaalomandit<\/p>\n\n\n\n<p>\u2013\u00a0\u00a0\u00a0\u00a0\u00a0\u00a0\u00a0\u00a0\u00a0\u00a0 struktuurfondide projektidest laekuv tulu<\/p>\n\n\n\n<p>Toodetele m\u00e4\u00e4ratud hinna ja prognoositava m\u00fc\u00fcgikoguse korrutamisel saame eeldatava sissetuleku toodete kaupa. Antud avaldis v\u00f5imaldab leida m\u00fc\u00fcgitulu \u00fches kuus ja aasta\/aastate kaupa.<\/p>\n\n\n\n<p>Investeeringud ettev\u00f5ttesse, saadavad toetused jm sissetulekud, mis suurendavad varade hulka v\u00f5i v\u00e4hendavad olemasolevaid kohustusi on kajastatavad sissetulekutena.<\/p>\n\n\n\n<p>Tulud kantakse eelarvesse tavaliselt:<\/p>\n\n\n\n<p>TULUD = HIND x KOGUS<\/p>\n\n\n\n<p>N\u00e4iteks aprillis m\u00fc\u00fcakse 1245 toodet hinnaga 10 \u20ac, seega tulud arvutatakse 10 \u20ac x 1245 = 12 450 \u20ac.<\/p>\n","protected":false},"excerpt":{"rendered":"<p>Ettev\u00f5tlustulu tekib toodete v\u00f5i teenuste m\u00fc\u00fcgist (m\u00fc\u00fcgitulu) ja\/v\u00f5i muudest tuludest. Toodete m\u00fc\u00fcki prognoositakse tavapraktikas kuude kaupa 1\u20123 aastase perioodi v\u00e4ltel. \u00c4rimudel v\u00f5ib sisaldada kahte liiki tuluvoogusid. Tuluvoogude tekitamise viisid: \u2013\u00a0\u00a0\u00a0\u00a0\u00a0\u00a0\u00a0\u00a0\u00a0\u00a0 esemete m\u00fc\u00fck \u2013 tuluvoog tekib f\u00fc\u00fcsiliste esemete m\u00fc\u00fcgist \u2013\u00a0\u00a0\u00a0\u00a0\u00a0\u00a0\u00a0\u00a0\u00a0\u00a0 kasutustasu &#8230;<\/p>\n","protected":false},"author":3,"featured_media":0,"parent":377,"menu_order":0,"comment_status":"closed","ping_status":"closed","template":"","meta":{"_acf_changed":false,"inline_featured_image":false,"footnotes":""},"class_list":["post-386","page","type-page","status-publish","hentry"],"acf":[],"_links":{"self":[{"href":"https:\/\/sisu.ut.ee\/ettevotlusopik\/wp-json\/wp\/v2\/pages\/386","targetHints":{"allow":["GET"]}}],"collection":[{"href":"https:\/\/sisu.ut.ee\/ettevotlusopik\/wp-json\/wp\/v2\/pages"}],"about":[{"href":"https:\/\/sisu.ut.ee\/ettevotlusopik\/wp-json\/wp\/v2\/types\/page"}],"author":[{"embeddable":true,"href":"https:\/\/sisu.ut.ee\/ettevotlusopik\/wp-json\/wp\/v2\/users\/3"}],"replies":[{"embeddable":true,"href":"https:\/\/sisu.ut.ee\/ettevotlusopik\/wp-json\/wp\/v2\/comments?post=386"}],"version-history":[{"count":7,"href":"https:\/\/sisu.ut.ee\/ettevotlusopik\/wp-json\/wp\/v2\/pages\/386\/revisions"}],"predecessor-version":[{"id":1219,"href":"https:\/\/sisu.ut.ee\/ettevotlusopik\/wp-json\/wp\/v2\/pages\/386\/revisions\/1219"}],"up":[{"embeddable":true,"href":"https:\/\/sisu.ut.ee\/ettevotlusopik\/wp-json\/wp\/v2\/pages\/377"}],"wp:attachment":[{"href":"https:\/\/sisu.ut.ee\/ettevotlusopik\/wp-json\/wp\/v2\/media?parent=386"}],"curies":[{"name":"wp","href":"https:\/\/api.w.org\/{rel}","templated":true}]}}