{"id":380,"date":"2024-04-24T20:37:59","date_gmt":"2024-04-24T17:37:59","guid":{"rendered":"https:\/\/sisu.ut.ee\/ettevotlusopik\/?page_id=380"},"modified":"2026-02-04T11:11:55","modified_gmt":"2026-02-04T09:11:55","slug":"10-1-eelarve-ja-eelarvestamine","status":"publish","type":"page","link":"https:\/\/sisu.ut.ee\/ettevotlusopik\/10-eelarve-ja-eelarvestamine-kulud-tulud-hinnakujundus\/10-1-eelarve-ja-eelarvestamine\/","title":{"rendered":"Ettev\u00f5tte k\u00e4ivitamis- ja tegevusperiood"},"content":{"rendered":"<p>Ettev\u00f5tte tegevuses v\u00f5ib eristada kahte perioodi:<\/p>\n\n\n\n<ol class=\"wp-block-list\">\n<li>k\u00e4ivitamisperiood, mis algab ettev\u00f5tte registreerimisest ja h\u00f5lmab toodete ja teenuste m\u00fc\u00fcgiks ettevalmistavaid tegevusi \u2013 ruumide rentimist ja ettevalmistamist, seadmete hankimist, turundustegevusi, t\u00f6\u00f6tajate v\u00e4rbamist jms;<\/li>\n\n\n\n<li>tegevusperiood, mis algab toodete ja teenuste m\u00fc\u00fcgiga. Ettev\u00f5tte kulud on n\u00fc\u00fcd seotud toodete tootmise v\u00f5i teenuste pakkumisega ning ettev\u00f5tte k\u00e4igus hoidmisega.<\/li>\n<\/ol>\n\n\n\n<figure class=\"wp-block-image size-large\"><img loading=\"lazy\" decoding=\"async\" width=\"1024\" height=\"292\" src=\"https:\/\/sisu.ut.ee\/wp-content\/uploads\/sites\/703\/14-1024x292.jpg\" alt=\"\" class=\"wp-image-1172\" srcset=\"https:\/\/sisu.ut.ee\/wp-content\/uploads\/sites\/703\/14-1024x292.jpg 1024w, https:\/\/sisu.ut.ee\/wp-content\/uploads\/sites\/703\/14-300x85.jpg 300w, https:\/\/sisu.ut.ee\/wp-content\/uploads\/sites\/703\/14-768x219.jpg 768w, https:\/\/sisu.ut.ee\/wp-content\/uploads\/sites\/703\/14.jpg 1299w\" sizes=\"auto, (max-width: 1024px) 100vw, 1024px\"><\/figure>\n\n\n\n<p><strong>Joonis 13.<\/strong> Ettev\u00f5tte k\u00e4ivitus- ja tegevusperiood<\/p>\n\n\n\n<p>K\u00e4ivitamisperioodil toimub ettev\u00f5tte tegevuse ettevalmistamine. K\u00e4ivitamisperioodil kaetakse ettev\u00f5tte kulud ettev\u00f5tte rajajate isiklike s\u00e4\u00e4stude, ettev\u00f5tlustoetuste, laenuraha v\u00f5i muude rahastusallikate arvelt. Ettev\u00f5tlusprotsessi kontekstis j\u00e4\u00e4vad k\u00e4ivitamisperioodi nii \u00e4riidee leidmise, toote- ja teenusearenduse, kontseptsiooniarenduse ja ettev\u00f5tluse ettevalmistamise etapid (Mets jt 2019; Vettik-Leemet ja Mets, 2024).<\/p>\n\n\n\n<p>K\u00e4ivitusperioodi kestus oleneb ettev\u00f5tlustegevuse ettevalmistamise ajalisest kestuses. Ettev\u00f5tja huvidest l\u00e4htuvalt peab see olema v\u00f5imalikult l\u00fchike. Mida pikem on ettev\u00f5tte k\u00e4ivitusperiood, seda v\u00e4iksem on ettev\u00f5tte loomise v\u00f5imalus (Shim ja Davidsson, 2018). Sel perioodil ei ole ettev\u00f5ttel sissetulekuid, kuid on kulud.<\/p>\n\n\n\n<p>K\u00e4ivitusperiood vajab hoolikat planeerimist, v\u00f5ttes arvesse:<\/p>\n\n\n\n<ul class=\"wp-block-list\">\n<li>teostamist vajavad tegevused<\/li>\n\n\n\n<li>tegevuste ajakulu<\/li>\n\n\n\n<li>vajalike investeeringute hulk ja rahaline kulu<\/li>\n<\/ul>\n\n\n\n<p>Enne finantsiliste kulutuste tegemist on vaja ettev\u00f5te registreerida Ettev\u00f5tjaportaalis (<a href=\"http:\/\/www.rik.ee\">www.rik.ee<\/a>) v\u00f5i notaris (<a href=\"https:\/\/www.eesti.ee\/et\/ettevotlus\/ettevotte-loomine\/osauehingu-asutamine\">https:\/\/www.eesti.ee\/et\/ettevotlus\/ettevotte-loomine\/osauehingu-asutamine<\/a>).<\/p>\n\n\n\n<p>Ettev\u00f5tte registreerimisel tuleb arvestada riigil\u00f5ivuga (seisuga 01.01.2025 200 \u20ac tavamenetluse korral). FIE, t\u00e4is\u00fchingu ja usaldus\u00fchingu registreerimisel 20 \u20ac. Kiirmenetluse korral e-\u00e4riregistri kaudu maksab ettev\u00f5tte registreerimine 265 \u20ac. Ettev\u00f5tete \u00f5iguslikke vorme k\u00e4sitleti peat\u00fckis Majandusest ja ettev\u00f5tlusest \u00fcldiselt, alapeat\u00fckis Ettev\u00f5tlikkus ja ettev\u00f5tja, tabelis 5 Ettev\u00f5tlusvormid.<\/p>\n\n\n\n<p>K\u00e4ivitusperioodi kulud kaetakse tavaliselt j\u00e4rgmistest allikatest.<\/p>\n\n\n\n<ol start=\"1\" class=\"wp-block-list\">\n<li>Ettev\u00f5tja(te) isiklikest vahenditest \u2013 s\u00e4\u00e4stud, p\u00e4randus, vara m\u00fc\u00fck jne.<\/li>\n\n\n\n<li>Ettev\u00f5tja(te) sugulaste, s\u00f5prade ja tuttavate vahenditest (ingl <em>founders, family, friends<\/em>; levinumalt <em>family, friends and fools<\/em> ehk FFF).<\/li>\n\n\n\n<li>Liisingu, pangalaenu, tarnijate poolt antava krediidiga:\n<ul class=\"wp-block-list\">\n<li>liisingu korral ostab liisinguettev\u00f5te kliendi poolt valitud vara ja rendib selle talle;<\/li>\n\n\n\n<li>pangalaen \u2013 nii pika- kui l\u00fchiajalise kestvusega;<\/li>\n\n\n\n<li>tarnija poolt antav krediit \u2013 ettev\u00f5te, kellelt ostetakse tooteid\/teenuseid ei n\u00f5ua nende tasumist kohe ja t\u00e4iel m\u00e4\u00e4ral, vaid annab v\u00f5imaluse maksta osaliselt v\u00f5i t\u00e4ielikult teatavaks makset\u00e4htajaks.<\/li>\n<\/ul>\n<\/li>\n\n\n\n<li>\u00c4riinglite poolt tehtud investeeringutest (<em>business angels<\/em>) \u2013 \u00fcksikisikust investor (vt t\u00e4iendavat infot Eesti \u00c4riinglite Assotsiatsiooni kodulehelt <a href=\"https:\/\/estban.ee\/\">https:\/\/estban.ee\/<\/a>).<\/li>\n\n\n\n<li>\u00dchisrahastuskampaaniate (<em>growd funding<\/em>) raames kogutud rahaga.<\/li>\n\n\n\n<li>Klientide ettemaksetega \u2013 klient teeb tootele\/teenusele ettemakse ja seel\u00e4bi toetab ettev\u00f5tluse alustamist.<\/li>\n\n\n\n<li>Faktooringu vahendusel \u2013 ettev\u00f5tja loovutab n\u00f5uded (arved jm) faktooringuettev\u00f5ttele, saades vastu kohese n\u00f5uete finantseerimise (nt arve makstakse kinni) ja haldusteenuse n\u00f5uete efektiivsemaks kogumiseks.<\/li>\n\n\n\n<li>Muude lahendustega nagu nt laenu-hoiu\u00fchistud, v\u00e4ikelaenugrupid, eraisikute laenud jne.<\/li>\n\n\n\n<li>Toetustega ettev\u00f5tluse alustamiseks (nt Starditoetus (EIS), Ettev\u00f5tluse alustamise toetus (Eesti T\u00f6\u00f6tukassa), Innovatsiooniosak (EIS)).<\/li>\n<\/ol>\n\n\n\n<p>Ettev\u00f5tte tegevusperiood algab toodete v\u00f5i teenuste m\u00fc\u00fcgiga. Ettev\u00f5tte kulud on n\u00fc\u00fcd seotud toodete valmistamisega v\u00f5i teenuste pakkumisega ning ettev\u00f5tte k\u00e4igus hoidmisega. Tulu saadakse toodete v\u00f5i teenuste m\u00fc\u00fcgist ja muudest \u00e4rituludest (reklaamitulu, projektip\u00f5hised sissetulekud jm). Ettev\u00f5tte tootmistegevus v\u00f5i teenuse osutamine on k\u00e4ivitunud, j\u00f5udes sellega ka viimasesse ettev\u00f5tlusprotsessi etappi (Mets jt 2019; Vettik-Leemet ja Mets, 2024).<\/p>\n\n\n\n<p>Pikemas perspektiivis s\u00f5ltub ettev\u00f5tte tasuvus sellest, kas toodete m\u00fc\u00fcgist laekuva sissetuleku arvelt kaetakse k\u00f5ik toodete valmistamise ja ettev\u00f5tte \u00fclalpidamise kulud ning teenitakse kasumit. Samuti peab tegevusest saadud tuludest olema kaetud ettev\u00f5tte k\u00e4ivitusperioodi kulud.<\/p>\n","protected":false},"excerpt":{"rendered":"<p>Ettev\u00f5tte tegevuses v\u00f5ib eristada kahte perioodi: Joonis 13. Ettev\u00f5tte k\u00e4ivitus- ja tegevusperiood K\u00e4ivitamisperioodil toimub ettev\u00f5tte tegevuse ettevalmistamine. K\u00e4ivitamisperioodil kaetakse ettev\u00f5tte kulud ettev\u00f5tte rajajate isiklike s\u00e4\u00e4stude, ettev\u00f5tlustoetuste, laenuraha v\u00f5i muude rahastusallikate arvelt. Ettev\u00f5tlusprotsessi kontekstis j\u00e4\u00e4vad k\u00e4ivitamisperioodi nii \u00e4riidee leidmise, toote- ja &#8230;<\/p>\n","protected":false},"author":3,"featured_media":0,"parent":377,"menu_order":0,"comment_status":"closed","ping_status":"closed","template":"","meta":{"_acf_changed":false,"inline_featured_image":false,"footnotes":""},"class_list":["post-380","page","type-page","status-publish","hentry"],"acf":[],"_links":{"self":[{"href":"https:\/\/sisu.ut.ee\/ettevotlusopik\/wp-json\/wp\/v2\/pages\/380","targetHints":{"allow":["GET"]}}],"collection":[{"href":"https:\/\/sisu.ut.ee\/ettevotlusopik\/wp-json\/wp\/v2\/pages"}],"about":[{"href":"https:\/\/sisu.ut.ee\/ettevotlusopik\/wp-json\/wp\/v2\/types\/page"}],"author":[{"embeddable":true,"href":"https:\/\/sisu.ut.ee\/ettevotlusopik\/wp-json\/wp\/v2\/users\/3"}],"replies":[{"embeddable":true,"href":"https:\/\/sisu.ut.ee\/ettevotlusopik\/wp-json\/wp\/v2\/comments?post=380"}],"version-history":[{"count":11,"href":"https:\/\/sisu.ut.ee\/ettevotlusopik\/wp-json\/wp\/v2\/pages\/380\/revisions"}],"predecessor-version":[{"id":1218,"href":"https:\/\/sisu.ut.ee\/ettevotlusopik\/wp-json\/wp\/v2\/pages\/380\/revisions\/1218"}],"up":[{"embeddable":true,"href":"https:\/\/sisu.ut.ee\/ettevotlusopik\/wp-json\/wp\/v2\/pages\/377"}],"wp:attachment":[{"href":"https:\/\/sisu.ut.ee\/ettevotlusopik\/wp-json\/wp\/v2\/media?parent=380"}],"curies":[{"name":"wp","href":"https:\/\/api.w.org\/{rel}","templated":true}]}}