{"id":302,"date":"2024-04-24T20:26:58","date_gmt":"2024-04-24T17:26:58","guid":{"rendered":"https:\/\/sisu.ut.ee\/ettevotlusopik\/?page_id=302"},"modified":"2025-10-03T15:59:44","modified_gmt":"2025-10-03T12:59:44","slug":"a-6-harjutusulesanne","status":"publish","type":"page","link":"https:\/\/sisu.ut.ee\/ettevotlusopik\/6-turundusplaan\/a-6-harjutusulesanne\/","title":{"rendered":"\u00dclesanded"},"content":{"rendered":"<p><\/p>\n\n\n\n<p>J\u00e4rgnevas \u00fclesandes on v\u00e4lja toodud Nutika N\u00f5ela p\u00f5hilised kliendir\u00fchmad. Viige iga kliendir\u00fchm kokku kanalitega, mida kliendid k\u00f5ige rohkem kasutavad ning mida seet\u00f5ttu v\u00f5iks ettev\u00f5te kasutada igale kliendir\u00fchmale reklaami tegemiseks.<\/p>\n\n\n\n<div class=\"h5p-iframe-wrapper\"><div class=\"video-placeholder-wrapper video-placeholder-wrapper--fixed\" style=\"height: 366px;\">\n\t\t\t    <div class=\"video-placeholder d-flex justify-content-center align-items-center\">\n\t\t\t        <div class=\"overlay text-white p-2 w-100 text-center d-block justify-content-center align-items-center\">\n\t\t\t            <div>Kolmandate osapoolte sisu n\u00e4gemiseks palun n\u00f5ustu k\u00fcpsistega.<\/div>\n\t\t\t            <button class=\"btn btn-secondary btn-sm mt-1 consent-change\">Muuda n\u00f5usolekut<\/button>\n\t\t\t        <\/div>\n\t\t\t    <\/div>\n\t\t\t<\/div>\n<\/div>\n\n\n\n<p><\/p>\n","protected":false},"excerpt":{"rendered":"<p>J\u00e4rgnevas \u00fclesandes on v\u00e4lja toodud Nutika N\u00f5ela p\u00f5hilised kliendir\u00fchmad. Viige iga kliendir\u00fchm kokku kanalitega, mida kliendid k\u00f5ige rohkem kasutavad ning mida seet\u00f5ttu v\u00f5iks ettev\u00f5te kasutada igale kliendir\u00fchmale reklaami tegemiseks.<\/p>\n","protected":false},"author":3,"featured_media":0,"parent":282,"menu_order":0,"comment_status":"closed","ping_status":"closed","template":"","meta":{"_acf_changed":false,"inline_featured_image":false,"footnotes":""},"class_list":["post-302","page","type-page","status-publish","hentry"],"acf":[],"_links":{"self":[{"href":"https:\/\/sisu.ut.ee\/ettevotlusopik\/wp-json\/wp\/v2\/pages\/302","targetHints":{"allow":["GET"]}}],"collection":[{"href":"https:\/\/sisu.ut.ee\/ettevotlusopik\/wp-json\/wp\/v2\/pages"}],"about":[{"href":"https:\/\/sisu.ut.ee\/ettevotlusopik\/wp-json\/wp\/v2\/types\/page"}],"author":[{"embeddable":true,"href":"https:\/\/sisu.ut.ee\/ettevotlusopik\/wp-json\/wp\/v2\/users\/3"}],"replies":[{"embeddable":true,"href":"https:\/\/sisu.ut.ee\/ettevotlusopik\/wp-json\/wp\/v2\/comments?post=302"}],"version-history":[{"count":8,"href":"https:\/\/sisu.ut.ee\/ettevotlusopik\/wp-json\/wp\/v2\/pages\/302\/revisions"}],"predecessor-version":[{"id":989,"href":"https:\/\/sisu.ut.ee\/ettevotlusopik\/wp-json\/wp\/v2\/pages\/302\/revisions\/989"}],"up":[{"embeddable":true,"href":"https:\/\/sisu.ut.ee\/ettevotlusopik\/wp-json\/wp\/v2\/pages\/282"}],"wp:attachment":[{"href":"https:\/\/sisu.ut.ee\/ettevotlusopik\/wp-json\/wp\/v2\/media?parent=302"}],"curies":[{"name":"wp","href":"https:\/\/api.w.org\/{rel}","templated":true}]}}