{"id":51,"date":"2024-04-04T07:56:25","date_gmt":"2024-04-04T04:56:25","guid":{"rendered":"https:\/\/sisu.ut.ee\/etenduskunstid\/kirjandus-5\/"},"modified":"2025-05-06T14:35:17","modified_gmt":"2025-05-06T11:35:17","slug":"kirjandus-5","status":"publish","type":"page","link":"https:\/\/sisu.ut.ee\/etenduskunstid\/kirjandus-5\/","title":{"rendered":"Kirjandus"},"content":{"rendered":"<h3>Soovituslik kirjandus<\/h3>\n<ul>\n<li style=\"margin: 0cm;\"><span style=\"line-height: 150%;\"><span lang=\"FI\"><span style=\"line-height: 150%;\">Edelman, Joshua, Louise Ejgod Hansen, Quirijn van den Hoogen 2017. <\/span><\/span><i><span lang=\"EN-GB\"><span style=\"line-height: 150%;\">The Problem of Theatrical Autonomy. Analysing Theatre as a Social Practice<\/span><\/span><\/i><span lang=\"EN-GB\"><span style=\"line-height: 150%;\">. Amsterdam: Amsterdam University Press.<\/span><\/span><\/span><\/li>\n<li style=\"margin: 0cm;\"><span style=\"line-height: 150%;\"><i><span lang=\"EN-GB\"><span style=\"line-height: 150%;\">Interaktsioonid. Eesti teater ja \u00fchiskond aastail 1985\u20132010<\/span><\/span><\/i><span lang=\"EN-GB\"><span style=\"line-height: 150%;\">. 2010. Tartu: Tartu \u00dclikool.<\/span><\/span><\/span><\/li>\n<li style=\"margin: 0cm;\"><span style=\"line-height: 150%;\"><span lang=\"EN-GB\"><span style=\"line-height: 150%;\">Karulin, Ott 2013. <i>Rakvere Teater \u201et\u00e4ism\u00e4ngude\u201c otsinguil aastail 1985\u20132009<\/i>. Doktorit\u00f6\u00f6. <\/span><\/span><span lang=\"EN-US\"><span style=\"line-height: 150%;\">Tartu: Tartu \u00dclikooli Kirjastus.<\/span><\/span><\/span><\/li>\n<li style=\"margin: 0cm;\"><span style=\"line-height: 150%;\"><span lang=\"EN-GB\"><span style=\"line-height: 150%;\">Toome, Hedi-Liis 2015. <i>The Functioning of Theatre in the City of Tartu: A Comparative Perspective<\/i>. <\/span><\/span><span lang=\"FI\"><span style=\"line-height: 150%;\">Doktorit\u00f6\u00f6. Tartu: Tartu \u00dclikooli Kirjastus.<\/span><\/span><\/span><\/li>\n<li style=\"margin: 0cm;\"><span style=\"line-height: 150%;\"><span lang=\"FI\"><span style=\"line-height: 150%;\">Van Maanen, Hans 2009. <i>How to Study Artworlds? <\/i><\/span><\/span><i><span lang=\"EN-GB\"><span style=\"line-height: 150%;\">On the Societal Functioning of Aesthetic Values<\/span><\/span><\/i><span lang=\"EN-GB\"><span style=\"line-height: 150%;\">. Amsterdam: Amsterdam University Press.<\/span><\/span><\/span><\/li>\n<\/ul>\n<h3>Viidatud kirjandus<\/h3>\n<ul>\n<li style=\"margin-bottom: 0cm; margin-top: 0cm;\"><span style=\"line-height: 150%;\"><span lang=\"EN-GB\"><span style=\"line-height: 150%;\">Belfiore, Eleonora, Bennett Oliver 2010. <i>The Social Impact of the Arts. An Intellectual History<\/i>. <span style=\"color: #222222;\">Basingstoke, New York:<\/span> Palgrave Macmillan.<\/span><\/span><\/span><\/li>\n<li style=\"margin-bottom: 0cm; margin-top: 0cm;\"><span style=\"line-height: 150%;\"><span lang=\"EN-GB\"><span style=\"line-height: 150%;\">Bennett, Susan 1990. <i>Theatre Audiences: A Theory of Production and Reception<\/i>. London, New York: Routledge.<\/span><\/span><\/span><\/li>\n<li style=\"margin-bottom: 0cm; margin-top: 0cm;\"><span style=\"line-height: 150%;\"><span lang=\"EN-GB\"><span style=\"line-height: 150%;\">Bourdieu, Pierre 1984. <i>Distinction: A Social Critique of the Judgement of Taste<\/i>. Cambridge: Harvard University Press.<\/span><\/span><\/span><\/li>\n<li style=\"margin-bottom: 0cm; margin-top: 0cm;\"><span style=\"line-height: 150%;\"><span lang=\"EN-GB\"><span style=\"line-height: 150%;\">Bourdieu, Pierre 1993. <i>The Field of Cultural Production. <\/i><\/span><\/span><i><span lang=\"EN-GB\"><span style=\"line-height: 150%;\"><span style=\"color: #222222;\">Essays on Art and Literature<\/span><\/span><\/span><\/i><span lang=\"EN-GB\"><span style=\"line-height: 150%;\"><span style=\"color: #222222;\">.<\/span> New York: Columbia University Press.<\/span><\/span><\/span><\/li>\n<li style=\"margin-bottom: 0cm; margin-top: 0cm;\"><span style=\"line-height: 150%;\"><span lang=\"EN-GB\"><span style=\"line-height: 150%;\">Bourdieu, Pierre 2003. <i>Praktilised p\u00f5hjused. Teoteooriast<\/i>. <\/span><\/span><span lang=\"FI\"><span style=\"line-height: 150%;\">Tallinn: T\u00e4nap\u00e4ev.<\/span><\/span><\/span><\/li>\n<li style=\"margin-bottom: 0cm; margin-top: 0cm;\"><span style=\"line-height: 150%;\"><span lang=\"FI\"><span style=\"line-height: 150%;\">Edelman, Joshua, Louise Ejgod Hansen, Quirijn van den Hoogen 2017. <\/span><\/span><i><span lang=\"EN-GB\"><span style=\"line-height: 150%;\">The Problem of Theatrical Autonomy. Analysing Theatre as a Social Practice<\/span><\/span><\/i><span lang=\"EN-GB\"><span style=\"line-height: 150%;\">. Amsterdam: Amsterdam University Press.<\/span><\/span><\/span><\/li>\n<li style=\"margin-bottom: 0cm; margin-top: 0cm;\"><span style=\"line-height: 150%;\"><span lang=\"EN-GB\"><span style=\"line-height: 150%;\">Einasto, Heili, Evelin Lagle 2018. Path Dependency in Theatre Funding: Venues and their Impact on Dance Productions in Estonia. \u2013 <i>Nordic Theatre Studies<\/i>, Vol. 30, No. 1, lk 55\u201371. <\/span><\/span><\/span><\/li>\n<li style=\"margin-bottom: 0cm; margin-top: 0cm;\"><span style=\"line-height: 150%;\"><span lang=\"FI\"><span style=\"line-height: 150%;\">Karulin, Ott 2013. <i>Rakvere Teater \u201et\u00e4ism\u00e4ngude\u201cotsinguil aastail 1985\u20132009<\/i>. Doktorit\u00f6\u00f6. Tartu: Tartu \u00dclikooli Kirjastus.<\/span><\/span><\/span><\/li>\n<li style=\"margin-bottom: 0cm; margin-top: 0cm;\"><span style=\"line-height: 150%;\"><span lang=\"FI\"><span style=\"line-height: 150%;\">Kask, Karin, Lilian Vellerand 1980. <i>Inimesed teatrisaalis<\/i>. Tallinn: Perioodika.<\/span><\/span><\/span><\/li>\n<li style=\"margin-bottom: 0cm; margin-top: 0cm;\"><span style=\"line-height: 150%;\"><span lang=\"FI\"><span style=\"line-height: 150%;\">Kivir\u00e4hk, Juhan 2016. <i>Teatri roll ja positsioon \u00fchiskonnas<\/i>. <\/span><\/span><span lang=\"EN-GB\"><span style=\"line-height: 150%;\">Turu-uuringute AS, http:\/\/www.eeteal.ee\/sisu\/326_1129Teatri_Poisytsioon.pdf.<\/span><\/span><\/span><\/li>\n<li style=\"margin-bottom: 0cm; margin-top: 0cm;\"><span style=\"line-height: 150%;\"><i><span lang=\"FI\"><span style=\"line-height: 150%;\">Kultuuri arengukava 2021\u20132030<\/span><\/span><\/i><span lang=\"FI\"><span style=\"line-height: 150%;\">. Kultuuriministeeriumi koduleht, https:\/\/www.kul.ee\/kultuur2030.<\/span><\/span><\/span><\/li>\n<li style=\"margin-bottom: 0cm; margin-top: 0cm;\"><span style=\"line-height: 150%;\"><span style=\"line-height: 150%;\">Saro, Anneli 2010. Eesti teatris\u00fcsteemi d\u00fcnaamika. \u2013 <i>Interaktsioonid. Eesti teater ja \u00fchiskond aastail 1985\u20132010<\/i>. Tartu: Tartu \u00dclikooli Kirjastus, lk 8\u201336.<\/span><\/span><\/li>\n<li style=\"margin-bottom: 0cm; margin-top: 0cm;\"><span style=\"line-height: 150%;\"><span style=\"line-height: 150%;\">Sauter, Willmar 2000. <i>The Theatrical Event.<\/i><\/span><i> <\/i><i><span style=\"line-height: 150%;\">Dynamics of Performance and Perception<\/span><\/i><span style=\"line-height: 150%;\">. Iowa City: University of Iowa Press.<\/span><\/span><\/li>\n<li style=\"margin-bottom: 0cm; margin-top: 0cm;\"><span style=\"line-height: 150%;\"><span style=\"line-height: 150%;\">Sauter, Willmar 2008. <i>eventness: A Concept of the Theatrical Event<\/i>. Stockholm: STUTS.<\/span><\/span><\/li>\n<li style=\"margin-bottom: 0cm; margin-top: 0cm;\"><span style=\"line-height: 150%;\"><span style=\"line-height: 150%;\">Sauter, Willmar 2011. Teatris\u00fcndmus \u2013 mis see on? \u2013 <i>Valitud artikleid teatriuurimisest<\/i>. Tartu: Tartu \u00dclikooli Kirjastus, lk 173-187.<\/span><\/span><\/li>\n<li style=\"margin-bottom: 0cm; margin-top: 0cm;\"><span style=\"line-height: 150%;\"><span style=\"line-height: 150%;\">Shevtsova, Maria 1989. The Sociology of the Theatre. Part One: Problems and Perspectives. \u2013 <i>New Theatre Quarterly<\/i>, Vol. 5, Issue 17, lk 23\u201335.<\/span><\/span><\/li>\n<li style=\"margin-bottom: 0cm; margin-top: 0cm;\"><span style=\"line-height: 150%;\"><i><span style=\"line-height: 150%;\">Sotsiaalse anal\u00fc\u00fcsi ja meetodite ja metodoloogia andmebaas<\/span><\/i><span style=\"line-height: 150%;\">. Tartu \u00dclikooli veebileht, https:\/\/sisu.ut.ee\/samm\/.<\/span><\/span><\/li>\n<li style=\"margin-bottom: 0cm; margin-top: 0cm;\"><span style=\"line-height: 150%;\"><span style=\"line-height: 150%;\">Tilk, Margaret 2021. Tahad olla etenduskunstnik? Kaota eraelu. \u2013 <i>Teater. Muusika. Kino<\/i>, nr 11. <\/span><\/span><\/li>\n<li style=\"margin-bottom: 0cm; margin-top: 0cm;\"><span style=\"line-height: 150%;\"><span style=\"line-height: 150%;\">Toome, Hedi-Liis 2013. Teatrist Tartus, rahvusvaheliselt. \u2013 Metodoloogilisi k\u00fcsimusi rahvusvahelises v\u00f5rdlusuuringus. \u2013 <i>Eesti teatriteaduse perspektiivid. Studia litteraria Estonica 13<\/i>. Tartu: Tartu \u00dclikooli Kirjastus, lk 55\u221282. <\/span><\/span><\/li>\n<li style=\"margin-bottom: 0cm; margin-top: 0cm;\"><span style=\"line-height: 150%;\"><span style=\"line-height: 150%;\">Toome, Hedi-Liis 2015. <i>The Functioning of Theatre in the City of Tartu: A Comparative Perspective<\/i>. Doktorit\u00f6\u00f6. Tartu: Tartu \u00dclikooli Kirjastus.<\/span><\/span><\/li>\n<li style=\"margin-bottom: 0cm; margin-top: 0cm;\"><span style=\"line-height: 150%;\"><span style=\"line-height: 150%;\">Toome, Hedi-Liis, Anneli Saro 2015. Theatre Production and Distribution in Different European Cities. \u2013 <i>Amfiteater. Journal of Performing Arts Theory<\/i>, No. 3, lk 256\u2212279.<\/span><\/span><\/li>\n<li style=\"margin-bottom: 0cm; margin-top: 0cm;\"><span style=\"line-height: 150%;\"><span style=\"line-height: 150%;\">Van den Hoogen, Quirijn Lennert, Florine Jonker 2018. Values in Cultural Policy Making: Political Values and Polici Advice. \u2013 <i>Cultural Policy in the Polder: 25 Years Dutch Cultural Policy Act<\/i>. Amsterdam: Amsterdam University Press, lk 107\u2013130.<\/span><\/span><\/li>\n<li style=\"margin-bottom: 0cm; margin-top: 0cm;\"><span style=\"line-height: 150%;\"><span style=\"line-height: 150%;\">Van Maanen, Hans 2009. <i>How to Study Artworlds? On the Societal Functioning of Aesthetic Values<\/i>. Amsterdam: Amsterdam University Press.<\/span><\/span><\/li>\n<\/ul>\n","protected":false},"excerpt":{"rendered":"<p>Soovituslik kirjandus Edelman, Joshua, Louise Ejgod Hansen, Quirijn van den Hoogen 2017. The Problem of Theatrical Autonomy. Analysing Theatre as a Social Practice. Amsterdam: Amsterdam University Press. Interaktsioonid. Eesti teater ja \u00fchiskond aastail 1985\u20132010. 2010. Tartu: Tartu \u00dclikool. Karulin, Ott &#8230;<\/p>\n","protected":false},"author":6,"featured_media":0,"parent":0,"menu_order":0,"comment_status":"closed","ping_status":"closed","template":"","meta":{"_acf_changed":false,"inline_featured_image":false,"footnotes":""},"class_list":["post-51","page","type-page","status-publish","hentry"],"acf":[],"_links":{"self":[{"href":"https:\/\/sisu.ut.ee\/etenduskunstid\/wp-json\/wp\/v2\/pages\/51","targetHints":{"allow":["GET"]}}],"collection":[{"href":"https:\/\/sisu.ut.ee\/etenduskunstid\/wp-json\/wp\/v2\/pages"}],"about":[{"href":"https:\/\/sisu.ut.ee\/etenduskunstid\/wp-json\/wp\/v2\/types\/page"}],"author":[{"embeddable":true,"href":"https:\/\/sisu.ut.ee\/etenduskunstid\/wp-json\/wp\/v2\/users\/6"}],"replies":[{"embeddable":true,"href":"https:\/\/sisu.ut.ee\/etenduskunstid\/wp-json\/wp\/v2\/comments?post=51"}],"version-history":[{"count":2,"href":"https:\/\/sisu.ut.ee\/etenduskunstid\/wp-json\/wp\/v2\/pages\/51\/revisions"}],"predecessor-version":[{"id":623,"href":"https:\/\/sisu.ut.ee\/etenduskunstid\/wp-json\/wp\/v2\/pages\/51\/revisions\/623"}],"wp:attachment":[{"href":"https:\/\/sisu.ut.ee\/etenduskunstid\/wp-json\/wp\/v2\/media?parent=51"}],"curies":[{"name":"wp","href":"https:\/\/api.w.org\/{rel}","templated":true}]}}