{"id":46,"date":"2024-04-04T07:56:25","date_gmt":"2024-04-04T04:56:25","guid":{"rendered":"https:\/\/sisu.ut.ee\/etenduskunstid\/kirjandus-0\/"},"modified":"2024-04-04T08:00:34","modified_gmt":"2024-04-04T05:00:34","slug":"kirjandus-0","status":"publish","type":"page","link":"https:\/\/sisu.ut.ee\/etenduskunstid\/kirjandus-0\/","title":{"rendered":"Kirjandus"},"content":{"rendered":"<h3>\n\tSoovituslik kirjandus<br>\n<\/h3>\n<ul>\n<li>\n\t\tEpner, Luule 2013. Kuidas kirjutada teatriajalugu? \u2013 <i>Eesti teatriteaduse perspektiivid<\/i>. Tartu: Tartu \u00dclikooli Kirjastus, lk 26\u201339.\n\t<\/li>\n<li>\n\t\tFischer-Lichte, Erika 2011. Teatrihistoriograafia ja etenduse anal\u00fc\u00fcs: erinevad valdkonnad, \u00fchised l\u00e4henemisviisid? \u2013 <i>Valitud artikleid teatriuurimisest<\/i>. Tartu: Tartu \u00dclikooli Kirjastus, lk 55\u201368.\n\t<\/li>\n<li>\n\t\tJ\u00e4\u00e4ts, Liina 2002. Jutustades lugusid olematuse muutumisest. \u2013 <i>Teatri ja teaduse vahel. <\/i>Tartu: Tartu \u00dclikool.\n\t<\/li>\n<li>\n\t\tPappel, Kristel 2004. Muusikateater \u2013 t\u00fclikas uurimisobjekt. \u2013 <i>M\u00f5eldes muusikast. Sissevaateid muusikateadusesse.<\/i> Tallinn: Varrak, lk 413\u2013428.\n\t<\/li>\n<li>\n\t\tReason, Matthew 2011. Dokumenteerimine ja kaduvus. \u2013 <i>Valitud artikleid teatriuurimisest<\/i>. Tartu: Tartu \u00dclikooli Kirjastus, lk 211\u2013232.\n\t<\/li>\n<\/ul>\n<h3>\n\tViidatud kirjandus<br>\n<\/h3>\n<ul>\n<li>\n\t\tBalme, Christopher B. 2008. <i>The Cambridge Introduction to Theatre Studies<\/i>. Cambridge: Cambridge University Press.\n\t<\/li>\n<li>\n\t\tJenkins, Keith [1991] 2003. <i>Re-thinking History<\/i>. London, New York: Routledge.\n\t<\/li>\n<li>\n\t\tKarjah\u00e4rm, Toomas 2010. <i>Oleviku minevikud. Ajaloolase k\u00e4siraamat<\/i>. Tallinn: Argo.\n\t<\/li>\n<li>\n\t\tNeimar, Reet; Luule Epner 2015. Teatriprotsess \u00fcldvaates: teatrikeele uuenemine. \u2013 <i>Eesti s\u00f5nateater 1965\u20131985. I k\u00f6ide<\/i>. Tallinn: EMTA Lavakunstikool, Eesti Teatriliit, Eesti TA Underi ja Tuglase Kirjanduskeskus, lk 84\u2013165.\n\t<\/li>\n<li>\n\t\tNellhaus, Tobin et al. 2016. <i>Theatre Histories: An Introduction.<\/i> New York, London: Routledge.\n\t<\/li>\n<li>\n\t\tPanso, Voldemar 2006 [1973]. Lavastuse s\u00fcnd. \u2013 <i>\u201eTants aurukatla \u00fcmber\u201c 1973. Dokumendikogumik Draamateatri lavastusest. <\/i>Koost. Lilian Vellerand. Tallinn: Eesti Teatriliit, lk 13\u201320.\n\t<\/li>\n<li>\n\t\tPappel, Kristel 2004. Muusikateater \u2013 t\u00fclikas uurimisobjekt. \u2013 <i>M\u00f5eldes muusikast. Sissevaateid muusikateadusesse.<\/i> Tallinn: Varrak, lk 413\u2013428.\n\t<\/li>\n<li>\n\t\tPostlewait, Thomas 2009. <i>The Cambridge Introduction to Theatre Historiography.<\/i> Cambridge: Cambridge University Press.\n\t<\/li>\n<li>\n\t\tVellerand, Lilian 2006. <i>\u201eTants aurukatla \u00fcmber\u201c 1973. Dokumendikogumik Draamateatri lavastusest. <\/i>Tallinn: Eesti Teatriliit.\n\t<\/li>\n<li>\n\t\tWoods, Alan 2011. Avangardi r\u00f5hutades. \u2013 <i>Valitud artikleid teatriuurimisest. <\/i>Tartu: Tartu \u00dclikooli Kirjastus, lk 41\u201352.\n\t<\/li>\n<\/ul>\n","protected":false},"excerpt":{"rendered":"<p>Soovituslik kirjandus Epner, Luule 2013. Kuidas kirjutada teatriajalugu? \u2013 Eesti teatriteaduse perspektiivid. Tartu: Tartu \u00dclikooli Kirjastus, lk 26\u201339. Fischer-Lichte, Erika 2011. Teatrihistoriograafia ja etenduse anal\u00fc\u00fcs: erinevad valdkonnad, \u00fchised l\u00e4henemisviisid? \u2013 Valitud artikleid teatriuurimisest. Tartu: Tartu \u00dclikooli Kirjastus, lk 55\u201368. J\u00e4\u00e4ts, &#8230;<\/p>\n","protected":false},"author":6,"featured_media":0,"parent":0,"menu_order":0,"comment_status":"closed","ping_status":"closed","template":"","meta":{"_acf_changed":false,"inline_featured_image":false,"footnotes":""},"class_list":["post-46","page","type-page","status-publish","hentry"],"acf":[],"_links":{"self":[{"href":"https:\/\/sisu.ut.ee\/etenduskunstid\/wp-json\/wp\/v2\/pages\/46","targetHints":{"allow":["GET"]}}],"collection":[{"href":"https:\/\/sisu.ut.ee\/etenduskunstid\/wp-json\/wp\/v2\/pages"}],"about":[{"href":"https:\/\/sisu.ut.ee\/etenduskunstid\/wp-json\/wp\/v2\/types\/page"}],"author":[{"embeddable":true,"href":"https:\/\/sisu.ut.ee\/etenduskunstid\/wp-json\/wp\/v2\/users\/6"}],"replies":[{"embeddable":true,"href":"https:\/\/sisu.ut.ee\/etenduskunstid\/wp-json\/wp\/v2\/comments?post=46"}],"version-history":[{"count":1,"href":"https:\/\/sisu.ut.ee\/etenduskunstid\/wp-json\/wp\/v2\/pages\/46\/revisions"}],"predecessor-version":[{"id":453,"href":"https:\/\/sisu.ut.ee\/etenduskunstid\/wp-json\/wp\/v2\/pages\/46\/revisions\/453"}],"wp:attachment":[{"href":"https:\/\/sisu.ut.ee\/etenduskunstid\/wp-json\/wp\/v2\/media?parent=46"}],"curies":[{"name":"wp","href":"https:\/\/api.w.org\/{rel}","templated":true}]}}