{"id":44,"date":"2024-09-05T17:07:05","date_gmt":"2024-09-05T14:07:05","guid":{"rendered":"https:\/\/sisu.ut.ee\/estwell\/?page_id=44"},"modified":"2024-09-09T14:35:18","modified_gmt":"2024-09-09T11:35:18","slug":"mis-on-heaolu","status":"publish","type":"page","link":"https:\/\/sisu.ut.ee\/estwell\/mis-on-heaolu\/","title":{"rendered":"Mis on heaoluteadused"},"content":{"rendered":"<p><\/p>\n\n\n\n<p>Heaoluteadus on <strong>teadusdistsipliin<\/strong>, mis annab olulise panuse inimese heaolu m\u00f5istmisse.\u00a0\u00a0<\/p>\n\n\n\n<p>Heaoluteaduseks ainsuses v\u00f5ib nimetada <strong>interdistsiplinaarset<\/strong> uurimist\u00f6\u00f6d, mis kirjeldab indiviidist ja kontekstist moodustavaid\u00a0bio-ps\u00fchho-sotsiaalseid komplekss\u00fcsteeme, mis heaolu p\u00f5hjustavad.\u00a0<\/p>\n\n\n\n<p>Heaolu on\u00a0elu kvaliteet erinevates valdkondades objektiivses ja eriti subjektiivses m\u00f5ttes.\u00a0Selle m\u00f5istmiseks on vaja teaduslikult m\u00f5ista inimese\u00a0ps\u00fc\u00fchikat ja keha ning tema sotsiaalset ja ruumilist konteksti.\u00a0Heaolu suurendamine vajab eri teadusvaldkondi \u00fchendavat l\u00e4henemist, sest see s\u00f5ltub paljudest inimese ja tema elukeskkonna teguritest bioloogilisel, ps\u00fchholoogilisel ja sotsiaalsel anal\u00fc\u00fcsitasemel, moodustades komplekss\u00fcsteemi.<\/p>\n\n\n\n<figure class=\"wp-block-image size-large is-resized\"><img loading=\"lazy\" decoding=\"async\" width=\"1024\" height=\"559\" src=\"https:\/\/sisu.ut.ee\/wp-content\/uploads\/sites\/781\/HTTK-1024x559.png\" alt=\"\" class=\"wp-image-107\" style=\"width:626px;height:auto\" srcset=\"https:\/\/sisu.ut.ee\/wp-content\/uploads\/sites\/781\/HTTK-1024x559.png 1024w, https:\/\/sisu.ut.ee\/wp-content\/uploads\/sites\/781\/HTTK-300x164.png 300w, https:\/\/sisu.ut.ee\/wp-content\/uploads\/sites\/781\/HTTK-768x419.png 768w, https:\/\/sisu.ut.ee\/wp-content\/uploads\/sites\/781\/HTTK-1536x839.png 1536w, https:\/\/sisu.ut.ee\/wp-content\/uploads\/sites\/781\/HTTK-2048x1118.png 2048w, https:\/\/sisu.ut.ee\/wp-content\/uploads\/sites\/781\/HTTK-1920x1048.png 1920w\" sizes=\"auto, (max-width: 1024px) 100vw, 1024px\"><\/figure>\n\n\n\n<p>Heaolu peegeldab, kuidas on rahuldatud inimeste p\u00f5hivajadused. Selle suurendamine \u00fchiskonnas on nii eesm\u00e4rk omaette kui ka vahend, mis toetab majandusarengut, demokraatiat, s\u00e4ilen\u00f5tkust ja teisi \u00fchiskondlikke v\u00e4\u00e4rtusi. <\/p>\n\n\n\n<p>Tippkeskuse teadlased uurivad:\u00a0<\/p>\n\n\n\n<p>Kuidas inimestes emotsioonid tekivad ning kuidas s\u00e4ilitada vaimset ja f\u00fc\u00fcsilist rahulolu?\u00a0<\/p>\n\n\n\n<p>Millised bio-ps\u00fchholoogilised ja sotsiaal-ruumilised omadused on seotud heaolu p\u00fcsivamate komponentidega, n\u00e4iteks eluga rahulolu?\u00a0<\/p>\n\n\n\n<p>Kuidas inimesed ise enda heaolu m\u00f5testavad ja juhtida saavad?<\/p>\n\n\n\n<p>Kuidas saab inimeste heaolu parandada tervishoius ning mis rolli m\u00e4ngivad selles tervisetehnoloogiad?<\/p>\n\n\n\n<p>Kuidas heaolu isikustatud ja kohandatud sekkumistega edendada?<\/p>\n","protected":false},"excerpt":{"rendered":"<p>Heaoluteadus on teadusdistsipliin, mis annab olulise panuse inimese heaolu m\u00f5istmisse.\u00a0\u00a0 Heaoluteaduseks ainsuses v\u00f5ib nimetada interdistsiplinaarset uurimist\u00f6\u00f6d, mis kirjeldab indiviidist ja kontekstist moodustavaid\u00a0bio-ps\u00fchho-sotsiaalseid komplekss\u00fcsteeme, mis heaolu p\u00f5hjustavad.\u00a0 Heaolu on\u00a0elu kvaliteet erinevates valdkondades objektiivses ja eriti subjektiivses m\u00f5ttes.\u00a0Selle m\u00f5istmiseks on vaja teaduslikult &#8230;<\/p>\n","protected":false},"author":608,"featured_media":0,"parent":0,"menu_order":0,"comment_status":"closed","ping_status":"closed","template":"","meta":{"_acf_changed":false,"inline_featured_image":false,"footnotes":""},"class_list":["post-44","page","type-page","status-publish","hentry"],"acf":[],"_links":{"self":[{"href":"https:\/\/sisu.ut.ee\/estwell\/wp-json\/wp\/v2\/pages\/44","targetHints":{"allow":["GET"]}}],"collection":[{"href":"https:\/\/sisu.ut.ee\/estwell\/wp-json\/wp\/v2\/pages"}],"about":[{"href":"https:\/\/sisu.ut.ee\/estwell\/wp-json\/wp\/v2\/types\/page"}],"author":[{"embeddable":true,"href":"https:\/\/sisu.ut.ee\/estwell\/wp-json\/wp\/v2\/users\/608"}],"replies":[{"embeddable":true,"href":"https:\/\/sisu.ut.ee\/estwell\/wp-json\/wp\/v2\/comments?post=44"}],"version-history":[{"count":8,"href":"https:\/\/sisu.ut.ee\/estwell\/wp-json\/wp\/v2\/pages\/44\/revisions"}],"predecessor-version":[{"id":111,"href":"https:\/\/sisu.ut.ee\/estwell\/wp-json\/wp\/v2\/pages\/44\/revisions\/111"}],"wp:attachment":[{"href":"https:\/\/sisu.ut.ee\/estwell\/wp-json\/wp\/v2\/media?parent=44"}],"curies":[{"name":"wp","href":"https:\/\/api.w.org\/{rel}","templated":true}]}}