{"id":2,"date":"2024-08-16T09:03:08","date_gmt":"2024-08-16T09:03:08","guid":{"rendered":"https:\/\/sisu.ut.ee\/estwell\/?page_id=2"},"modified":"2026-04-26T17:54:59","modified_gmt":"2026-04-26T14:54:59","slug":"demoleht","status":"publish","type":"page","link":"https:\/\/sisu.ut.ee\/estwell\/","title":{"rendered":"Heaoluteaduste tippkeskus EstWell"},"content":{"rendered":"<p class=\"has-text-align-left\"><\/p>\n\n\n\n<figure class=\"wp-block-image size-full is-resized\"><img loading=\"lazy\" decoding=\"async\" width=\"2560\" height=\"952\" src=\"https:\/\/sisu.ut.ee\/wp-content\/uploads\/sites\/781\/HTTK-avaseminar-Parnu_StellaTaht_vaike-1-scaled.jpg\" alt=\"\" class=\"wp-image-103\" style=\"width:1800px\" srcset=\"https:\/\/sisu.ut.ee\/wp-content\/uploads\/sites\/781\/HTTK-avaseminar-Parnu_StellaTaht_vaike-1-scaled.jpg 2560w, https:\/\/sisu.ut.ee\/wp-content\/uploads\/sites\/781\/HTTK-avaseminar-Parnu_StellaTaht_vaike-1-300x112.jpg 300w, https:\/\/sisu.ut.ee\/wp-content\/uploads\/sites\/781\/HTTK-avaseminar-Parnu_StellaTaht_vaike-1-1024x381.jpg 1024w, https:\/\/sisu.ut.ee\/wp-content\/uploads\/sites\/781\/HTTK-avaseminar-Parnu_StellaTaht_vaike-1-768x285.jpg 768w, https:\/\/sisu.ut.ee\/wp-content\/uploads\/sites\/781\/HTTK-avaseminar-Parnu_StellaTaht_vaike-1-1536x571.jpg 1536w, https:\/\/sisu.ut.ee\/wp-content\/uploads\/sites\/781\/HTTK-avaseminar-Parnu_StellaTaht_vaike-1-2048x761.jpg 2048w, https:\/\/sisu.ut.ee\/wp-content\/uploads\/sites\/781\/HTTK-avaseminar-Parnu_StellaTaht_vaike-1-1920x714.jpg 1920w\" sizes=\"auto, (max-width: 2560px) 100vw, 2560px\"><\/figure>\n\n\n\n<p><a href=\"https:\/\/youtu.be\/SyesLXJtqPc?t=10140\" target=\"_blank\" rel=\"noreferrer noopener\">Heaoluteaduste tippkeskus<\/a> on erialasid l\u00f5imiva tippteaduse katal\u00fcsaator.\u00a0Tippkeskus toob afektiivps\u00fchholoogia professori\u00a0<strong>Andero Uusbergi\u00a0<\/strong>juhtimisel kokku inimest ja tema tegutsemise kontekste uurivad sotsiaal- ja k\u00e4itumisteadlased ning tehnika- ja loodusteadlased, et leida uusi viise inimeste heaolu m\u00f5\u00f5tmiseks, m\u00f5istmiseks ning m\u00f5jutamiseks.<\/p>\n\n\n\n<p>Keskuses saavad kokku <strong>Tartu \u00dclikooli<\/strong>, <strong>Tallinna \u00dclikooli<\/strong> ja <strong>Tallinna Tehnika\u00fclikooli<\/strong> mitmete instituutide t\u00f6\u00f6tajad ja \u00fcli\u00f5pilased, kuid keskus ise\u00a0ei ole asutus ega struktuuri\u00fcksus. 2025. aasta algusest on tippkeskuse liikmeskonnaga liitunud ka <strong>Tervise Arengu Instituut<\/strong>.<\/p>\n\n\n\n<p><a href=\"https:\/\/hm.ee\/uudised\/haridus-ja-teadusminister-kinnitas-eesti-teaduse-tippkeskused-jargmiseks-seitsmeks-aastaks\">Teaduse tippkeskused<\/a> \u00fchendavad l\u00e4hedaste uurimisteemadega tegelevaid k\u00f5rgetasemelisi teadusr\u00fchmi, et teha rahvusvahelist tippteadust\u00f6\u00f6d ning arendada ja rakendada uuenduslikke ideid. Tippkeskused loovad eeldusi Eesti teaduse koost\u00f6\u00f6- ja konkurentsiv\u00f5ime tugevdamiseks Euroopa teadusruumis.\u00a0\u00a0\u00a0<\/p>\n\n\n\n<p>Tippkeskuste t\u00f6\u00f6d toetab Eesti riigi eelarvest Haridus- ja Teadusministeerium.\u00a0<\/p>\n\n\n<h3 class=\"wp-block-site-tagline has-extra-large-font-size\">Viimased kajastused<\/h3>\n\n\n<div class=\"wp-block-columns is-layout-flex wp-container-core-columns-is-layout-9d6595d7 wp-block-columns-is-layout-flex\">\n<div class=\"wp-block-column is-layout-flow wp-block-column-is-layout-flow\"><section class=\"page-cards-block page-section page-section--wide\">\n    <h2 class=\"visually-hidden\">Lehed<\/h2>\n    <div class=\"container-fluid g-0\">\n      <div class=\"row g-0\">\n                  <div class=\"col-12\">\n            <div class=\"page-card d-flex justify-content-center align-items-end w-100 position-relative\" style=\"background-image: url(https:\/\/sisu.ut.ee\/wp-content\/uploads\/sites\/781\/Screenshot-2026-04-26-at-17.46.52.png);\">\n  <div class=\"page-card__content text-center w-100 p-2 p-lg-4\">\n          <h3 class=\"h4 text-white mb-2\">Kuku hommikuraadio: Rainer Mere. Kuidas kevade tulek depressioonis inimest m\u00f5jutab<\/h3>\n        <a href=\"https:\/\/kuku.pleier.ee\/podcast\/hommikuraadio\/299903\" class=\"btn btn-outline-light btn-icon\" target=\"_blank\">Loe l\u00e4hemalt<\/a>\n  <\/div>\n<\/div>\n          <\/div>\n              <\/div>\n    <\/div>\n  <\/section>\n<\/div>\n\n\n\n<div class=\"wp-block-column is-layout-flow wp-block-column-is-layout-flow\"><section class=\"page-cards-block page-section page-section--wide\">\n    <h2 class=\"visually-hidden\">Lehed<\/h2>\n    <div class=\"container-fluid g-0\">\n      <div class=\"row g-0\">\n                  <div class=\"col-12\">\n            <div class=\"page-card d-flex justify-content-center align-items-end w-100 position-relative\" style=\"background-image: url(https:\/\/sisu.ut.ee\/wp-content\/uploads\/sites\/781\/Screenshot-2026-04-26-at-17.43.56.png);\">\n  <div class=\"page-card__content text-center w-100 p-2 p-lg-4\">\n          <h3 class=\"h4 text-white mb-2\">Terevisioon: T\u00dc geenivaramu korraldab teist korda \u00fcht Eesti ajaloo suurimat uuringut<\/h3>\n        <a href=\"https:\/\/jupiter.err.ee\/1609988079\/tu-geenivaramu-korraldab-teist-korda-uht-eesti-ajaloo-suurimat-uuringut?fbclid=IwY2xjawRbBCVleHRuA2FlbQIxMABicmlkETBJenkweldUUWJsTlNBNnlyc3J0YwZhcHBfaWQQMjIyMDM5MTc4ODIwMDg5MgABHi67-T1TcQrmQFI71CzWz_n-WEYKX_X6hiQ3nAYmZrVRczPW2QLHjtWVALvE_aem_rPwLT3DMJULLKouxUnrKEg\" class=\"btn btn-outline-light btn-icon\" target=\"_blank\">Loe l\u00e4hemalt<\/a>\n  <\/div>\n<\/div>\n          <\/div>\n              <\/div>\n    <\/div>\n  <\/section>\n<\/div>\n\n\n\n<div class=\"wp-block-column is-layout-flow wp-block-column-is-layout-flow\"><section class=\"page-cards-block page-section page-section--wide\">\n    <h2 class=\"visually-hidden\">Lehed<\/h2>\n    <div class=\"container-fluid g-0\">\n      <div class=\"row g-0\">\n                  <div class=\"col-12\">\n            <div class=\"page-card d-flex justify-content-center align-items-end w-100 position-relative\" style=\"background-image: url(https:\/\/sisu.ut.ee\/wp-content\/uploads\/sites\/781\/Screenshot-2026-04-26-at-17.45.25.png);\">\n  <div class=\"page-card__content text-center w-100 p-2 p-lg-4\">\n          <h3 class=\"h4 text-white mb-2\">Pirko T\u00f5ugu: Ettev\u00f5tlikkusp\u00e4devus<\/h3>\n        <a href=\"https:\/\/open.spotify.com\/episode\/6LQtSaV5uqih3YnnnfpH58?si=c2b9fa19a19f4447&amp;fbclid=IwY2xjawRbBC5leHRuA2FlbQIxMABicmlkETBJenkweldUUWJsTlNBNnlyc3J0YwZhcHBfaWQQMjIyMDM5MTc4ODIwMDg5MgABHrzRgfAWavkVQb2VSe8vzw-g7JIT5JKu2vmXZxUJS0PYWsY8owl2Qg7mirzI_aem_7RDkmjhelWKkX9lMKVFWnQ&amp;nd=1&amp;dlsi=231bcaa0ea6d49cd\" class=\"btn btn-outline-light btn-icon\" target=\"_blank\">Loe l\u00e4hemalt<\/a>\n  <\/div>\n<\/div>\n          <\/div>\n              <\/div>\n    <\/div>\n  <\/section>\n<\/div>\n<\/div>\n\n\n\n<div class=\"wp-block-columns is-layout-flex wp-container-core-columns-is-layout-9d6595d7 wp-block-columns-is-layout-flex\">\n<div class=\"wp-block-column is-layout-flow wp-block-column-is-layout-flow\"><section class=\"page-cards-block page-section page-section--wide\">\n    <h2 class=\"visually-hidden\">Lehed<\/h2>\n    <div class=\"container-fluid g-0\">\n      <div class=\"row g-0\">\n                  <div class=\"col-12\">\n            <div class=\"page-card d-flex justify-content-center align-items-end w-100 position-relative\" style=\"background-image: url(https:\/\/sisu.ut.ee\/wp-content\/uploads\/sites\/781\/Screenshot-2026-04-24-at-10.13.57-1920x1196.png);\">\n  <div class=\"page-card__content text-center w-100 p-2 p-lg-4\">\n          <h3 class=\"h4 text-white mb-2\">Eike Siilbek: Parem toimetulek emotsioonidega v\u00f5ib aidata noortel depressiooni ennetada<\/h3>\n        <a href=\"https:\/\/ajakiri.ut.ee\/parem-toimetulek-emotsioonidega-voib-aidata-noortel-depressiooni-ennetada\" class=\"btn btn-outline-light btn-icon\" target=\"_blank\">Loe l\u00e4hemalt<\/a>\n  <\/div>\n<\/div>\n          <\/div>\n              <\/div>\n    <\/div>\n  <\/section>\n<\/div>\n\n\n\n<div class=\"wp-block-column is-layout-flow wp-block-column-is-layout-flow\"><section class=\"page-cards-block page-section page-section--wide\">\n    <h2 class=\"visually-hidden\">Lehed<\/h2>\n    <div class=\"container-fluid g-0\">\n      <div class=\"row g-0\">\n                  <div class=\"col-12\">\n            <div class=\"page-card d-flex justify-content-center align-items-end w-100 position-relative\" style=\"background-image: url(https:\/\/sisu.ut.ee\/wp-content\/uploads\/sites\/781\/Screenshot-2026-04-24-at-10.15.14.png);\">\n  <div class=\"page-card__content text-center w-100 p-2 p-lg-4\">\n          <h3 class=\"h4 text-white mb-2\">Kas suhkruasendaja on s\u00f5ber v\u00f5i vaenlane? Professor selgitab, mida teha painava magusaisuga <\/h3>\n        <a href=\"https:\/\/tervispluss.delfi.ee\/artikkel\/120566535\/kas-suhkruasendaja-on-sober-voi-vaenlane-professor-selgitab-mida-teha-painava-magusaisuga\" class=\"btn btn-outline-light btn-icon\" target=\"_blank\">Loe l\u00e4hemalt<\/a>\n  <\/div>\n<\/div>\n          <\/div>\n              <\/div>\n    <\/div>\n  <\/section>\n<\/div>\n\n\n\n<div class=\"wp-block-column is-layout-flow wp-block-column-is-layout-flow\"><section class=\"page-cards-block page-section page-section--wide\">\n    <h2 class=\"visually-hidden\">Lehed<\/h2>\n    <div class=\"container-fluid g-0\">\n      <div class=\"row g-0\">\n                  <div class=\"col-12\">\n            <div class=\"page-card d-flex justify-content-center align-items-end w-100 position-relative\" style=\"background-image: url(https:\/\/sisu.ut.ee\/wp-content\/uploads\/sites\/781\/Screenshot-2026-04-24-at-10.12.30.png);\">\n  <div class=\"page-card__content text-center w-100 p-2 p-lg-4\">\n          <h3 class=\"h4 text-white mb-2\">Kristina \u0160adeiko-Liiva: edukust ei saa m\u00f5\u00f5ta vaid \u00f5pitulemuste kaudu<\/h3>\n        <a href=\"https:\/\/www.err.ee\/1609992247\/kristina-sadeiko-liiva-edukust-ei-saa-moota-vaid-opitulemuste-kaudu\" class=\"btn btn-outline-light btn-icon\" target=\"_blank\">Loe l\u00e4hemalt<\/a>\n  <\/div>\n<\/div>\n          <\/div>\n              <\/div>\n    <\/div>\n  <\/section>\n<\/div>\n<\/div>\n\n\n\n<div class=\"wp-block-columns is-layout-flex wp-container-core-columns-is-layout-9d6595d7 wp-block-columns-is-layout-flex\">\n<div class=\"wp-block-column is-layout-flow wp-block-column-is-layout-flow\"><section class=\"page-cards-block page-section page-section--wide\">\n    <h2 class=\"visually-hidden\">Lehed<\/h2>\n    <div class=\"container-fluid g-0\">\n      <div class=\"row g-0\">\n                  <div class=\"col-12\">\n            <div class=\"page-card d-flex justify-content-center align-items-end w-100 position-relative\" style=\"background-image: url(https:\/\/sisu.ut.ee\/wp-content\/uploads\/sites\/781\/Screenshot-2026-04-08-at-17.04.03.png);\">\n  <div class=\"page-card__content text-center w-100 p-2 p-lg-4\">\n          <h3 class=\"h4 text-white mb-2\">Merike Sisask \u201cKas vastutust vaimse tervise eest saab delegeerida?\u201d<\/h3>\n        <a href=\"https:\/\/www.youtube.com\/watch?v=gGwUXZIqxX4\" class=\"btn btn-outline-light btn-icon\" target=\"_blank\">Loe l\u00e4hemalt<\/a>\n  <\/div>\n<\/div>\n          <\/div>\n              <\/div>\n    <\/div>\n  <\/section>\n<\/div>\n\n\n\n<div class=\"wp-block-column is-layout-flow wp-block-column-is-layout-flow\"><section class=\"page-cards-block page-section page-section--wide\">\n    <h2 class=\"visually-hidden\">Lehed<\/h2>\n    <div class=\"container-fluid g-0\">\n      <div class=\"row g-0\">\n                  <div class=\"col-12\">\n            <div class=\"page-card d-flex justify-content-center align-items-end w-100 position-relative\" style=\"background-image: url(https:\/\/sisu.ut.ee\/wp-content\/uploads\/sites\/781\/Screenshot-2026-04-08-at-17.08.41.png);\">\n  <div class=\"page-card__content text-center w-100 p-2 p-lg-4\">\n          <h3 class=\"h4 text-white mb-2\">Kaalups\u00fchholoog Kari Kuulman: kehakaalu m\u00f5jutavad tegurid on peas ja kehas, mitte vaid taldrikul <\/h3>\n        <a href=\"https:\/\/tervispluss.delfi.ee\/artikkel\/120565210\/kaalupsuhholoog-kari-kuulman-kehakaalu-mojutavad-tegurid-on-peas-ja-kehas-mitte-vaid-taldrikul?fbclid=IwY2xjawRDP6tleHRuA2FlbQIxMQBzcnRjBmFwcF9pZBAyMjIwMzkxNzg4MjAwODkyAAEen4AOVJ08Z3wnBgBwugjvcSBLoprjzbLZhUIB39GNhACBey2JywXP1wLkdVE_aem_48fS3gTJG4LzOdrBNQXV3A\" class=\"btn btn-outline-light btn-icon\" target=\"_blank\">Loe l\u00e4hemalt<\/a>\n  <\/div>\n<\/div>\n          <\/div>\n              <\/div>\n    <\/div>\n  <\/section>\n<\/div>\n\n\n\n<div class=\"wp-block-column is-layout-flow wp-block-column-is-layout-flow\"><section class=\"page-cards-block page-section page-section--wide\">\n    <h2 class=\"visually-hidden\">Lehed<\/h2>\n    <div class=\"container-fluid g-0\">\n      <div class=\"row g-0\">\n                  <div class=\"col-12\">\n            <div class=\"page-card d-flex justify-content-center align-items-end w-100 position-relative\" style=\"background-image: url(https:\/\/sisu.ut.ee\/wp-content\/uploads\/sites\/781\/Screenshot-2026-04-08-at-17.07.45.png);\">\n  <div class=\"page-card__content text-center w-100 p-2 p-lg-4\">\n          <h3 class=\"h4 text-white mb-2\">Spordips\u00fchholoog Aave Hannus: \u00e4ra tee trenni, mis sulle r\u00f5\u00f5mu ei valmista<\/h3>\n        <a href=\"https:\/\/eeter.err.ee\/1609979682\/spordipsuhholoog-aave-hannus-ara-tee-trenni-mis-sulle-roomu-ei-valmista\" class=\"btn btn-outline-light btn-icon\" target=\"_blank\">Loe l\u00e4hemalt<\/a>\n  <\/div>\n<\/div>\n          <\/div>\n              <\/div>\n    <\/div>\n  <\/section>\n<\/div>\n<\/div>\n\n\n\n<div class=\"wp-block-columns is-layout-flex wp-container-core-columns-is-layout-9d6595d7 wp-block-columns-is-layout-flex\">\n<div class=\"wp-block-column is-layout-flow wp-block-column-is-layout-flow\"><\/div>\n<\/div>\n\n\n\n<div class=\"wp-block-columns is-layout-flex wp-container-core-columns-is-layout-9d6595d7 wp-block-columns-is-layout-flex\">\n<div class=\"wp-block-column is-vertically-aligned-center is-layout-flow wp-block-column-is-layout-flow\">\n<figure class=\"wp-block-image aligncenter size-medium is-resized\"><img loading=\"lazy\" decoding=\"async\" width=\"300\" height=\"237\" src=\"https:\/\/sisu.ut.ee\/wp-content\/uploads\/sites\/781\/Logo_veeb_esitlus_png-300x237.png\" alt=\"\" class=\"wp-image-119\" style=\"width:200px\" srcset=\"https:\/\/sisu.ut.ee\/wp-content\/uploads\/sites\/781\/Logo_veeb_esitlus_png-300x237.png 300w, https:\/\/sisu.ut.ee\/wp-content\/uploads\/sites\/781\/Logo_veeb_esitlus_png-768x607.png 768w, https:\/\/sisu.ut.ee\/wp-content\/uploads\/sites\/781\/Logo_veeb_esitlus_png.png 945w\" sizes=\"auto, (max-width: 300px) 100vw, 300px\"><\/figure>\n<\/div>\n\n\n\n<div class=\"wp-block-column is-vertically-aligned-center is-layout-flow wp-block-column-is-layout-flow\">\n<figure class=\"wp-block-image aligncenter size-medium\"><img loading=\"lazy\" decoding=\"async\" width=\"300\" height=\"115\" src=\"https:\/\/sisu.ut.ee\/wp-content\/uploads\/sites\/781\/TLU-logo-pilt-vrv-suur-1-300x115.jpg\" alt=\"\" class=\"wp-image-124\" srcset=\"https:\/\/sisu.ut.ee\/wp-content\/uploads\/sites\/781\/TLU-logo-pilt-vrv-suur-1-300x115.jpg 300w, https:\/\/sisu.ut.ee\/wp-content\/uploads\/sites\/781\/TLU-logo-pilt-vrv-suur-1-768x295.jpg 768w, https:\/\/sisu.ut.ee\/wp-content\/uploads\/sites\/781\/TLU-logo-pilt-vrv-suur-1.jpg 840w\" sizes=\"auto, (max-width: 300px) 100vw, 300px\"><\/figure>\n<\/div>\n\n\n\n<div class=\"wp-block-column is-vertically-aligned-center is-layout-flow wp-block-column-is-layout-flow\">\n<figure class=\"wp-block-image aligncenter size-medium is-resized\"><img decoding=\"async\" src=\"https:\/\/sisu.ut.ee\/wp-content\/uploads\/sites\/781\/pealogo_est_sinine.svg\" alt=\"\" class=\"wp-image-131\" style=\"width:300px\"><\/figure>\n<\/div>\n\n\n\n<div class=\"wp-block-column is-vertically-aligned-center is-layout-flow wp-block-column-is-layout-flow\">\n<figure class=\"wp-block-image aligncenter size-large is-resized\"><img loading=\"lazy\" decoding=\"async\" width=\"1024\" height=\"589\" src=\"https:\/\/sisu.ut.ee\/wp-content\/uploads\/sites\/781\/TAI_logo_eesti_k_RGB_0_0-1024x589.jpg\" alt=\"\" class=\"wp-image-1365\" style=\"width:200px\" srcset=\"https:\/\/sisu.ut.ee\/wp-content\/uploads\/sites\/781\/TAI_logo_eesti_k_RGB_0_0-1024x589.jpg 1024w, https:\/\/sisu.ut.ee\/wp-content\/uploads\/sites\/781\/TAI_logo_eesti_k_RGB_0_0-300x173.jpg 300w, https:\/\/sisu.ut.ee\/wp-content\/uploads\/sites\/781\/TAI_logo_eesti_k_RGB_0_0-768x442.jpg 768w, https:\/\/sisu.ut.ee\/wp-content\/uploads\/sites\/781\/TAI_logo_eesti_k_RGB_0_0.jpg 1484w\" sizes=\"auto, (max-width: 1024px) 100vw, 1024px\"><\/figure>\n<\/div>\n<\/div>\n\n\n\n<ul class=\"wp-block-social-links alignleft is-content-justification-center is-layout-flex wp-container-core-social-links-is-layout-16018d1d wp-block-social-links-is-layout-flex\"><li class=\"wp-social-link wp-social-link-facebook  wp-block-social-link\"><a rel=\"noopener nofollow\" target=\"_blank\" href=\"https:\/\/www.facebook.com\/profile.php?id=61561171925118\" class=\"wp-block-social-link-anchor\"><svg width=\"24\" height=\"24\" viewbox=\"0 0 24 24\" version=\"1.1\" xmlns=\"http:\/\/www.w3.org\/2000\/svg\" aria-hidden=\"true\" focusable=\"false\"><path d=\"M12 2C6.5 2 2 6.5 2 12c0 5 3.7 9.1 8.4 9.9v-7H7.9V12h2.5V9.8c0-2.5 1.5-3.9 3.8-3.9 1.1 0 2.2.2 2.2.2v2.5h-1.3c-1.2 0-1.6.8-1.6 1.6V12h2.8l-.4 2.9h-2.3v7C18.3 21.1 22 17 22 12c0-5.5-4.5-10-10-10z\"><\/path><\/svg><span class=\"wp-block-social-link-label screen-reader-text\">Facebook<\/span><\/a><\/li>\n\n<li class=\"wp-social-link wp-social-link-linkedin  wp-block-social-link\"><a rel=\"noopener nofollow\" target=\"_blank\" href=\"https:\/\/www.linkedin.com\/company\/heaoluteaduste-tippkeskus-estwell\" class=\"wp-block-social-link-anchor\"><svg width=\"24\" height=\"24\" viewbox=\"0 0 24 24\" version=\"1.1\" xmlns=\"http:\/\/www.w3.org\/2000\/svg\" aria-hidden=\"true\" focusable=\"false\"><path d=\"M19.7,3H4.3C3.582,3,3,3.582,3,4.3v15.4C3,20.418,3.582,21,4.3,21h15.4c0.718,0,1.3-0.582,1.3-1.3V4.3 C21,3.582,20.418,3,19.7,3z M8.339,18.338H5.667v-8.59h2.672V18.338z M7.004,8.574c-0.857,0-1.549-0.694-1.549-1.548 c0-0.855,0.691-1.548,1.549-1.548c0.854,0,1.547,0.694,1.547,1.548C8.551,7.881,7.858,8.574,7.004,8.574z M18.339,18.338h-2.669 v-4.177c0-0.996-0.017-2.278-1.387-2.278c-1.389,0-1.601,1.086-1.601,2.206v4.249h-2.667v-8.59h2.559v1.174h0.037 c0.356-0.675,1.227-1.387,2.526-1.387c2.703,0,3.203,1.779,3.203,4.092V18.338z\"><\/path><\/svg><span class=\"wp-block-social-link-label screen-reader-text\">LinkedIn<\/span><\/a><\/li>\n\n<li class=\"wp-social-link wp-social-link-bluesky  wp-block-social-link\"><a rel=\"noopener nofollow\" target=\"_blank\" href=\"https:\/\/bsky.app\/profile\/estwell.bsky.social\" class=\"wp-block-social-link-anchor\"><svg width=\"24\" height=\"24\" viewbox=\"0 0 24 24\" version=\"1.1\" xmlns=\"http:\/\/www.w3.org\/2000\/svg\" aria-hidden=\"true\" focusable=\"false\"><path d=\"M6.3,4.2c2.3,1.7,4.8,5.3,5.7,7.2.9-1.9,3.4-5.4,5.7-7.2,1.7-1.3,4.3-2.2,4.3.9s-.4,5.2-.6,5.9c-.7,2.6-3.3,3.2-5.6,2.8,4,.7,5.1,3,2.9,5.3-5,5.2-6.7-2.8-6.7-2.8,0,0-1.7,8-6.7,2.8-2.2-2.3-1.2-4.6,2.9-5.3-2.3.4-4.9-.3-5.6-2.8-.2-.7-.6-5.3-.6-5.9,0-3.1,2.7-2.1,4.3-.9h0Z\"><\/path><\/svg><span class=\"wp-block-social-link-label screen-reader-text\">Bluesky<\/span><\/a><\/li>\n\n<li class=\"wp-social-link wp-social-link-x  wp-block-social-link\"><a rel=\"noopener nofollow\" target=\"_blank\" href=\"https:\/\/x.com\/est_well\" class=\"wp-block-social-link-anchor\"><svg width=\"24\" height=\"24\" viewbox=\"0 0 24 24\" version=\"1.1\" xmlns=\"http:\/\/www.w3.org\/2000\/svg\" aria-hidden=\"true\" focusable=\"false\"><path d=\"M13.982 10.622 20.54 3h-1.554l-5.693 6.618L8.745 3H3.5l6.876 10.007L3.5 21h1.554l6.012-6.989L15.868 21h5.245l-7.131-10.378Zm-2.128 2.474-.697-.997-5.543-7.93H8l4.474 6.4.697.996 5.815 8.318h-2.387l-4.745-6.787Z\"><\/path><\/svg><span class=\"wp-block-social-link-label screen-reader-text\">X<\/span><\/a><\/li><\/ul>\n","protected":false},"excerpt":{"rendered":"<p>Heaoluteaduste tippkeskus on erialasid l\u00f5imiva tippteaduse katal\u00fcsaator.\u00a0Tippkeskus toob afektiivps\u00fchholoogia professori\u00a0Andero Uusbergi\u00a0juhtimisel kokku inimest ja tema tegutsemise kontekste uurivad sotsiaal- ja k\u00e4itumisteadlased ning tehnika- ja loodusteadlased, et leida uusi viise inimeste heaolu m\u00f5\u00f5tmiseks, m\u00f5istmiseks ning m\u00f5jutamiseks. Keskuses saavad kokku Tartu \u00dclikooli, &#8230;<\/p>\n","protected":false},"author":563,"featured_media":0,"parent":0,"menu_order":0,"comment_status":"closed","ping_status":"open","template":"","meta":{"_acf_changed":false,"inline_featured_image":false,"footnotes":""},"class_list":["post-2","page","type-page","status-publish","hentry"],"acf":[],"_links":{"self":[{"href":"https:\/\/sisu.ut.ee\/estwell\/wp-json\/wp\/v2\/pages\/2","targetHints":{"allow":["GET"]}}],"collection":[{"href":"https:\/\/sisu.ut.ee\/estwell\/wp-json\/wp\/v2\/pages"}],"about":[{"href":"https:\/\/sisu.ut.ee\/estwell\/wp-json\/wp\/v2\/types\/page"}],"author":[{"embeddable":true,"href":"https:\/\/sisu.ut.ee\/estwell\/wp-json\/wp\/v2\/users\/563"}],"replies":[{"embeddable":true,"href":"https:\/\/sisu.ut.ee\/estwell\/wp-json\/wp\/v2\/comments?post=2"}],"version-history":[{"count":30,"href":"https:\/\/sisu.ut.ee\/estwell\/wp-json\/wp\/v2\/pages\/2\/revisions"}],"predecessor-version":[{"id":3179,"href":"https:\/\/sisu.ut.ee\/estwell\/wp-json\/wp\/v2\/pages\/2\/revisions\/3179"}],"wp:attachment":[{"href":"https:\/\/sisu.ut.ee\/estwell\/wp-json\/wp\/v2\/media?parent=2"}],"curies":[{"name":"wp","href":"https:\/\/api.w.org\/{rel}","templated":true}]}}