{"id":76,"date":"2024-04-04T04:56:30","date_gmt":"2024-04-04T01:56:30","guid":{"rendered":"https:\/\/sisu.ut.ee\/estshg\/2014-elutoo-preemia-laureaat-mari-sitska\/"},"modified":"2024-04-04T04:57:13","modified_gmt":"2024-04-04T01:57:13","slug":"2014-elutoo-preemia-laureaat-mari-sitska","status":"publish","type":"page","link":"https:\/\/sisu.ut.ee\/estshg\/2014-elutoo-preemia-laureaat-mari-sitska\/","title":{"rendered":"2014 elut\u00f6\u00f6 preemia laureaat Mari Sitska"},"content":{"rendered":"<p>\n\t<img loading=\"lazy\" decoding=\"async\" width=\"467\" height=\"700\" class=\"alignnone wp-image-169\" style=\"width: 267px;height: 400px;margin: 15px;float: left\" src=\"https:\/\/sisu.ut.ee\/wp-content\/uploads\/sites\/345\/sitska_06.jpg\" title=\"sitska_06.jpg\" alt=\"Dr Sitska\" srcset=\"https:\/\/sisu.ut.ee\/wp-content\/uploads\/sites\/345\/sitska_06.jpg 467w, https:\/\/sisu.ut.ee\/wp-content\/uploads\/sites\/345\/sitska_06-200x300.jpg 200w\" sizes=\"auto, (max-width: 467px) 100vw, 467px\">\n<\/p>\n<p>\n\tDr Mari Sitska koos prof Avo-Valdur Mikelsaare ja prof Tiina Talvikuga Eesti meditsiinigeneetilise teenistuse rajajate hulka Eestis. Dr. Mari Sitskat v\u00f5ib lugeda s\u00fcnnieelse diagnostika rajajaks Eestis.<br>Dr Mari Sitska l\u00f5petas Tartu \u00dclikooli arstiteaduskonna 1967. aastal, ta kaitses kandidaadiv\u00e4itekirja 1972. aastal, teemal \u201cSpontaansete abortide ja habituaalsete abortidega abielupaaride ts\u00fctogeneetilised uuringud\u201d. Aastatel 1971-1990 t\u00f6\u00f6tas ta teadurina Tartu \u00dclikooli Meditsiini Kesklaboratooriumis ja Tartu \u00dclikooli \u00dcld-ja Molekulaarpatoloogia instituudis ning konsultandina Vabariiklikus Meditsiini-geneetilises Konsultatiivkeskuses (1976-1990).\u00a0\n<\/p>\n<p>\n\t1990. aasta kevadel sai dr. Mari Sitska vastloodud Meditsiinigeneetika Keskuse juhiks, mida \u00a0juhtis kuni 2007. aastani. Uues keskuses hakkas dr Mari Sitska tegelema oma meelisteemaga \u2013 kromosoomhaiguste s\u00fcnnieelse diagnoosimisega, mida Eestis senini ei eksisteerinud. Tasub meelde tuletada, et 90ndate algus ei olnud aeg, kus piisas vaid soovide esitamisest vajaliku varustuse soetamiseks nagu see praegu on. Ei olnud plaanilisi \u00a0investeeriguid nagu n\u00fc\u00fcd, vaid sageli tuli finantse ise otsida. \u00a0T\u00e4iesti nullist alustades on dr Sitska loonud aluse h\u00e4stitit\u00f6\u00f6tavale s\u00fcsteemile, mille k\u00f5ik l\u00fclid on kindlalt paigas. \u00a0T\u00e4nu dr Mari Sitska entusiasmile ja eestvedamisele sai s\u00fcnnieelne diagnostika naiste jaoks v\u00f5imalikuks Eestis alates 1990 aastast. Algselt ainult Tartus pakutud meditsiinigeneetilisest teenusest on Mari Sitska eestvedamisel v\u00e4lja kasvanud kogu Eestit h\u00f5lmav korralikult koordineeritud v\u00f5rgustik ning t\u00e4na on s\u00fcnnieelsed s\u00f5leuuringud ja s\u00fcnnieelne diagnostika muutunud enesem\u00f5istatavaks osaks raseda j\u00e4lgimisel.<br>\u00a0T\u00e4na on s\u00fcnnieelsete p\u00e4rilike haiguste diagnoosimine Eestis sellisel tasemel, mida saab esitleda ja publitseerida ka rahvusvahelisel tasemel.<br>\u00a0Mari Sitska poolt avaldatud publikatsioonide teemad on peamiselt seotud p\u00e4rilike haiguste s\u00fcnnieelne diagnostika, kliinilise ts\u00fctogeneetika, kromosomaalsete pol\u00fcmorfismide ja infertiilsuse geneetiliste p\u00f5hjustega. Dr Mari Sitska on olnud teejuhiks ka noortele geneetikutele ja pidanud loenguid arstidele. Tema k\u00e4e all on kaitsnud v\u00e4itekirjad prof Katrin \u00d5unap ja dots Tiia Reimand.<br>Dr. Mari Sitska on olnud aktiivselt tegev ka erialaseltsides \u2013 Euroopa Inimesegeneetika \u00dchingus, Euroopa Ts\u00fctogeneetikute Assotsiatsioonis, Rahvusvahelise Perinataalse Diagnostika \u00dchingus, Eesti Inimesegeneetika \u00dchingus ning Eesti Perinatoloogia Seltsis. Ta kuulub \u00a0Eesti Nais\u00fcli\u00f5pilaste Seltsi alates selle taasasutamisest.\u00a0<br>Lisaks aktiivsele tegevusele erialavaldkonnas on Mari Sitska s\u00e4rav isiksus ja aktiivne ka \u00fcihiskondlikus elus. Kogu elu on teda saatnud armastus kunsti vastu, ta on l\u00f5petanud Tartu \u00dclikooli Kunstikabineti Kaljo P\u00f5l1u k\u00e4e all. Armastus liikumise ja spordi vastu on viinud teda aastaid v\u00f5imlemissaalidesse, suvel P\u00fchaj\u00e4rvele ujuma ja talvel suusatama.<br>Mari Sitska on rohkem kui 40 aastat olnud tegev kliinilise geneetikuna. Ta on n\u00f5ustanud selle aja jooksul tuhandeid abielupaare ja lapseootel naisi, kes on saanud s\u00fcnnitamiseks v\u00f5i rasestumiseks kindlustunde, paljud pered on p\u00e4\u00e4senud kromosoomihaigusega lapse s\u00fcnnist t\u00e4nu \u00f5igeaegsele diagnoosimisele<br>Oma hoolivuse ja heatahtlikkusega on dr Mari Sitska\u00a0kasvatanud ja \u00f5petanud k\u00f5iki t\u00e4naseid meditsiinigeneetikuid.\n<\/p>\n<p>\n\t\u00a0<\/p>\n","protected":false},"excerpt":{"rendered":"<p>Dr Mari Sitska koos prof Avo-Valdur Mikelsaare ja prof Tiina Talvikuga Eesti meditsiinigeneetilise teenistuse rajajate hulka Eestis. Dr. Mari Sitskat v\u00f5ib lugeda s\u00fcnnieelse diagnostika rajajaks Eestis.Dr Mari Sitska l\u00f5petas Tartu \u00dclikooli arstiteaduskonna 1967. aastal, ta kaitses kandidaadiv\u00e4itekirja 1972. aastal, teemal &#8230;<\/p>\n","protected":false},"author":182,"featured_media":0,"parent":0,"menu_order":0,"comment_status":"closed","ping_status":"closed","template":"","meta":{"_acf_changed":false,"inline_featured_image":false,"footnotes":""},"class_list":["post-76","page","type-page","status-publish","hentry"],"acf":[],"_links":{"self":[{"href":"https:\/\/sisu.ut.ee\/estshg\/wp-json\/wp\/v2\/pages\/76","targetHints":{"allow":["GET"]}}],"collection":[{"href":"https:\/\/sisu.ut.ee\/estshg\/wp-json\/wp\/v2\/pages"}],"about":[{"href":"https:\/\/sisu.ut.ee\/estshg\/wp-json\/wp\/v2\/types\/page"}],"author":[{"embeddable":true,"href":"https:\/\/sisu.ut.ee\/estshg\/wp-json\/wp\/v2\/users\/182"}],"replies":[{"embeddable":true,"href":"https:\/\/sisu.ut.ee\/estshg\/wp-json\/wp\/v2\/comments?post=76"}],"version-history":[{"count":1,"href":"https:\/\/sisu.ut.ee\/estshg\/wp-json\/wp\/v2\/pages\/76\/revisions"}],"predecessor-version":[{"id":272,"href":"https:\/\/sisu.ut.ee\/estshg\/wp-json\/wp\/v2\/pages\/76\/revisions\/272"}],"wp:attachment":[{"href":"https:\/\/sisu.ut.ee\/estshg\/wp-json\/wp\/v2\/media?parent=76"}],"curies":[{"name":"wp","href":"https:\/\/api.w.org\/{rel}","templated":true}]}}