{"id":74,"date":"2024-04-04T04:56:30","date_gmt":"2024-04-04T01:56:30","guid":{"rendered":"https:\/\/sisu.ut.ee\/estshg\/2017-elutoo-preemia-laureaat-riina-zordania\/"},"modified":"2024-04-04T04:57:13","modified_gmt":"2024-04-04T01:57:13","slug":"2017-elutoo-preemia-laureaat-riina-zordania","status":"publish","type":"page","link":"https:\/\/sisu.ut.ee\/estshg\/2017-elutoo-preemia-laureaat-riina-zordania\/","title":{"rendered":"2017 elut\u00f6\u00f6 preemia laureaat Riina Zordania"},"content":{"rendered":"<p>\n\t<img loading=\"lazy\" decoding=\"async\" width=\"2560\" height=\"1920\" class=\"alignnone wp-image-168\" style=\"width: 350px;height: 263px;margin: 15px;float: left\" src=\"https:\/\/sisu.ut.ee\/wp-content\/uploads\/sites\/345\/riinaz-scaled.jpg\" title=\"riinaz.jpg\" alt=\"dr Riina \u017dordania\" srcset=\"https:\/\/sisu.ut.ee\/wp-content\/uploads\/sites\/345\/riinaz-scaled.jpg 2560w, https:\/\/sisu.ut.ee\/wp-content\/uploads\/sites\/345\/riinaz-300x225.jpg 300w, https:\/\/sisu.ut.ee\/wp-content\/uploads\/sites\/345\/riinaz-1024x768.jpg 1024w, https:\/\/sisu.ut.ee\/wp-content\/uploads\/sites\/345\/riinaz-768x576.jpg 768w, https:\/\/sisu.ut.ee\/wp-content\/uploads\/sites\/345\/riinaz-1536x1152.jpg 1536w, https:\/\/sisu.ut.ee\/wp-content\/uploads\/sites\/345\/riinaz-2048x1536.jpg 2048w, https:\/\/sisu.ut.ee\/wp-content\/uploads\/sites\/345\/riinaz-1920x1440.jpg 1920w\" sizes=\"auto, (max-width: 2560px) 100vw, 2560px\">\n<\/p>\n<p>\n\tDr Riina \u017dordania tunnustati \u00fchingu poolt elut\u00f6\u00f6preemiaga 2017. aastal.<br>Teda v\u00f5ib lugeda \u00fcheks kliinilise geneetika algatajateks ja arendajaks Tallinnas, kus meditsiiniline geneetiline n\u00f5ustamine on v\u00f5imalik alates 1987. aastast just t\u00e4nu Riina \u017dordaniale ja Elvira Kurvinenile.\u00a0<br>Riina \u017dordania l\u00f5petas Tartu \u00dclikooli pediaatrina ning seej\u00e4rel j\u00e4tkas \u00f5pinguid Moskva meditsiiniteaduste akadeemia onkoloogia teaduskeskuses. Ta kaitses oma kandidaadiv\u00e4itekirja 1983 aastal, teemal \u201eNefroblastoomi (Wilmsi kasvaja) kliinilis-geneetilised aspektid\u201c .<br>Alates 1987. aastast t\u00f6\u00f6tab ta kliinilise geneetikuna Tallinnas erinevate haiglate v\u00f5i polikliinikute juures \u2013 Tallina kesklinna lastepolikliinik, Tallina Lastehaigla ja Tartu \u00dclikooli Kliinikum. \u00a0Osakonna ja keskuse juhuna on tal olnud v\u00e4ga suur roll kliinilise geneetika toimimisel ja arenemisel Tallinnas. Kliiniline t\u00f6\u00f6 arstina ongi dr. Riina \u017dordania t\u00f6\u00f6s t\u00e4na esikohal. Teadust\u00f6\u00f6d j\u00e4tkas Riina \u017dordania aastatel 1989-98 Tallinnas Kardioloogia Instituudis, s\u00fcdamehaigustega seotud geneetika vallas ning alates 2011 aastast Tartu \u00dclikoolis. Riina \u017dordania on alati r\u00f5\u00f5msameelne ja toetav kolleeg.\u00a0<br>\u00a0<\/p>\n","protected":false},"excerpt":{"rendered":"<p>Dr Riina \u017dordania tunnustati \u00fchingu poolt elut\u00f6\u00f6preemiaga 2017. aastal.Teda v\u00f5ib lugeda \u00fcheks kliinilise geneetika algatajateks ja arendajaks Tallinnas, kus meditsiiniline geneetiline n\u00f5ustamine on v\u00f5imalik alates 1987. aastast just t\u00e4nu Riina \u017dordaniale ja Elvira Kurvinenile.\u00a0Riina \u017dordania l\u00f5petas Tartu \u00dclikooli pediaatrina ning &#8230;<\/p>\n","protected":false},"author":182,"featured_media":0,"parent":0,"menu_order":0,"comment_status":"closed","ping_status":"closed","template":"","meta":{"_acf_changed":false,"inline_featured_image":false,"footnotes":""},"class_list":["post-74","page","type-page","status-publish","hentry"],"acf":[],"_links":{"self":[{"href":"https:\/\/sisu.ut.ee\/estshg\/wp-json\/wp\/v2\/pages\/74","targetHints":{"allow":["GET"]}}],"collection":[{"href":"https:\/\/sisu.ut.ee\/estshg\/wp-json\/wp\/v2\/pages"}],"about":[{"href":"https:\/\/sisu.ut.ee\/estshg\/wp-json\/wp\/v2\/types\/page"}],"author":[{"embeddable":true,"href":"https:\/\/sisu.ut.ee\/estshg\/wp-json\/wp\/v2\/users\/182"}],"replies":[{"embeddable":true,"href":"https:\/\/sisu.ut.ee\/estshg\/wp-json\/wp\/v2\/comments?post=74"}],"version-history":[{"count":1,"href":"https:\/\/sisu.ut.ee\/estshg\/wp-json\/wp\/v2\/pages\/74\/revisions"}],"predecessor-version":[{"id":274,"href":"https:\/\/sisu.ut.ee\/estshg\/wp-json\/wp\/v2\/pages\/74\/revisions\/274"}],"wp:attachment":[{"href":"https:\/\/sisu.ut.ee\/estshg\/wp-json\/wp\/v2\/media?parent=74"}],"curies":[{"name":"wp","href":"https:\/\/api.w.org\/{rel}","templated":true}]}}