{"id":69,"date":"2024-04-04T04:56:30","date_gmt":"2024-04-04T01:56:30","guid":{"rendered":"https:\/\/sisu.ut.ee\/estshg\/xxii-teaduskonverents-veebis-2020\/"},"modified":"2024-04-04T04:57:13","modified_gmt":"2024-04-04T01:57:13","slug":"xxii-teaduskonverents-veebis-2020","status":"publish","type":"page","link":"https:\/\/sisu.ut.ee\/estshg\/xxii-teaduskonverents-veebis-2020\/","title":{"rendered":"XXII teaduskonverents veebis 19.11.2020"},"content":{"rendered":"<div class=\"at-panel gpanel panel-display content clearfix\" id=\"content-panels\">\r\n\t<div class=\"region region-content-top  \">\r\n\t\t<div class=\"block block-os-pages\" id=\"block-os-pages-main-content\">\r\n\t\t\t<div class=\"content\">\r\n\t\t\t\t<div class=\"node node-page clearfix\" id=\"node-22329\">\r\n\t\t\t\t\t<div class=\"content\">\r\n\t\t\t\t\t\t<div class=\"field field-name-body field-type-text-with-summary field-label-hidden\">\r\n\t\t\t\t\t\t\t<div class=\"field-items\">\r\n\t\t\t\t\t\t\t\t<div class=\"field-item even\">\r\n\t\t\t\t\t\t\t\t\t<p>\r\n\t\t\t\t\t\t\t\t\t\tXXII Eesti InimeseGeneetika \u00dchingu aastakonverents toimus 19. novembril, 2020 videosilla vahendusel!\r\n\t\t\t\t\t\t\t\t\t<\/p>\r\n\r\n\t\t\t\t\t\t\t\t\t<p>\r\n\t\t\t\t\t\t\t\t\t\tKonverentsil osalemine oli tasuta. Lingid ettekannete slaididele ja salvestustele leiate allpool olevast konverentsi kavast (nende esinejate osas, kes oma n\u00f5usoleku avaldamiseks andsid).\r\n\t\t\t\t\t\t\t\t\t<\/p>\r\n\r\n\t\t\t\t\t\t\t\t\t<p>\r\n\t\t\t\t\t\t\t\t\t\t\u00a0\r\n\t\t\t\t\t\t\t\t\t<\/p>\r\n\r\n\t\t\t\t\t\t\t\t\t<p>\r\n\t\t\t\t\t\t\t\t\t\t<strong>Konverentsi kava<\/strong>\r\n\t\t\t\t\t\t\t\t\t<\/p>\r\n\r\n\t\t\t\t\t\t\t\t\t<p>\r\n\t\t\t\t\t\t\t\t\t\t<span><span><b><span><span>9.30 <\/span><\/span><\/b><span><span>Internetikeskkond avatud<\/span><\/span><\/span><\/span>\r\n\t\t\t\t\t\t\t\t\t<\/p>\r\n\r\n\t\t\t\t\t\t\t\t\t<p>\r\n\t\t\t\t\t\t\t\t\t\t<span><span><b><span><span>9.55-10.00 Konverentsi avas\u00f5na: <\/span><\/span><\/b><span><span>EstSHG president Neeme T\u00f5nisson<\/span><\/span><\/span><\/span>\r\n\t\t\t\t\t\t\t\t\t<\/p>\r\n\r\n\t\t\t\t\t\t\t\t\t<p>\r\n\t\t\t\t\t\t\t\t\t\t\u00a0\r\n\t\t\t\t\t\t\t\t\t<\/p>\r\n\r\n\t\t\t\t\t\t\t\t\t<p>\r\n\t\t\t\t\t\t\t\t\t\t<span style=\"color:#800080\"><b><i><span>Esimene sessioon\u00a0\u00abPandeemiad I\u00bb Moderaator: Lili Milani<\/span><\/i><\/b><\/span>\r\n\t\t\t\t\t\t\t\t\t<\/p>\r\n\r\n\t\t\t\t\t\t\t\t\t<p>\r\n\t\t\t\t\t\t\t\t\t\t<span><span><b><span><span>10.00-10.30 Ken Kalling: <\/span><\/span><\/b><span><span>Pandeemiatest, epideemiatest ja endeemiatest ajaloos \u2013 <\/span><\/span><\/span><\/span><strong><a href=\"https:\/\/www.dropbox.com\/s\/1d4ryfj4vweovvc\/Kalling%20K_Epideemiad_endeemiad.pdf?dl=0\" target=\"_blank\" title=\"\" rel=\"noopener\">slaidid<\/a><span><span><span><span>, <\/span><\/span><\/span><\/span><a href=\"https:\/\/www.dropbox.com\/s\/c0csi0w4f9yw1j1\/zoom_0.mp4?dl=0\" target=\"_blank\" title=\"\" rel=\"noopener\">video<\/a><\/strong>\r\n\t\t\t\t\t\t\t\t\t<\/p>\r\n\r\n\t\t\t\t\t\t\t\t\t<p>\r\n\t\t\t\t\t\t\t\t\t\t<span><span><b><span><span>10.30-11.00 Marcel Keller: <\/span><\/span><\/b><span><span>Plague pandemics in human history \u2013 a palaeogenetic perspective<\/span><\/span><span><span> \u2013 <\/span><\/span><\/span><\/span><strong><a href=\"https:\/\/www.dropbox.com\/s\/pa9elv3crghgker\/Keller%20M_EstSHG_2020_Talk_short.pdf?dl=0\" target=\"_blank\" title=\"\" rel=\"noopener\">slaidid<\/a><\/strong>\r\n\t\t\t\t\t\t\t\t\t<\/p>\r\n\r\n\t\t\t\t\t\t\t\t\t<p>\r\n\t\t\t\t\t\t\t\t\t\t<span><span><b><span><span>11.00-11.30 Krista Fischer: <\/span><\/span><\/b><span><span>Kuidas epideemiat mudelisse panna? Eesti kogemus COVID-19 pandeemiaga <\/span><\/span><span><span>\u2013 <\/span><\/span><\/span><\/span><strong><a href=\"https:\/\/www.dropbox.com\/s\/rcq4cg20nue6mhl\/Fischer%20K_Konverents%202020.pdf?dl=0\" target=\"_blank\" title=\"\" rel=\"noopener\">slaidid<\/a><span><span><span><span>, <\/span><\/span><\/span><\/span><a href=\"https:\/\/www.dropbox.com\/s\/jv13324lehmtkbs\/zoom_1.mp4?dl=0\" target=\"_blank\" title=\"\" rel=\"noopener\">video<\/a><\/strong>\r\n\t\t\t\t\t\t\t\t\t<\/p>\r\n\r\n\t\t\t\t\t\t\t\t\t<p>\r\n\t\t\t\t\t\t\t\t\t\t11.30-12.30\u00a0L\u00f5unapaus\r\n\t\t\t\t\t\t\t\t\t<\/p>\r\n\r\n\t\t\t\t\t\t\t\t\t<p>\r\n\t\t\t\t\t\t\t\t\t\t12.30-13.10\u00a0EstSHG \u00fcldkoosolek\r\n\t\t\t\t\t\t\t\t\t<\/p>\r\n\r\n\t\t\t\t\t\t\t\t\t<p>\r\n\t\t\t\t\t\t\t\t\t\t\u00a0\r\n\t\t\t\t\t\t\t\t\t<\/p>\r\n\r\n\t\t\t\t\t\t\t\t\t<p>\r\n\t\t\t\t\t\t\t\t\t\t<span style=\"color:#800080\"><strong><i>Teine sessioon\u00a0\u00abPandeemiad II\u00bb Moderaator: T\u00f5nis Org<\/i><\/strong><\/span>\r\n\t\t\t\t\t\t\t\t\t<\/p>\r\n\r\n\t\t\t\t\t\t\t\t\t<p>\r\n\t\t\t\t\t\t\t\t\t\t13.10-13.40 <strong>Kai Kisand:<\/strong>\u00a0COVID-19 immunoloogiliselt \u2013 <strong><a href=\"https:\/\/www.dropbox.com\/s\/gpkgypdfpkmgpwf\/Kisand%20K_COVID-19.Konverents%202020.pdf?dl=0\" target=\"_blank\" title=\"\" rel=\"noopener\">slaidid<\/a>, <a href=\"https:\/\/www.dropbox.com\/s\/n4gyuw7d7cskfjj\/zoom_2.mp4?dl=0\" target=\"_blank\" title=\"\" rel=\"noopener\">video<\/a><\/strong>\r\n\t\t\t\t\t\t\t\t\t<\/p>\r\n\r\n\t\t\t\t\t\t\t\t\t<p>\r\n\t\t\t\t\t\t\t\t\t\t13.40-14.00 <strong>Katrin Kr\u00f5lov:<\/strong>\u00a0SARS-CoV-2 diagnostikamaastik \u2013 <strong><a href=\"https:\/\/www.dropbox.com\/s\/yfvnc476mey4vgq\/Kr%C3%B5lov%20K_Konverents%202020%20l%C3%BChike.pdf?dl=0\" target=\"_blank\" title=\"\" rel=\"noopener\">slaidid<\/a>, <a href=\"https:\/\/www.dropbox.com\/s\/n4gyuw7d7cskfjj\/zoom_2.mp4?dl=0\" target=\"_blank\" title=\"\" rel=\"noopener\">video<\/a><\/strong>\r\n\t\t\t\t\t\t\t\t\t<\/p>\r\n\r\n\t\t\t\t\t\t\t\t\t<p>\r\n\t\t\t\t\t\t\t\t\t\t\u00a0\r\n\t\t\t\t\t\t\t\t\t<\/p>\r\n\r\n\t\t\t\t\t\t\t\t\t<p>\r\n\t\t\t\t\t\t\t\t\t\t<strong><span style=\"color:#800080\"><i>Kolmas sessioon\u00a0\u00abGeneetilised haigused ja geneetika kliinilises t\u00f6\u00f6s\u00bb\u00a0Moderaator: Kristi Tael<\/i><\/span><\/strong>\r\n\t\t\t\t\t\t\t\t\t<\/p>\r\n\r\n\t\t\t\t\t\t\t\t\t<p>\r\n\t\t\t\t\t\t\t\t\t\t14.00-14.30 <strong>Sander Pajusalu:<\/strong>\u00a0Kliinilisest genoomikast personaliseeritud geeniteraapiateni \u2013 <strong><a href=\"https:\/\/www.dropbox.com\/s\/h3rqx2jkk9srkp0\/Pajusalu%20S_EstSHG2020_jagamiseks.pdf?dl=0\" target=\"_blank\" title=\"\" rel=\"noopener\">slaidid<\/a><\/strong>\r\n\t\t\t\t\t\t\t\t\t<\/p>\r\n\r\n\t\t\t\t\t\t\t\t\t<p>\r\n\t\t\t\t\t\t\t\t\t\t14.30-15.00 <strong>Kristiina Rull:\u00a0<\/strong>Kas ja mis kasu on geneetikast naistearsti igap\u00e4evat\u00f6\u00f6s \u2013 <strong><a href=\"https:\/\/www.dropbox.com\/s\/zafhy1vnhuz7g1r\/Rull%20K_Geneetika_2020.pdf?dl=0\" target=\"_blank\" title=\"\" rel=\"noopener\">slaidid<\/a>, <a href=\"https:\/\/www.dropbox.com\/s\/pai1p60iy4m9r23\/zoom_3.mp4?dl=0\" target=\"_blank\" title=\"\" rel=\"noopener\">video<\/a><\/strong>\r\n\t\t\t\t\t\t\t\t\t<\/p>\r\n\r\n\t\t\t\t\t\t\t\t\t<p>\r\n\t\t\t\t\t\t\t\t\t\t15.00-15.30\u00a0Paus\r\n\t\t\t\t\t\t\t\t\t<\/p>\r\n\r\n\t\t\t\t\t\t\t\t\t<p>\r\n\t\t\t\t\t\t\t\t\t\t\u00a0\r\n\t\t\t\t\t\t\t\t\t<\/p>\r\n\r\n\t\t\t\t\t\t\t\t\t<p>\r\n\t\t\t\t\t\t\t\t\t\t<strong><span style=\"color:#800080\"><i>Neljas Sessioon\u00a0\u00abVaria\u00bb Moderaator: Neeme T\u00f5nisson<\/i><\/span><\/strong>\r\n\t\t\t\t\t\t\t\t\t<\/p>\r\n\r\n\t\t\t\t\t\t\t\t\t<p>\r\n\t\t\t\t\t\t\t\t\t\t15.30-16.00\u00a0<strong>J\u00fcri Allik:<\/strong>\u00a0Miks k\u00f5ik olulised ps\u00fchholoogilised omadused on suurel m\u00e4\u00e4ral p\u00e4ritavad? \u2013 <strong><a href=\"https:\/\/www.dropbox.com\/s\/nc3mfcrz1huthhn\/Allik%20J_P%C3%A4ritavad-ps%C3%BChholoogilised-omadused_19-11-2020.pdf?dl=0\" target=\"_blank\" title=\"\" rel=\"noopener\">slaidid<\/a>, <a href=\"https:\/\/www.dropbox.com\/s\/h5ek4yqf5vmtmbk\/zoom_4.mp4?dl=0\" target=\"_blank\" title=\"\" rel=\"noopener\">video<\/a><\/strong>\r\n\t\t\t\t\t\t\t\t\t<\/p>\r\n\r\n\t\t\t\t\t\t\t\t\t<p>\r\n\t\t\t\t\t\t\t\t\t\t16.00-16.45\u00a0Elut\u00f6\u00f6preemia laureaadi tutvustus ja ettekanne \u2013 <strong><a href=\"https:\/\/www.dropbox.com\/s\/6mrz2m9utgcq9vm\/Saarma%20M_%20Tartu%20Neuronite%20elu%20%26%20surm%20Nov2020.pdf?dl=0\" target=\"_blank\" title=\"\" rel=\"noopener\">slaidid<\/a>, <a href=\"https:\/\/www.dropbox.com\/s\/h5ek4yqf5vmtmbk\/zoom_4.mp4?dl=0\" target=\"_blank\" title=\"\" rel=\"noopener\">video<\/a><\/strong>\r\n\t\t\t\t\t\t\t\t\t<\/p>\r\n\r\n\t\t\t\t\t\t\t\t\t<p>\r\n\t\t\t\t\t\t\t\t\t\t16.45-16.50 Konverentsi l\u00f5petamine\r\n\t\t\t\t\t\t\t\t\t<\/p>\r\n\r\n\t\t\t\t\t\t\t\t\t<p>\r\n\t\t\t\t\t\t\t\t\t\t\u00a0\r\n\t\t\t\t\t\t\t\t\t<\/p>\r\n\r\n\t\t\t\t\t\t\t\t\t<p>\r\n\t\t\t\t\t\t\t\t\t\tTagasiside konverentsi kohta:\u00a0<a href=\"https:\/\/docs.google.com\/forms\/d\/1Dl2eDU91zNRNRA6vGxDNescSQJC8arviw9sFfmfofuk\">https:\/\/docs.google.com\/forms\/d\/1Dl2eDU91zNRNRA6vGxDNescSQJC8arviw9sFfmf\u2026<\/a>\r\n\t\t\t\t\t\t\t\t\t<\/p>\r\n\r\n\t\t\t\t\t\t\t\t\t<p>\r\n\t\t\t\t\t\t\t\t\t\t<em><strong><a href=\"https:\/\/estshg.ut.ee\/teaduskonverentsi-toetajad\" target=\"_blank\" title=\"\" rel=\"noopener\">Teaduskonverentsi toetajad<\/a><\/strong><\/em>\r\n\t\t\t\t\t\t\t\t\t<\/p>\r\n\t\t\t\t\t\t\t\t<\/div>\r\n\t\t\t\t\t\t\t<\/div>\r\n\t\t\t\t\t\t<\/div>\r\n\t\t\t\t\t<\/div>\r\n\t\t\t\t<\/div>\r\n\t\t\t<\/div>\r\n\t\t<\/div>\r\n\t<\/div>\r\n<\/div>\r\n\r\n<p>\r\n\t\u00a0\r\n<\/p>\r\n<br><div class=\"wp-block-group attached-files-group is-layout-constrained wp-block-group-is-layout-constrained\"><div class=\"wp-block-file\"><a href=\"https:\/\/sisu.ut.ee\/wp-content\/uploads\/sites\/345\/estshg_online_programm.pdf\" target=\"_blank\" rel=\"noreferrer noopener\">Konverentsi kava<\/a><\/div><\/div>","protected":false},"excerpt":{"rendered":"<p>XXII Eesti InimeseGeneetika \u00dchingu aastakonverents toimus 19. novembril, 2020 videosilla vahendusel! Konverentsil osalemine oli tasuta. Lingid ettekannete slaididele ja salvestustele leiate allpool olevast konverentsi kavast (nende esinejate osas, kes oma n\u00f5usoleku avaldamiseks andsid). \u00a0 Konverentsi kava 9.30 Internetikeskkond avatud 9.55-10.00 &#8230;<\/p>\n","protected":false},"author":182,"featured_media":0,"parent":0,"menu_order":0,"comment_status":"closed","ping_status":"closed","template":"","meta":{"_acf_changed":false,"inline_featured_image":false,"footnotes":""},"class_list":["post-69","page","type-page","status-publish","hentry"],"acf":[],"_links":{"self":[{"href":"https:\/\/sisu.ut.ee\/estshg\/wp-json\/wp\/v2\/pages\/69","targetHints":{"allow":["GET"]}}],"collection":[{"href":"https:\/\/sisu.ut.ee\/estshg\/wp-json\/wp\/v2\/pages"}],"about":[{"href":"https:\/\/sisu.ut.ee\/estshg\/wp-json\/wp\/v2\/types\/page"}],"author":[{"embeddable":true,"href":"https:\/\/sisu.ut.ee\/estshg\/wp-json\/wp\/v2\/users\/182"}],"replies":[{"embeddable":true,"href":"https:\/\/sisu.ut.ee\/estshg\/wp-json\/wp\/v2\/comments?post=69"}],"version-history":[{"count":2,"href":"https:\/\/sisu.ut.ee\/estshg\/wp-json\/wp\/v2\/pages\/69\/revisions"}],"predecessor-version":[{"id":311,"href":"https:\/\/sisu.ut.ee\/estshg\/wp-json\/wp\/v2\/pages\/69\/revisions\/311"}],"wp:attachment":[{"href":"https:\/\/sisu.ut.ee\/estshg\/wp-json\/wp\/v2\/media?parent=69"}],"curies":[{"name":"wp","href":"https:\/\/api.w.org\/{rel}","templated":true}]}}

<div class="at-panel gpanel panel-display content clearfix" id="content-panels">
	<div class="region region-content-top  ">
		<div class="block block-os-pages" id="block-os-pages-main-content">
			<div class="content">
				<div class="node node-page clearfix" id="node-22329">
					<div class="content">
						<div class="field field-name-body field-type-text-with-summary field-label-hidden">
							<div class="field-items">
								<div class="field-item even">
									<p>
										XXII Eesti InimeseGeneetika Ühingu aastakonverents toimus 19. novembril, 2020 videosilla vahendusel!
									</p>

									<p>
										Konverentsil osalemine oli tasuta. Lingid ettekannete slaididele ja salvestustele leiate allpool olevast konverentsi kavast (nende esinejate osas, kes oma nõusoleku avaldamiseks andsid).
									</p>

									<p>
										 
									</p>

									<p>
										<strong>Konverentsi kava</strong>
									</p>

									<p>
										<span><span><b><span><span>9.30 </span></span></b><span><span>Internetikeskkond avatud</span></span></span></span>
									</p>

									<p>
										<span><span><b><span><span>9.55-10.00 Konverentsi avasõna: </span></span></b><span><span>EstSHG president Neeme Tõnisson</span></span></span></span>
									</p>

									<p>
										 
									</p>

									<p>
										<span style="color:#800080"><b><i><span>Esimene sessioon «Pandeemiad I» Moderaator: Lili Milani</span></i></b></span>
									</p>

									<p>
										<span><span><b><span><span>10.00-10.30 Ken Kalling: </span></span></b><span><span>Pandeemiatest, epideemiatest ja endeemiatest ajaloos – </span></span></span></span><strong><a href="https://www.dropbox.com/s/1d4ryfj4vweovvc/Kalling%20K_Epideemiad_endeemiad.pdf?dl=0" target="_blank" title="" rel="noopener">slaidid</a><span><span><span><span>, </span></span></span></span><a href="https://www.dropbox.com/s/c0csi0w4f9yw1j1/zoom_0.mp4?dl=0" target="_blank" title="" rel="noopener">video</a></strong>
									</p>

									<p>
										<span><span><b><span><span>10.30-11.00 Marcel Keller: </span></span></b><span><span>Plague pandemics in human history – a palaeogenetic perspective</span></span><span><span> – </span></span></span></span><strong><a href="https://www.dropbox.com/s/pa9elv3crghgker/Keller%20M_EstSHG_2020_Talk_short.pdf?dl=0" target="_blank" title="" rel="noopener">slaidid</a></strong>
									</p>

									<p>
										<span><span><b><span><span>11.00-11.30 Krista Fischer: </span></span></b><span><span>Kuidas epideemiat mudelisse panna? Eesti kogemus COVID-19 pandeemiaga </span></span><span><span>– </span></span></span></span><strong><a href="https://www.dropbox.com/s/rcq4cg20nue6mhl/Fischer%20K_Konverents%202020.pdf?dl=0" target="_blank" title="" rel="noopener">slaidid</a><span><span><span><span>, </span></span></span></span><a href="https://www.dropbox.com/s/jv13324lehmtkbs/zoom_1.mp4?dl=0" target="_blank" title="" rel="noopener">video</a></strong>
									</p>

									<p>
										11.30-12.30 Lõunapaus
									</p>

									<p>
										12.30-13.10 EstSHG üldkoosolek
									</p>

									<p>
										 
									</p>

									<p>
										<span style="color:#800080"><strong><i>Teine sessioon «Pandeemiad II» Moderaator: Tõnis Org</i></strong></span>
									</p>

									<p>
										13.10-13.40 <strong>Kai Kisand:</strong> COVID-19 immunoloogiliselt – <strong><a href="https://www.dropbox.com/s/gpkgypdfpkmgpwf/Kisand%20K_COVID-19.Konverents%202020.pdf?dl=0" target="_blank" title="" rel="noopener">slaidid</a>, <a href="https://www.dropbox.com/s/n4gyuw7d7cskfjj/zoom_2.mp4?dl=0" target="_blank" title="" rel="noopener">video</a></strong>
									</p>

									<p>
										13.40-14.00 <strong>Katrin Krõlov:</strong> SARS-CoV-2 diagnostikamaastik – <strong><a href="https://www.dropbox.com/s/yfvnc476mey4vgq/Kr%C3%B5lov%20K_Konverents%202020%20l%C3%BChike.pdf?dl=0" target="_blank" title="" rel="noopener">slaidid</a>, <a href="https://www.dropbox.com/s/n4gyuw7d7cskfjj/zoom_2.mp4?dl=0" target="_blank" title="" rel="noopener">video</a></strong>
									</p>

									<p>
										 
									</p>

									<p>
										<strong><span style="color:#800080"><i>Kolmas sessioon «Geneetilised haigused ja geneetika kliinilises töös» Moderaator: Kristi Tael</i></span></strong>
									</p>

									<p>
										14.00-14.30 <strong>Sander Pajusalu:</strong> Kliinilisest genoomikast personaliseeritud geeniteraapiateni – <strong><a href="https://www.dropbox.com/s/h3rqx2jkk9srkp0/Pajusalu%20S_EstSHG2020_jagamiseks.pdf?dl=0" target="_blank" title="" rel="noopener">slaidid</a></strong>
									</p>

									<p>
										14.30-15.00 <strong>Kristiina Rull: </strong>Kas ja mis kasu on geneetikast naistearsti igapäevatöös – <strong><a href="https://www.dropbox.com/s/zafhy1vnhuz7g1r/Rull%20K_Geneetika_2020.pdf?dl=0" target="_blank" title="" rel="noopener">slaidid</a>, <a href="https://www.dropbox.com/s/pai1p60iy4m9r23/zoom_3.mp4?dl=0" target="_blank" title="" rel="noopener">video</a></strong>
									</p>

									<p>
										15.00-15.30 Paus
									</p>

									<p>
										 
									</p>

									<p>
										<strong><span style="color:#800080"><i>Neljas Sessioon «Varia» Moderaator: Neeme Tõnisson</i></span></strong>
									</p>

									<p>
										15.30-16.00 <strong>Jüri Allik:</strong> Miks kõik olulised psühholoogilised omadused on suurel määral päritavad? – <strong><a href="https://www.dropbox.com/s/nc3mfcrz1huthhn/Allik%20J_P%C3%A4ritavad-ps%C3%BChholoogilised-omadused_19-11-2020.pdf?dl=0" target="_blank" title="" rel="noopener">slaidid</a>, <a href="https://www.dropbox.com/s/h5ek4yqf5vmtmbk/zoom_4.mp4?dl=0" target="_blank" title="" rel="noopener">video</a></strong>
									</p>

									<p>
										16.00-16.45 Elutööpreemia laureaadi tutvustus ja ettekanne – <strong><a href="https://www.dropbox.com/s/6mrz2m9utgcq9vm/Saarma%20M_%20Tartu%20Neuronite%20elu%20%26%20surm%20Nov2020.pdf?dl=0" target="_blank" title="" rel="noopener">slaidid</a>, <a href="https://www.dropbox.com/s/h5ek4yqf5vmtmbk/zoom_4.mp4?dl=0" target="_blank" title="" rel="noopener">video</a></strong>
									</p>

									<p>
										16.45-16.50 Konverentsi lõpetamine
									</p>

									<p>
										 
									</p>

									<p>
										Tagasiside konverentsi kohta: <a href="https://docs.google.com/forms/d/1Dl2eDU91zNRNRA6vGxDNescSQJC8arviw9sFfmfofuk">https://docs.google.com/forms/d/1Dl2eDU91zNRNRA6vGxDNescSQJC8arviw9sFfmf…</a>
									</p>

									<p>
										<em><strong><a href="https://estshg.ut.ee/teaduskonverentsi-toetajad" target="_blank" title="" rel="noopener">Teaduskonverentsi toetajad</a></strong></em>
									</p>
								</div>
							</div>
						</div>
					</div>
				</div>
			</div>
		</div>
	</div>
</div>

<p>
	 
</p>
<br><div class="wp-block-group attached-files-group is-layout-constrained wp-block-group-is-layout-constrained"><div class="wp-block-file"><a href="https://sisu.ut.ee/wp-content/uploads/sites/345/estshg_online_programm.pdf" target="_blank" rel="noreferrer noopener">Konverentsi kava</a></div></div>

<p>XXII Eesti InimeseGeneetika Ühingu aastakonverents toimus 19. novembril, 2020 videosilla vahendusel! Konverentsil osalemine oli tasuta. Lingid ettekannete slaididele ja salvestustele leiate allpool olevast konverentsi kavast (nende esinejate osas, kes oma nõusoleku avaldamiseks andsid).   Konverentsi kava 9.30 Internetikeskkond avatud 9.55-10.00 &#8230;</p>
