{"id":31,"date":"2024-04-04T04:56:27","date_gmt":"2024-04-04T01:56:27","guid":{"rendered":"https:\/\/sisu.ut.ee\/estshg\/2023-elutoo-preemia-laureaat-mart-ustav\/"},"modified":"2024-04-04T04:57:14","modified_gmt":"2024-04-04T01:57:14","slug":"2023-elutoo-preemia-laureaat-mart-ustav","status":"publish","type":"page","link":"https:\/\/sisu.ut.ee\/estshg\/2023-elutoo-preemia-laureaat-mart-ustav\/","title":{"rendered":"2023 elut\u00f6\u00f6 preemia laureaat Mart Ustav"},"content":{"rendered":"<p>\n\t<img loading=\"lazy\" decoding=\"async\" width=\"586\" height=\"390\" class=\"alignnone wp-image-141\" style=\"float: left;width: 608px;height: 385px;margin-left: 20px;margin-right: 20px\" src=\"https:\/\/sisu.ut.ee\/wp-content\/uploads\/sites\/345\/mart_ustav_01.jpg\" title=\"Mart Ustav, pildistas Neeme T\u00f5nisson\" alt=\"Mart Ustav\" srcset=\"https:\/\/sisu.ut.ee\/wp-content\/uploads\/sites\/345\/mart_ustav_01.jpg 586w, https:\/\/sisu.ut.ee\/wp-content\/uploads\/sites\/345\/mart_ustav_01-300x200.jpg 300w\" sizes=\"auto, (max-width: 586px) 100vw, 586px\">\n<\/p>\n<p>\n\t<strong>Eesti Inimesegeneetika \u00dching autasustas Rakveres toimunud aastakonverentsil elut\u00f6\u00f6preemiaga prof Mart Ustavit<\/strong>\n<\/p>\n<p>\n\tProf Mart Ustav l\u00f5petas Tartu \u00dclikooli f\u00fc\u00fcsika-keemiateaduskonna 1972. aastal ning alustas oma teadlaskarj\u00e4\u00e4ri 1974. aastal ENSV Teaduste Akadeemia K\u00fcberneetika Instituudis vaneminsenerina. Juba 1979. aastal kaitses ta Ukraina Teaduste Akadeemia juures keemiakandidaadi kraadi. Kogu t\u00f6\u00f6 oli k\u00fcll tehtud Eestis prof Richard Villemsi juhendamisel. J\u00e4rgnevate aastate jooksul t\u00f6\u00f6tas prof Ustav mitmetes Tartu \u00dclikooli ametites, sealhulgas vaneminseneri, nooremteaduri ja vanemteadurina aastatel 1976\u20131982 ning seej\u00e4rel onkogeneesi labori juhatajana 1985\u20131989. Ta t\u00e4iendas end Uppsala \u00dclikooli meditsiinigeneetika instituudis aastatel 1982\u20131985 ja oli k\u00fclalisteadur Ameerika \u00dchendriikides Cold Spring Harbour Laboratory\u2019s 1989\u20131992.\n<\/p>\n<p>\n\tProf Ustavi teadust\u00f6\u00f6 teemad on seotud loomade ja inimeste papilloomiviirusega, keskendudes viiruse vastasm\u00f5judele peremeesrakuga ning viiruse geeniekspressiooni ja paljunemise molekulaarsetele mehhanismidele. Muuhulgas on Mart Ustavi t\u00f6\u00f6d aidanud m\u00f5ista emakakaelav\u00e4hki p\u00f5hjustavate papilloomiviiruste paljunemist ja organismis p\u00fcsimist, mis on otseselt seotud nende patogeneesiga. Oma karj\u00e4\u00e4ri jooksul on prof Ustav olnud mitme Tartu \u00dclikooli \u00f5ppetooli ja instituudi juhataja, sealhulgas mikrobioloogia ja viroloogia \u00f5ppetooli juhataja aastatel 1992\u20132002, biomeditsiinitehnoloogia professor aastatel 2007\u20132021 ning tehnoloogiainstituudi direktor aastatel 2002\u20132007. Ta valiti Eesti Teaduste Akadeemia liikmeks biomeditsiini alal 2001. aastal ning aastatel 2009\u20132014 oli ta akadeemia asepresident.\n<\/p>\n<p>\n\tPaljude oma uurimisteemade puhul on prof Ustav kogutud teadmisi edukalt rakendanud ka biotehnoloogia v\u00f5i meditsiini valdkonnas, n\u00e4iteks t\u00f5husad ja ohutud DNA vaktsiinid ning valkude tootmistehnoloogiad diagnostikumide ja ravimite tootmiseks. Ta on rajanud mitu biotehnoloogia ettev\u00f5tet ning praegu on ta ta geenitehnoloogia ettev\u00f5tte Icosagen Grupp tegevjuht. On m\u00e4rkimisv\u00e4\u00e4rne, et 2023. aastal p\u00e4lvis Icosagen Cell Factory kaks k\u00f5rget auhinda: \u201cAasta Ettev\u00f5te 2023\u201d ja \u201cInnovaator 2023\u201d\n<\/p>\n<p>\n\tT\u00e4name prof Ustavit senise tehtud t\u00f6\u00f6 eest ja soovime edu edaspidiseks!<\/p>\n","protected":false},"excerpt":{"rendered":"<p>Eesti Inimesegeneetika \u00dching autasustas Rakveres toimunud aastakonverentsil elut\u00f6\u00f6preemiaga prof Mart Ustavit Prof Mart Ustav l\u00f5petas Tartu \u00dclikooli f\u00fc\u00fcsika-keemiateaduskonna 1972. aastal ning alustas oma teadlaskarj\u00e4\u00e4ri 1974. aastal ENSV Teaduste Akadeemia K\u00fcberneetika Instituudis vaneminsenerina. Juba 1979. aastal kaitses ta Ukraina Teaduste Akadeemia &#8230;<\/p>\n","protected":false},"author":182,"featured_media":0,"parent":0,"menu_order":0,"comment_status":"closed","ping_status":"closed","template":"","meta":{"_acf_changed":false,"inline_featured_image":false,"footnotes":""},"class_list":["post-31","page","type-page","status-publish","hentry"],"acf":[],"_links":{"self":[{"href":"https:\/\/sisu.ut.ee\/estshg\/wp-json\/wp\/v2\/pages\/31","targetHints":{"allow":["GET"]}}],"collection":[{"href":"https:\/\/sisu.ut.ee\/estshg\/wp-json\/wp\/v2\/pages"}],"about":[{"href":"https:\/\/sisu.ut.ee\/estshg\/wp-json\/wp\/v2\/types\/page"}],"author":[{"embeddable":true,"href":"https:\/\/sisu.ut.ee\/estshg\/wp-json\/wp\/v2\/users\/182"}],"replies":[{"embeddable":true,"href":"https:\/\/sisu.ut.ee\/estshg\/wp-json\/wp\/v2\/comments?post=31"}],"version-history":[{"count":1,"href":"https:\/\/sisu.ut.ee\/estshg\/wp-json\/wp\/v2\/pages\/31\/revisions"}],"predecessor-version":[{"id":299,"href":"https:\/\/sisu.ut.ee\/estshg\/wp-json\/wp\/v2\/pages\/31\/revisions\/299"}],"wp:attachment":[{"href":"https:\/\/sisu.ut.ee\/estshg\/wp-json\/wp\/v2\/media?parent=31"}],"curies":[{"name":"wp","href":"https:\/\/api.w.org\/{rel}","templated":true}]}}