{"id":29,"date":"2024-04-04T04:56:26","date_gmt":"2024-04-04T01:56:26","guid":{"rendered":"https:\/\/sisu.ut.ee\/estshg\/meist-meedias\/"},"modified":"2024-06-07T11:00:01","modified_gmt":"2024-06-07T08:00:01","slug":"meist-meedias","status":"publish","type":"page","link":"https:\/\/sisu.ut.ee\/estshg\/meist-meedias\/","title":{"rendered":"Meist meedias"},"content":{"rendered":"<p><strong>2024<\/strong><\/p>\n<ul>\n<li>Eesti Arst 19.03.2024, T Org, A Velthut-Meikas, A Rebane, T Laisk <a href=\"https:\/\/ojs.utlib.ee\/index.php\/EA\/article\/view\/23844\/version\/17613\/18100\">2023. aasta inimesegeneetikas<\/a><\/li>\n<\/ul>\n<p><strong>2023<\/strong><\/p>\n<ul>\n<li>Eesti Arst 20.01.2023, N T\u00f5nisson, A Rebane, T Org, T Laisk <a href=\"https:\/\/ojs.utlib.ee\/index.php\/EA\/article\/view\/22274\/version\/15762\/16937\">2022. aasta inimgeneetikas<\/a><\/li>\n<\/ul>\n<p><strong>2022<\/strong><\/p>\n<ul>\n<li>Tartu Postimees 27.09.2022, <a href=\"https:\/\/tartu.postimees.ee\/7614466\/inimesegeneetika-konverentsi-esinejad-arutlevad-teemadel-bakteritest-neurobioloogiani\">Inimesegeneetika konverentsi esinejad arutlevad teemadel bakteritest neurobioloogiani<\/a><\/li>\n<li>Tartu Postimees 12.10.2022, <a href=\"https:\/\/tartu.postimees.ee\/7625132\/inimesegeneetika-uhing-tunnustas-elutoopreemiaga-raivo-uibot\">Inimesegeneetika \u00fching tunnustas elut\u00f6\u00f6preemiaga Raivo Uibot<\/a><\/li>\n<\/ul>\n<p><span style=\"color: #000080;\"><strong>2021<\/strong><\/span><\/p>\n<ul>\n<li>Postimees 02.11.2021, <a title=\"\" href=\"https:\/\/tartu.postimees.ee\/7376314\/eesti-inimesegeneetika-uhingu-elutoopreemia-palvis-elvira-kurvinen%20\" target=\"_blank\" rel=\"noopener\" data-url=\"https:\/\/tartu.postimees.ee\/7376314\/eesti-inimesegeneetika-uhingu-elutoopreemia-palvis-elvira-kurvinen \">Eesti inimesegeneetika \u00fchingu elut\u00f6\u00f6preemia p\u00e4lvis Elvira Kurvinen<\/a><\/li>\n<\/ul>\n<p><span style=\"color: #000080;\"><strong>2020<\/strong><\/span><\/p>\n<ul>\n<li>Postimees 20.11.2020, <a title=\"\" href=\"https:\/\/tartu.postimees.ee\/7114870\/eesti-inimesegeneetika-uhingu-elutoopreemia-palvis-akadeemik-mart-saarma?fbclid=IwAR1CsYqJ7BHlWyPq22WkZv5W1lAnMunh0XQsgxm8jH2VOeu7rdHHpfT10js\" target=\"_blank\" rel=\"noopener\" data-url=\"https:\/\/tartu.postimees.ee\/7114870\/eesti-inimesegeneetika-uhingu-elutoopreemia-palvis-akadeemik-mart-saarma?fbclid=IwAR1CsYqJ7BHlWyPq22WkZv5W1lAnMunh0XQsgxm8jH2VOeu7rdHHpfT10js\">Eesti inimesegeneetika \u00fchingu elut\u00f6\u00f6preemia p\u00e4lvis akadeemik Mart Saarma<\/a><\/li>\n<li>Postimees 18.11.2020, <a title=\"\" href=\"https:\/\/tartu.postimees.ee\/7112697\/inimesegeneetika-uhingu-konverents-laheb-veebi-ning-on-koigile-tasuta\" target=\"_blank\" rel=\"noopener\" data-url=\"https:\/\/tartu.postimees.ee\/7112697\/inimesegeneetika-uhingu-konverents-laheb-veebi-ning-on-koigile-tasuta\">Inimesegeneetika \u00fchingu konverents l\u00e4heb veebi ning on k\u00f5igile tasuta<\/a><\/li>\n<\/ul>\n<p><span style=\"color: #000080;\"><strong>2019<\/strong><\/span><\/p>\n<ul>\n<li>Postimees 26.11.2019, P\u00e4rnus toimunud EstSHG 2019 konverents t\u00f5i Eestisse tippteadlasi \u00fcle terve maailma<\/li>\n<\/ul>\n<p><span style=\"color: #000080;\"><strong>2018<\/strong><\/span><\/p>\n<p><strong>EstSHG 2018.a. konverentsi teemal ilmusid meedias j\u00e4rgmised artiklid:<\/strong><\/p>\n<p><span style=\"color: #696969;\"><strong>Konverentsi \u00fcldk\u00e4sitlus:<\/strong><\/span><\/p>\n<ul>\n<li>ERR Novaator 23.11.2018, <a href=\"https:\/\/novaator.err.ee\/879197\/eestist-tuule-tiibadesse-saanud-geneetika-superstaarid-kohtuvad-viljandis\">Eestist tuule tiibadesse saanud geneetika superstaarid kohtuvad Viljandis<\/a><\/li>\n<li>Postimees Sakala 22.11.2018, <span style=\"font-size: revert; font-weight: var(--bs-body-font-weight); text-align: var(--bs-body-text-align);\"><a href=\"https:\/\/sakala.postimees.ee\/6459773\/inimesegeneetika-uhing-tahistab-ugalas-juubelit\">Eesti Inimesegeneetika \u00dching t\u00e4histab Ugalas juubelit<\/a><\/span><\/li>\n<li>ERR Novaator 20.11.2018<span style=\"font-size: revert; font-weight: var(--bs-body-font-weight); text-align: var(--bs-body-text-align);\"> ja \u201cTerevisiooni\u201d video \u201c<a href=\"https:\/\/novaator.err.ee\/878411\/geenitestiga-saaks-varakult-reageerida-mitmele-keerulisele-parilikule-haigusele\">Geenitestiga saaks varakult reageerida mitmele keerulisele p\u00e4rilikule haigusele<\/a>\u201d (prof Maris Laan, Tartu \u00dclikool, EstSHG president)<\/span><\/li>\n<\/ul>\n<p><span style=\"color: #696969;\"><strong>Intervjuud:<\/strong><\/span><\/p>\n<ul>\n<li>Postimees Sakala 20.11.2018, <a href=\"https:\/\/sakala.postimees.ee\/6457335\/voimalust-enne-sundi-lapsi-disainida-piirab-eetika\">V\u00f5imalust enne s\u00fcndi lapsi disainida piirab eetika<\/a>\u00a0(prof Ants Kurg, Tartu \u00dclikool, EstSHG eelmine president)<\/li>\n<li>Eesti Ekspress 21.11.2018, <a href=\"https:\/\/ekspress.delfi.ee\/artikkel\/84443961\/geneetik-toomas-kivisild-inimene-ei-parine-aadamast-ja-eevast\">Geneetik Toomas Kivisild: Inimene ei p\u00e4rine Aadamast ja Eevast<\/a>\u201d (konverentsi lektor prof Toomas Kivisild, Cambridge\u2019i \u00dclikool, Inglismaa\/Leuven\u2019i \u00dclikool, Belgia)<\/li>\n<li>Postimees 15.12.2018, <a href=\"https:\/\/teadus.postimees.ee\/6477129\/eestist-parit-tippteadlane-uhel-hetkel-peame-geenide-juurest-edasi-liikuma\">Eestist p\u00e4rit tippteadlane: \u00fchel hetkel peame geenide juurest edasi liikuma<\/a> (konverentsi lektor prof Terje Raudsepp, Texase A&amp;M \u00dclikool, USA)<\/li>\n<\/ul>\n<p><span style=\"color: #696969;\"><strong>Elut\u00f6\u00f6 preemia:<\/strong><\/span><\/p>\n<ul>\n<li>ERR Novaator 23.11.2018, <a href=\"https:\/\/novaator.err.ee\/879332\/professor-andres-metspalu-palvis-inimese-geneetika-elutoopreemia\">Professor Andres Metspalu p\u00e4lvis inimese geneetika elut\u00f6\u00f6preemia<\/a> (EstSHG elut\u00f6\u00f6preemia \u00fcleandmine akad prof Andres Metspalule, Tartu \u00dclikool ja Eesti Geenivaramu)<\/li>\n<\/ul>\n","protected":false},"excerpt":{"rendered":"<p>2024 Eesti Arst 19.03.2024, T Org, A Velthut-Meikas, A Rebane, T Laisk 2023. aasta inimesegeneetikas 2023 Eesti Arst 20.01.2023, N T\u00f5nisson, A Rebane, T Org, T Laisk 2022. aasta inimgeneetikas 2022 Tartu Postimees 27.09.2022, Inimesegeneetika konverentsi esinejad arutlevad teemadel bakteritest &#8230;<\/p>\n","protected":false},"author":182,"featured_media":0,"parent":0,"menu_order":0,"comment_status":"closed","ping_status":"closed","template":"","meta":{"_acf_changed":false,"inline_featured_image":false,"footnotes":""},"class_list":["post-29","page","type-page","status-publish","hentry"],"acf":[],"_links":{"self":[{"href":"https:\/\/sisu.ut.ee\/estshg\/wp-json\/wp\/v2\/pages\/29","targetHints":{"allow":["GET"]}}],"collection":[{"href":"https:\/\/sisu.ut.ee\/estshg\/wp-json\/wp\/v2\/pages"}],"about":[{"href":"https:\/\/sisu.ut.ee\/estshg\/wp-json\/wp\/v2\/types\/page"}],"author":[{"embeddable":true,"href":"https:\/\/sisu.ut.ee\/estshg\/wp-json\/wp\/v2\/users\/182"}],"replies":[{"embeddable":true,"href":"https:\/\/sisu.ut.ee\/estshg\/wp-json\/wp\/v2\/comments?post=29"}],"version-history":[{"count":8,"href":"https:\/\/sisu.ut.ee\/estshg\/wp-json\/wp\/v2\/pages\/29\/revisions"}],"predecessor-version":[{"id":407,"href":"https:\/\/sisu.ut.ee\/estshg\/wp-json\/wp\/v2\/pages\/29\/revisions\/407"}],"wp:attachment":[{"href":"https:\/\/sisu.ut.ee\/estshg\/wp-json\/wp\/v2\/media?parent=29"}],"curies":[{"name":"wp","href":"https:\/\/api.w.org\/{rel}","templated":true}]}}

<p><strong>2024</strong></p>
<ul>
<li>Eesti Arst 19.03.2024, T Org, A Velthut-Meikas, A Rebane, T Laisk <a href="https://ojs.utlib.ee/index.php/EA/article/view/23844/version/17613/18100">2023. aasta inimesegeneetikas</a></li>
</ul>
<p><strong>2023</strong></p>
<ul>
<li>Eesti Arst 20.01.2023, N Tõnisson, A Rebane, T Org, T Laisk <a href="https://ojs.utlib.ee/index.php/EA/article/view/22274/version/15762/16937">2022. aasta inimgeneetikas</a></li>
</ul>
<p><strong>2022</strong></p>
<ul>
<li>Tartu Postimees 27.09.2022, <a href="https://tartu.postimees.ee/7614466/inimesegeneetika-konverentsi-esinejad-arutlevad-teemadel-bakteritest-neurobioloogiani">Inimesegeneetika konverentsi esinejad arutlevad teemadel bakteritest neurobioloogiani</a></li>
<li>Tartu Postimees 12.10.2022, <a href="https://tartu.postimees.ee/7625132/inimesegeneetika-uhing-tunnustas-elutoopreemiaga-raivo-uibot">Inimesegeneetika ühing tunnustas elutööpreemiaga Raivo Uibot</a></li>
</ul>
<p><span style="color: #000080;"><strong>2021</strong></span></p>
<ul>
<li>Postimees 02.11.2021, <a title="" href="https://tartu.postimees.ee/7376314/eesti-inimesegeneetika-uhingu-elutoopreemia-palvis-elvira-kurvinen%20" target="_blank" rel="noopener" data-url="https://tartu.postimees.ee/7376314/eesti-inimesegeneetika-uhingu-elutoopreemia-palvis-elvira-kurvinen ">Eesti inimesegeneetika ühingu elutööpreemia pälvis Elvira Kurvinen</a></li>
</ul>
<p><span style="color: #000080;"><strong>2020</strong></span></p>
<ul>
<li>Postimees 20.11.2020, <a title="" href="https://tartu.postimees.ee/7114870/eesti-inimesegeneetika-uhingu-elutoopreemia-palvis-akadeemik-mart-saarma?fbclid=IwAR1CsYqJ7BHlWyPq22WkZv5W1lAnMunh0XQsgxm8jH2VOeu7rdHHpfT10js" target="_blank" rel="noopener" data-url="https://tartu.postimees.ee/7114870/eesti-inimesegeneetika-uhingu-elutoopreemia-palvis-akadeemik-mart-saarma?fbclid=IwAR1CsYqJ7BHlWyPq22WkZv5W1lAnMunh0XQsgxm8jH2VOeu7rdHHpfT10js">Eesti inimesegeneetika ühingu elutööpreemia pälvis akadeemik Mart Saarma</a></li>
<li>Postimees 18.11.2020, <a title="" href="https://tartu.postimees.ee/7112697/inimesegeneetika-uhingu-konverents-laheb-veebi-ning-on-koigile-tasuta" target="_blank" rel="noopener" data-url="https://tartu.postimees.ee/7112697/inimesegeneetika-uhingu-konverents-laheb-veebi-ning-on-koigile-tasuta">Inimesegeneetika ühingu konverents läheb veebi ning on kõigile tasuta</a></li>
</ul>
<p><span style="color: #000080;"><strong>2019</strong></span></p>
<ul>
<li>Postimees 26.11.2019, Pärnus toimunud EstSHG 2019 konverents tõi Eestisse tippteadlasi üle terve maailma</li>
</ul>
<p><span style="color: #000080;"><strong>2018</strong></span></p>
<p><strong>EstSHG 2018.a. konverentsi teemal ilmusid meedias järgmised artiklid:</strong></p>
<p><span style="color: #696969;"><strong>Konverentsi üldkäsitlus:</strong></span></p>
<ul>
<li>ERR Novaator 23.11.2018, <a href="https://novaator.err.ee/879197/eestist-tuule-tiibadesse-saanud-geneetika-superstaarid-kohtuvad-viljandis">Eestist tuule tiibadesse saanud geneetika superstaarid kohtuvad Viljandis</a></li>
<li>Postimees Sakala 22.11.2018, <span style="font-size: revert; font-weight: var(--bs-body-font-weight); text-align: var(--bs-body-text-align);"><a href="https://sakala.postimees.ee/6459773/inimesegeneetika-uhing-tahistab-ugalas-juubelit">Eesti Inimesegeneetika Ühing tähistab Ugalas juubelit</a></span></li>
<li>ERR Novaator 20.11.2018<span style="font-size: revert; font-weight: var(--bs-body-font-weight); text-align: var(--bs-body-text-align);"> ja “Terevisiooni” video “<a href="https://novaator.err.ee/878411/geenitestiga-saaks-varakult-reageerida-mitmele-keerulisele-parilikule-haigusele">Geenitestiga saaks varakult reageerida mitmele keerulisele pärilikule haigusele</a>” (prof Maris Laan, Tartu Ülikool, EstSHG president)</span></li>
</ul>
<p><span style="color: #696969;"><strong>Intervjuud:</strong></span></p>
<ul>
<li>Postimees Sakala 20.11.2018, <a href="https://sakala.postimees.ee/6457335/voimalust-enne-sundi-lapsi-disainida-piirab-eetika">Võimalust enne sündi lapsi disainida piirab eetika</a> (prof Ants Kurg, Tartu Ülikool, EstSHG eelmine president)</li>
<li>Eesti Ekspress 21.11.2018, <a href="https://ekspress.delfi.ee/artikkel/84443961/geneetik-toomas-kivisild-inimene-ei-parine-aadamast-ja-eevast">Geneetik Toomas Kivisild: Inimene ei pärine Aadamast ja Eevast</a>” (konverentsi lektor prof Toomas Kivisild, Cambridge’i Ülikool, Inglismaa/Leuven’i Ülikool, Belgia)</li>
<li>Postimees 15.12.2018, <a href="https://teadus.postimees.ee/6477129/eestist-parit-tippteadlane-uhel-hetkel-peame-geenide-juurest-edasi-liikuma">Eestist pärit tippteadlane: ühel hetkel peame geenide juurest edasi liikuma</a> (konverentsi lektor prof Terje Raudsepp, Texase A&amp;M Ülikool, USA)</li>
</ul>
<p><span style="color: #696969;"><strong>Elutöö preemia:</strong></span></p>
<ul>
<li>ERR Novaator 23.11.2018, <a href="https://novaator.err.ee/879332/professor-andres-metspalu-palvis-inimese-geneetika-elutoopreemia">Professor Andres Metspalu pälvis inimese geneetika elutööpreemia</a> (EstSHG elutööpreemia üleandmine akad prof Andres Metspalule, Tartu Ülikool ja Eesti Geenivaramu)</li>
</ul>

<p>2024 Eesti Arst 19.03.2024, T Org, A Velthut-Meikas, A Rebane, T Laisk 2023. aasta inimesegeneetikas 2023 Eesti Arst 20.01.2023, N Tõnisson, A Rebane, T Org, T Laisk 2022. aasta inimgeneetikas 2022 Tartu Postimees 27.09.2022, Inimesegeneetika konverentsi esinejad arutlevad teemadel bakteritest &#8230;</p>
