{"id":104,"date":"2024-04-04T04:56:33","date_gmt":"2024-04-04T01:56:33","guid":{"rendered":"https:\/\/sisu.ut.ee\/estshg\/xxi-teaduskonverents-parnus-2019\/"},"modified":"2025-05-20T16:44:52","modified_gmt":"2025-05-20T13:44:52","slug":"xxi-teaduskonverents-parnus-2019","status":"publish","type":"page","link":"https:\/\/sisu.ut.ee\/estshg\/xxi-teaduskonverents-parnus-2019\/","title":{"rendered":"XXI teaduskonverents P\u00e4rnus 21.-22.11.2019"},"content":{"rendered":"<p>XXI teaduskonverents toimus P\u00e4rnus 21.-22.11.2019. <a href=\"https:\/\/sisu.ut.ee\/wp-content\/uploads\/sites\/345\/estshg_2019_konverentsi_kava.pdf\" data-fid=\"38973\">Programm\u00a0<\/a>\u00a0<a href=\"https:\/\/sisu.ut.ee\/wp-content\/uploads\/sites\/345\/abstarkti_juhend.pdf\" data-fid=\"38974\">Abstrakti juhend<\/a>\u00a0 <a href=\"https:\/\/sisu.ut.ee\/wp-content\/uploads\/sites\/345\/abstrakti_formaadijuhis.pdf\" data-fid=\"38975\">Abstrakti formaadijuhis<\/a><\/p>\n<p>Registreerumine otselingi kaudu: http:\/\/www.eformular.com\/merike\/estshg-reg.html<\/p>\n<p>Seoses konverentsi k\u00f5ikidele osalejatele rahuldustpakkuva teaduselamuse tagamiseks oleme seadnud registreerunutele piirarvu \u2013 230 kuulajat.<br>\nProgrammi koostamisel on korralduskomisjon j\u00e4tkuvalt l\u00e4htunud p\u00f5him\u00f5ttest, et \u00fckski esineja pole EstSHG aastakonverentsil v\u00e4hemalt kaks aastat esinenud.<\/p>\n<p>21. novembril esinevad: dr. Neeme T\u00f5nisson (EGV\/T\u00dc Genoomika Instituut\/SA T\u00dcK Kliinilise Geneetika Keskus), dr.J\u00fcri Reimand (University of Toronto, Ontario Institute for cancer research, Kanada) prof. Toomas Asser (T\u00dc\/SA T\u00dcK N\u00e4rvikliinik), prof. Tambet Teesalu (T\u00dc BSMI), prof. K\u00fclli Kingo (T\u00dc KMI\/SA T\u00dcK Nahahaiguste kliinik), dr.K\u00e4rt Tomberg (University of Cambridge, Wellcome Sanger Institute, Suurbritannia), dr.Leopold Parts (University of Cambridge,Wellcome Sanger Institute, Suurbritannia\/T\u00dc ATI), \u00a0prof.Jaanus Harro (T\u00dc Ps\u00fchholoogia Instituut), dr.Gaspar Epro (London South Bank University) ja dr.Marko Vendelin (TT\u00dc K\u00fcberneetika Instituut).<\/p>\n<p>22. novembril esinevad: dr. Kessy Abarenkov (T\u00dc Loodusmuuseum), dr. Urmas Saarma (T\u00dc \u00d6MI, EV teaduspreemia laureaat 2019), Lehti Saag (Eesti Biokeskus ja T\u00dc GI), prof.Andres Merits (T\u00dc TI), prof. Irja Lutsar (T\u00dc BSMI), akad. Anne Kahru (KBFI) ja konverentsile esitatud teeside p\u00f5hjal programmikomitee poolt valitud noorteadlased.<\/p>\n<p>Busside v\u00e4ljumisajad ja kohad P\u00e4rnusse:<\/p>\n<p>TARTU: 21.11.\u00a0kell 07.00 Vanemuise 46 \u00f5ppehoone eest. V\u00e4ljas\u00f5it P\u00e4rnust tagasi Tartusse 22.11.\u00a0kell 16.00<\/p>\n<p>TALLINN: 21.11.\u00a0kell 08.00 Tallinna Tehnika\u00fclikooli Loodusteaduste maja esisest parklast Akadeemia tee 15. V\u00e4ljas\u00f5it P\u00e4rnust tagasi Tallinnasse 22.11. kell 16.00<\/p>\n<p>EstSHG aastakonverentsi raames korraldatakse eesk\u00e4tt noorteadlastele ja kraadi\u00f5ppuritele suunatud teeside konkurss.<br>\nPalume konkursile esitada kas avaldamata v\u00f5i kuni 2 aasta eest avaldatud teadust\u00f6\u00f6.<\/p>\n<p>Teeside \/ abstrakti sisu v\u00f5ib maksimaalselt koosneda kuni 500-st s\u00f5nast ning peab koos pealkirja, autorite, viidete ja illustreeriva materjaliga mahtuma \u00fchele lehele. Esitamisel palume l\u00e4htuda lisatud formaadijuhistest. Teesidega koos v\u00f5ib esitada \u00fche lihtsama joonise v\u00f5i skeemi, mis peab mahtuma samale lehele.<\/p>\n<p>Esitatud t\u00f6\u00f6dest valib \u00dchingu juhatus v\u00e4lja 6 t\u00f6\u00f6d suulisteks ettekanneteks. K\u00f5ik esitatud teesid pannakse konverentsi eel \u00fchingu liikmetele k\u00e4ttesaadavana veebikeskkonda. Posterikonkursi kolme esimese t\u00f6\u00f6 esimesed autorid saavad j\u00e4rgmisel aastal ilma osav\u00f5tutasuta \u00fchingu aastakonverentsile.<\/p>\n<p>Teesid tuleb saata EstSHG e-maili-aadressile estshg@ebc.ee hiljemalt 30.09.2019. Teeside\/abstrakti esitaja on \u00fcldjuhul ka teeside esimene autor. Esitaja peab eelnevalt olema konverentsile registreerunud.<\/p>\n<p>Konverentsi osav\u00f5tutasud:<br>\n01.07-30.09 liikmele 60 eurot, mitteliikmele 90 eurot<br>\n01.10-30.10 liikmele 80 eurot, mitteliikmele 110 eurot<br>\n01.11-16.11 liikmele 100 eurot, mitteliikmele 130 eurot<br>\nOsav\u00f5tutasu sisaldab p\u00e4evast toitlustamist, konverentsi infomaterjale, \u00f5htus\u00f6\u00f6ki, ansamblit tantsuks ning transporti Tartust ja Tallinnast P\u00e4rnusse ning tagasi.<\/p>\n<p>Konverentsil osalejate majutus on eelbroneeritud ESTONIA Resort Hotel &amp; Spa-s, broneeringu tegemise m\u00e4rks\u00f5naks \u201einimesegeneetika\u201d. Kahekohalise toa hind alates 68 eurot \u00f6\u00f6 kohta.\u00a0Majutust broneerides palume teha \u00fchisbroneeringu ning kindlasti lisada juurde maksja andmed.<\/p>\n<p>Konverentsile registreerimise l\u00f5ppt\u00e4htaeg on 15.11.\u00a0kell 18.00.<\/p>\n","protected":false},"excerpt":{"rendered":"<p>XXI teaduskonverents toimus P\u00e4rnus 21.-22.11.2019. Programm\u00a0\u00a0Abstrakti juhend\u00a0 Abstrakti formaadijuhis Registreerumine otselingi kaudu: http:\/\/www.eformular.com\/merike\/estshg-reg.html Seoses konverentsi k\u00f5ikidele osalejatele rahuldustpakkuva teaduselamuse tagamiseks oleme seadnud registreerunutele piirarvu \u2013 230 kuulajat. Programmi koostamisel on korralduskomisjon j\u00e4tkuvalt l\u00e4htunud p\u00f5him\u00f5ttest, et \u00fckski esineja pole EstSHG aastakonverentsil &#8230;<\/p>\n","protected":false},"author":182,"featured_media":0,"parent":0,"menu_order":0,"comment_status":"closed","ping_status":"closed","template":"","meta":{"_acf_changed":false,"inline_featured_image":false,"footnotes":""},"class_list":["post-104","page","type-page","status-publish","hentry"],"acf":[],"_links":{"self":[{"href":"https:\/\/sisu.ut.ee\/estshg\/wp-json\/wp\/v2\/pages\/104","targetHints":{"allow":["GET"]}}],"collection":[{"href":"https:\/\/sisu.ut.ee\/estshg\/wp-json\/wp\/v2\/pages"}],"about":[{"href":"https:\/\/sisu.ut.ee\/estshg\/wp-json\/wp\/v2\/types\/page"}],"author":[{"embeddable":true,"href":"https:\/\/sisu.ut.ee\/estshg\/wp-json\/wp\/v2\/users\/182"}],"replies":[{"embeddable":true,"href":"https:\/\/sisu.ut.ee\/estshg\/wp-json\/wp\/v2\/comments?post=104"}],"version-history":[{"count":3,"href":"https:\/\/sisu.ut.ee\/estshg\/wp-json\/wp\/v2\/pages\/104\/revisions"}],"predecessor-version":[{"id":551,"href":"https:\/\/sisu.ut.ee\/estshg\/wp-json\/wp\/v2\/pages\/104\/revisions\/551"}],"wp:attachment":[{"href":"https:\/\/sisu.ut.ee\/estshg\/wp-json\/wp\/v2\/media?parent=104"}],"curies":[{"name":"wp","href":"https:\/\/api.w.org\/{rel}","templated":true}]}}