{"id":732,"date":"2026-03-20T19:27:23","date_gmt":"2026-03-20T17:27:23","guid":{"rendered":"https:\/\/sisu.ut.ee\/esterra\/?page_id=732"},"modified":"2026-03-25T13:22:20","modified_gmt":"2026-03-25T11:22:20","slug":"palivere-linnamagi","status":"publish","type":"page","link":"https:\/\/sisu.ut.ee\/esterra\/palivere-linnamagi\/","title":{"rendered":"Palivere linnam\u00e4gi"},"content":{"rendered":"<p>Heiki Valk<\/p>\n\n\n\n<p><\/p>\n\n\n\n<p>Palivere linnam\u00e4ge, mis asub L\u00e4\u00e4nemaal L\u00e4\u00e4ne-Nigula kihelkonnas, ei olnud varem uuritud ja muistise vanus polnud teada. Linnusekoht kannab ka Pikajalam\u00e4e ja Vallidepealse nime. Ligi meetri k\u00f5rgune poolkaare kujuline vall, mis piirab suurt, l\u00e4\u00e4nes j\u00e4rsakuga k\u00fclgnevat \u00f5ueala, lubas oletada, et linnus v\u00f5iks olla p\u00e4rit muinasaja l\u00f5pust.<\/p>\n\n\n\n<p>Linnuse vall oli m\u00f5ne aasta eest saanud kahjustada, kui l\u00e4bi varasema kitsa teekoha l\u00fckati\u00a0 buldooseriga sisse kettagolfi rada. Kaevand linnusevalli uurimiseks tehti selle l\u00e4bil\u00f5ike serva.<\/p>\n\n\n\n<p>Selgus, et liivast kuhjatud linnusevalli sisek\u00fclge oli toetanud j\u00e4medatele, ligi 30 cm paksustele postidele tuginev puitvooderdis. See tugisein oli tules h\u00e4vinud ja varisev vall oli p\u00f5levad tukid enda alla matnud. Kaevamistel ei saadud \u00fchtegi esemeleidu. Selgeks sai ka see, et valli sisek\u00fcljel ei ole kultuurkihti. Niisiis on p\u00f5lema pandud alles ehitamisj\u00e4rgus olev linnus, mis ei ole valmis saanudki. Sellele, et ehitamine pooleli j\u00e4i, viitab asjaolu, et kaarjast linnusevallist on ligi kuuek\u00fcmne meetri pikkune l\u00f5ik puudu. Ilmselt oli ehitust\u00f6\u00f6 jaotatud erinevate kogukondade \u2013 k\u00fclade v\u00f5i k\u00fclakondade vahel. \u00dched on t\u00f6\u00f6ga varem valmis saanud, teised pole aga oma osaga j\u00f5udnud alustadagi \u2013 enne on tulnud aegade muudatus ja pooleliolev linnus on maha p\u00f5letatud. Linnuse vanuse saab kindlaks teha tukkidest v\u00f5etud radios\u00fcsinikuproovide abil<\/p>\n\n\n\n<figure class=\"wp-block-image size-large is-resized\"><img loading=\"lazy\" decoding=\"async\" width=\"1024\" height=\"678\" src=\"https:\/\/sisu.ut.ee\/wp-content\/uploads\/sites\/625\/DSC_2823-1024x678.jpg\" alt=\"\" class=\"wp-image-733\" style=\"width:819px;height:auto\" srcset=\"https:\/\/sisu.ut.ee\/wp-content\/uploads\/sites\/625\/DSC_2823-1024x678.jpg 1024w, https:\/\/sisu.ut.ee\/wp-content\/uploads\/sites\/625\/DSC_2823-300x199.jpg 300w, https:\/\/sisu.ut.ee\/wp-content\/uploads\/sites\/625\/DSC_2823-768x509.jpg 768w, https:\/\/sisu.ut.ee\/wp-content\/uploads\/sites\/625\/DSC_2823-1920x1272.jpg 1920w\" sizes=\"auto, (max-width: 1024px) 100vw, 1024px\"><\/figure>\n\n\n\n<p>V\u00e4ike kaevand tehti linnusevalli kohta, mis oli buldooseriga kahjustatud.<\/p>\n\n\n\n<figure class=\"wp-block-image size-large is-resized\"><img loading=\"lazy\" decoding=\"async\" width=\"1024\" height=\"678\" src=\"https:\/\/sisu.ut.ee\/wp-content\/uploads\/sites\/625\/DSC_2822-algab-IV-k-1024x678.jpg\" alt=\"\" class=\"wp-image-734\" style=\"aspect-ratio:1.5104364326375712;width:816px;height:auto\" srcset=\"https:\/\/sisu.ut.ee\/wp-content\/uploads\/sites\/625\/DSC_2822-algab-IV-k-1024x678.jpg 1024w, https:\/\/sisu.ut.ee\/wp-content\/uploads\/sites\/625\/DSC_2822-algab-IV-k-300x199.jpg 300w, https:\/\/sisu.ut.ee\/wp-content\/uploads\/sites\/625\/DSC_2822-algab-IV-k-768x509.jpg 768w, https:\/\/sisu.ut.ee\/wp-content\/uploads\/sites\/625\/DSC_2822-algab-IV-k-1920x1272.jpg 1920w\" sizes=\"auto, (max-width: 1024px) 100vw, 1024px\"><\/figure>\n\n\n\n<p>Linnusevalli liiva alla olid j\u00e4\u00e4nud valli sisek\u00fclge toestanud tukid.<\/p>\n","protected":false},"excerpt":{"rendered":"<p>Heiki Valk Palivere linnam\u00e4ge, mis asub L\u00e4\u00e4nemaal L\u00e4\u00e4ne-Nigula kihelkonnas, ei olnud varem uuritud ja muistise vanus polnud teada. Linnusekoht kannab ka Pikajalam\u00e4e ja Vallidepealse nime. Ligi meetri k\u00f5rgune poolkaare kujuline vall, mis piirab suurt, l\u00e4\u00e4nes j\u00e4rsakuga k\u00fclgnevat \u00f5ueala, lubas oletada, &#8230;<\/p>\n","protected":false},"author":312,"featured_media":0,"parent":0,"menu_order":0,"comment_status":"closed","ping_status":"closed","template":"","meta":{"_acf_changed":false,"inline_featured_image":false,"footnotes":""},"class_list":["post-732","page","type-page","status-publish","hentry"],"acf":[],"_links":{"self":[{"href":"https:\/\/sisu.ut.ee\/esterra\/wp-json\/wp\/v2\/pages\/732","targetHints":{"allow":["GET"]}}],"collection":[{"href":"https:\/\/sisu.ut.ee\/esterra\/wp-json\/wp\/v2\/pages"}],"about":[{"href":"https:\/\/sisu.ut.ee\/esterra\/wp-json\/wp\/v2\/types\/page"}],"author":[{"embeddable":true,"href":"https:\/\/sisu.ut.ee\/esterra\/wp-json\/wp\/v2\/users\/312"}],"replies":[{"embeddable":true,"href":"https:\/\/sisu.ut.ee\/esterra\/wp-json\/wp\/v2\/comments?post=732"}],"version-history":[{"count":2,"href":"https:\/\/sisu.ut.ee\/esterra\/wp-json\/wp\/v2\/pages\/732\/revisions"}],"predecessor-version":[{"id":737,"href":"https:\/\/sisu.ut.ee\/esterra\/wp-json\/wp\/v2\/pages\/732\/revisions\/737"}],"wp:attachment":[{"href":"https:\/\/sisu.ut.ee\/esterra\/wp-json\/wp\/v2\/media?parent=732"}],"curies":[{"name":"wp","href":"https:\/\/api.w.org\/{rel}","templated":true}]}}