{"id":430,"date":"2025-03-03T15:33:47","date_gmt":"2025-03-03T13:33:47","guid":{"rendered":"https:\/\/sisu.ut.ee\/esterra\/?page_id=430"},"modified":"2026-03-25T13:09:39","modified_gmt":"2026-03-25T11:09:39","slug":"valitooulevaated-archaeological-fieldwork-in-estonia","status":"publish","type":"page","link":"https:\/\/sisu.ut.ee\/esterra\/valitooulevaated-archaeological-fieldwork-in-estonia\/","title":{"rendered":"V\u00e4lit\u00f6\u00f6\u00fclevaated (Archaeological Fieldwork in Estonia)"},"content":{"rendered":"<p>E. Russow, U. Kadakas, R. Rammo &amp; A. Haak 2023. Archaeological Fieldwork in 2023. Archaeological Fieldwork in Estonia 2023, 9\u201344. <strong><a href=\"https:\/\/sisu.ut.ee\/wp-content\/uploads\/sites\/625\/AVE2023_01_AVE2023_Introduction.pdf\">PDF<\/a><\/strong><\/p>\n\n\n\n<p><strong>Hiiumaa<\/strong><\/p>\n\n\n\n<p>M. Reppo &amp; M. Malve 2023. Archaeological studies at P\u00fchalepa Churchyard in Hiiumaa (2021\u20132022). Archaeological Fieldwork in Estonia 2022, 189\u2013200. <a href=\"https:\/\/sisu.ut.ee\/wp-content\/uploads\/sites\/625\/AVE2022_Puhalepa-181.pdf\"><strong>PDF<\/strong><\/a><\/p>\n\n\n\n<p><strong>L\u00e4\u00e4nemaa<\/strong><\/p>\n\n\n\n<p>H. Valk &amp; L. L. Leiman. 2025. Excavations on two Late Iron Age strongholds in western Estonia: Ridala and Kedre (Leedik\u00fcla). Archaeological Fieldwork in Estonia 2024, 111-120. <strong><a href=\"https:\/\/sisu.ut.ee\/wp-content\/uploads\/sites\/625\/AVE2024_09_VALK-LEIMAN_linnused.pdf\" data-type=\"link\" data-id=\"https:\/\/sisu.ut.ee\/wp-content\/uploads\/sites\/625\/AVE2024_09_VALK-LEIMAN_linnused.pdf\">PDF<\/a><\/strong><\/p>\n\n\n\n<p><strong>P\u00e4rnumaa<\/strong><\/p>\n\n\n\n<p>H. Valk.  2024. Trial excavations at Vatla ring fort in western Estonia. Archaeological Fieldwork in Estonia 2023, 131\u2013138. <strong><a href=\"https:\/\/sisu.ut.ee\/wp-content\/uploads\/sites\/625\/AVE2023_Vatla-10_VALK_Vatla.pdf\">PDF<\/a><\/strong><\/p>\n\n\n\n<p><strong>Saaremaa<\/strong>:<\/p>\n\n\n\n<p>M. M\u00e4gi, H. T\u00f5nisson &amp; O. Harjo 2023. Archaeological and ground penetrating radar investigations around Valjala, P\u00f6ide and Kaarma hill forts in Saaremaa. Archaeological Fieldwork in Estonia 2022, 71\u201390. PDF<\/p>\n\n\n\n<p>M. M\u00e4gi 2024. Valjala hill fort in Saaremaa. Archaeological Fieldwork in Estonia 2023. <a href=\"https:\/\/sisu.ut.ee\/wp-content\/uploads\/sites\/625\/09_MAGI_Valjala.pdf\"><strong>PDF<\/strong><\/a><\/p>\n\n\n\n<p>A. Unt, R. Saage, K. Oks &amp; J. Peets 2023. Excavations at the Tuiu iron-smelting site, Saaremaa. Archaeological Fieldwork in Estonia 2022, 99\u2013106. <a href=\"https:\/\/sisu.ut.ee\/wp-content\/uploads\/sites\/625\/AVE2022_08-Tuiu.pdf\"><strong>PDF<\/strong><\/a><\/p>\n\n\n\n<p><strong>Tallinn<\/strong><\/p>\n\n\n\n<p>M. Reppo, S. Nuut, M. Malve &amp; R. Saage 2023. Niguliste Street in Tallinn in the 13th\u201314th century. Archaeological Fieldwork in Estonia 2022, 129\u2013136. PDF<\/p>\n\n\n\n<p><strong>Tartumaa<\/strong><\/p>\n\n\n\n<p>H. Valk &amp; A. Vindi 2025. Three recently discovered hill forts in south-eastern Estonia: P\u00fchik\u00fcla, Luke, and Valgesoo. Archaeological Fieldwork in Estonia 2024, 67-76. <strong><a href=\"https:\/\/sisu.ut.ee\/wp-content\/uploads\/sites\/625\/AVE2024_04_VALK-VINDI_Pyhikyla_Luke_Valgesoo.pdf\">PDF<\/a><\/strong><\/p>\n\n\n\n<p><strong>Viljandimaa<\/strong><\/p>\n\n\n\n<p>H. Valk 2023. The discovered hill fort of Holstre-Polli in Viljandimaa. Archaeological Fieldwork in Estonia 2022, 67\u201372. <strong><a href=\"https:\/\/sisu.ut.ee\/wp-content\/uploads\/sites\/625\/AVE2022_-Holstre-05.pdf\">PDF<\/a><\/strong><\/p>\n\n\n\n<p>H. Valk 2023. Archaeological investigations in the western room of the \u2018Clergy house\u2019 of the Teutonic Order Castle in Viljandi. Archaeological Fieldwork in Estonia 2022, 157\u2013170. <strong><a href=\"https:\/\/sisu.ut.ee\/wp-content\/uploads\/sites\/625\/AVE2022_15-Viljandi-linnus-15.pdf\">PDF<\/a><\/strong><\/p>\n\n\n\n<p>H. Valk &amp; M. Raudsepp 2024. Archaeological investigations in the middle room of the \u2018Clergy House\u2019 of the Teutonic Order Castle in Viljandi. Archaeological Fieldwork in Estonia 2023, 207\u2013214. <strong><a href=\"https:\/\/sisu.ut.ee\/wp-content\/uploads\/sites\/625\/AVE2023_16_Viljandi-linnus-VALK_RAUDSEPP.pdf\">PDF<\/a><\/strong><\/p>\n\n\n\n<p>H. Valk &amp; R. Suni 2024. Excavations of besieging constructions from 1223 and Final Iron Age occupation layers on the Ski-jumping Hill in Viljandi. Archaeological Fieldwork in Estonia 2023, 139\u2013146. <strong><a href=\"https:\/\/sisu.ut.ee\/wp-content\/uploads\/sites\/625\/AVE2023_Viljand-11_VALK_SUNI_Viljandi.pdf\">PDF<\/a><\/strong><\/p>\n\n\n\n<p><strong>Virumaa<\/strong><\/p>\n\n\n\n<p>M. Malve &amp; A. Lillak 2023. Inju Vanatoa rural cemetery in L\u00e4\u00e4ne-Viru County. Archaeological Fieldwork in Estonia 2022, 201\u2013210. <strong><a href=\"https:\/\/sisu.ut.ee\/wp-content\/uploads\/sites\/625\/AVE2022_Inju191.pdf\">PDF<\/a><\/strong><\/p>\n\n\n\n<p>S. Jegorov, K. Oks, K. Sikk &amp; R. Saage 2023. The Iron Smelting Complex of Rihula. Archaeological Fieldwork in Estonia 2022, 107\u2013114. <strong><a href=\"https:\/\/sisu.ut.ee\/wp-content\/uploads\/sites\/625\/AVE2022_Rihula-09.pdf\">PDF<\/a><\/strong><\/p>\n\n\n\n<p>K. Siig, V. Kadakas &amp; R. Saage 2024. Archaeological studies on Purtse Taram\u00e4gi hill fort, Ida-Virumaa County. Archaeological Fieldwork in Estonia 2023, 105\u2013116. <strong><a href=\"https:\/\/sisu.ut.ee\/wp-content\/uploads\/sites\/625\/AVE2023_Purtse-08_SIIG_jt_Purtse_Taram2gi.pdf\">PDF<\/a><\/strong><\/p>\n\n\n\n<p><strong>V\u00f5rumaa<\/strong><\/p>\n\n\n\n<p>H. Valk, M.-A. Blehner, M. Malve, R. Rammo &amp; K. Kajak 2024. Excavations on the medieval village cemetery of Loosi at the eastern border of V\u00f5rumaa. Archaeological Fieldwork in Estonia 2023, 147\u2013168. <strong><a href=\"https:\/\/sisu.ut.ee\/wp-content\/uploads\/sites\/625\/AVE2023_12_Loosi-VALK_jt.pdf\">PDF<\/a><\/strong><\/p>\n","protected":false},"excerpt":{"rendered":"<p>E. Russow, U. Kadakas, R. Rammo &amp; A. Haak 2023. Archaeological Fieldwork in 2023. Archaeological Fieldwork in Estonia 2023, 9\u201344. PDF Hiiumaa M. Reppo &amp; M. Malve 2023. Archaeological studies at P\u00fchalepa Churchyard in Hiiumaa (2021\u20132022). Archaeological Fieldwork in Estonia &#8230;<\/p>\n","protected":false},"author":798,"featured_media":0,"parent":0,"menu_order":0,"comment_status":"closed","ping_status":"closed","template":"","meta":{"_acf_changed":false,"inline_featured_image":false,"footnotes":""},"class_list":["post-430","page","type-page","status-publish","hentry"],"acf":[],"_links":{"self":[{"href":"https:\/\/sisu.ut.ee\/esterra\/wp-json\/wp\/v2\/pages\/430","targetHints":{"allow":["GET"]}}],"collection":[{"href":"https:\/\/sisu.ut.ee\/esterra\/wp-json\/wp\/v2\/pages"}],"about":[{"href":"https:\/\/sisu.ut.ee\/esterra\/wp-json\/wp\/v2\/types\/page"}],"author":[{"embeddable":true,"href":"https:\/\/sisu.ut.ee\/esterra\/wp-json\/wp\/v2\/users\/798"}],"replies":[{"embeddable":true,"href":"https:\/\/sisu.ut.ee\/esterra\/wp-json\/wp\/v2\/comments?post=430"}],"version-history":[{"count":8,"href":"https:\/\/sisu.ut.ee\/esterra\/wp-json\/wp\/v2\/pages\/430\/revisions"}],"predecessor-version":[{"id":799,"href":"https:\/\/sisu.ut.ee\/esterra\/wp-json\/wp\/v2\/pages\/430\/revisions\/799"}],"wp:attachment":[{"href":"https:\/\/sisu.ut.ee\/esterra\/wp-json\/wp\/v2\/media?parent=430"}],"curies":[{"name":"wp","href":"https:\/\/api.w.org\/{rel}","templated":true}]}}