{"id":413,"date":"2025-02-28T18:44:41","date_gmt":"2025-02-28T16:44:41","guid":{"rendered":"https:\/\/sisu.ut.ee\/esterra\/?page_id=413"},"modified":"2025-03-06T11:49:29","modified_gmt":"2025-03-06T09:49:29","slug":"valjala-maalinn","status":"publish","type":"page","link":"https:\/\/sisu.ut.ee\/esterra\/valjala-maalinn\/","title":{"rendered":"Valjala maalinn"},"content":{"rendered":"<p><\/p>\n\n\n\n<p><strong>Valjala<\/strong><\/p>\n\n\n\n<p>2023.-24. aasta suvel toimusid arheoloogilised kaevamised <strong>Valjala maalinnal<\/strong> Saaremaal. Neid viis l\u00e4bi SA Osiliana koost\u00f6\u00f6s Esterra projektiga. Kahes kohas puhastati v\u00e4lja linnuse varasem, \u00fcleni kividest ehitatud 12. sajandi vall, mis meenutab \u00d6landi samaaegsete linnuste valle. Hiljem on kindlustusi tugevdatud kahel korral muldvalliga. Loe l\u00e4hemalt <a href=\"https:\/\/osiliana.eu\/uudised\/\">https:\/\/osiliana.eu\/uudised\/<\/a>.\u00a0<\/p>\n\n\n\n<p>Foundation Osiliana, in cooperation with the Esterra Project, excavated the hillfort of Valjala in Saaremaa in summer 2023. Two trenches uncovered 12<sup>th<\/sup>-century dry stone wall, which resembled fortifications of contemporary ringforts on the Swedish island \u00d6land. The hillfort of Valjala had later been fortified with two earth ramparts. Additional reading <a href=\"https:\/\/osiliana.eu\/en\/news\/\">https:\/\/osiliana.eu\/en\/news\/<\/a>.\u00a0<\/p>\n\n\n\n<p><\/p>\n\n\n\n<figure class=\"wp-block-image size-large is-resized\"><img loading=\"lazy\" decoding=\"async\" width=\"1024\" height=\"584\" src=\"https:\/\/sisu.ut.ee\/wp-content\/uploads\/sites\/625\/image-1024x584.png\" alt=\"\" class=\"wp-image-511\" style=\"width:1268px;height:auto\" srcset=\"https:\/\/sisu.ut.ee\/wp-content\/uploads\/sites\/625\/image-1024x584.png 1024w, https:\/\/sisu.ut.ee\/wp-content\/uploads\/sites\/625\/image-300x171.png 300w, https:\/\/sisu.ut.ee\/wp-content\/uploads\/sites\/625\/image-768x438.png 768w, https:\/\/sisu.ut.ee\/wp-content\/uploads\/sites\/625\/image.png 1486w\" sizes=\"auto, (max-width: 1024px) 100vw, 1024px\"><\/figure>\n\n\n\n<p>Valjala maalinn kaevamiste ajal. Foto SA Osiliana \/ Erakogu<\/p>\n\n\n\n<figure class=\"wp-block-image size-large is-resized\"><img loading=\"lazy\" decoding=\"async\" width=\"865\" height=\"1024\" src=\"https:\/\/sisu.ut.ee\/wp-content\/uploads\/sites\/625\/image-1-865x1024.png\" alt=\"\" class=\"wp-image-513\" style=\"width:1268px;height:auto\" srcset=\"https:\/\/sisu.ut.ee\/wp-content\/uploads\/sites\/625\/image-1-865x1024.png 865w, https:\/\/sisu.ut.ee\/wp-content\/uploads\/sites\/625\/image-1-254x300.png 254w, https:\/\/sisu.ut.ee\/wp-content\/uploads\/sites\/625\/image-1-768x909.png 768w, https:\/\/sisu.ut.ee\/wp-content\/uploads\/sites\/625\/image-1.png 944w\" sizes=\"auto, (max-width: 865px) 100vw, 865px\"><\/figure>\n\n\n\n<p>Valjala maalinna valli kivis\u00fcdamiku v\u00e4lisk\u00fcljele on hiljem lisatud paks savi- ja mullakiht \u2013 arvatavasti kaitseks katapultide heitekivide vastu. Foto SA Osiliana<\/p>\n","protected":false},"excerpt":{"rendered":"<p>Valjala 2023.-24. aasta suvel toimusid arheoloogilised kaevamised Valjala maalinnal Saaremaal. Neid viis l\u00e4bi SA Osiliana koost\u00f6\u00f6s Esterra projektiga. Kahes kohas puhastati v\u00e4lja linnuse varasem, \u00fcleni kividest ehitatud 12. sajandi vall, mis meenutab \u00d6landi samaaegsete linnuste valle. Hiljem on kindlustusi tugevdatud &#8230;<\/p>\n","protected":false},"author":798,"featured_media":0,"parent":0,"menu_order":0,"comment_status":"closed","ping_status":"closed","template":"","meta":{"_acf_changed":false,"inline_featured_image":false,"footnotes":""},"class_list":["post-413","page","type-page","status-publish","hentry"],"acf":[],"_links":{"self":[{"href":"https:\/\/sisu.ut.ee\/esterra\/wp-json\/wp\/v2\/pages\/413","targetHints":{"allow":["GET"]}}],"collection":[{"href":"https:\/\/sisu.ut.ee\/esterra\/wp-json\/wp\/v2\/pages"}],"about":[{"href":"https:\/\/sisu.ut.ee\/esterra\/wp-json\/wp\/v2\/types\/page"}],"author":[{"embeddable":true,"href":"https:\/\/sisu.ut.ee\/esterra\/wp-json\/wp\/v2\/users\/798"}],"replies":[{"embeddable":true,"href":"https:\/\/sisu.ut.ee\/esterra\/wp-json\/wp\/v2\/comments?post=413"}],"version-history":[{"count":3,"href":"https:\/\/sisu.ut.ee\/esterra\/wp-json\/wp\/v2\/pages\/413\/revisions"}],"predecessor-version":[{"id":515,"href":"https:\/\/sisu.ut.ee\/esterra\/wp-json\/wp\/v2\/pages\/413\/revisions\/515"}],"wp:attachment":[{"href":"https:\/\/sisu.ut.ee\/esterra\/wp-json\/wp\/v2\/media?parent=413"}],"curies":[{"name":"wp","href":"https:\/\/api.w.org\/{rel}","templated":true}]}}