{"id":243,"date":"2025-02-28T12:36:25","date_gmt":"2025-02-28T10:36:25","guid":{"rendered":"https:\/\/sisu.ut.ee\/esterra\/?page_id=243"},"modified":"2025-03-07T13:30:14","modified_gmt":"2025-03-07T11:30:14","slug":"urvaste-ala-kortsi-kalmistu","status":"publish","type":"page","link":"https:\/\/sisu.ut.ee\/esterra\/urvaste-ala-kortsi-kalmistu\/","title":{"rendered":"Urvaste Ala-K\u00f5rtsi kalmistu"},"content":{"rendered":"<p><\/p>\n\n\n\n<p>Ala-K\u00f5rtsi kalmistu Urvaste l\u00e4hedal<\/p>\n\n\n\n<p>Heiki Valk, Tartu \u00dclikool<\/p>\n\n\n\n<p><a><\/a>Ala-K\u00f5rtsi kalmistu Urvaste kiriku l\u00e4histel Visela j\u00f5e kaldal sai arheoloogidele teatavaks 2017. aastal. Siis toimusid muistisel, mida r\u00f6\u00f6vdetektoristid olid varem korduvalt r\u00fc\u00fcstanud, p\u00f5hjalikud detektoriuuringud ning v\u00e4lja puhastati ka \u00fcks luustik. Toonane leiuaines n\u00e4itab, et laibamatustega kalmistu oli kasutusel 13. sajandi algupoolel ja keskpaiku \u2013 t\u00f5en\u00e4oliselt alates Ugandi ristiusustamisest kuni Urvaste kiriku ehitamiseni ja keskse kalmistu rajamiseni kirikaeda.<\/p>\n\n\n\n<p>2024. aastal otsiti matuste asukohti kitsaste proovikraavidega. Kokku leiti kuus luustikku, millest viis asusid ligistikku, 2017. aastal uuritud matuse vahetus l\u00e4heduses. Hauad olid sedav\u00f5rd madalad, et k\u00f5ik koljud olid k\u00fcndmisega purustatud. \u00dchte hauda olid s\u00e4ngitatud mees ja naine\u00a0 keskaegsel V\u00f5rumaal levinud kombe kohaselt peadega vastassuundades: mees peaga edelasse, naine kirdesse.<\/p>\n\n\n\n<p>Naise kaela \u00fcmbrusest leiti rohkelt helmeid ja kauriteokarpe. Lisaks oli tal kaasas nuga, hoburauds\u00f5lg ja paremas k\u00e4es kaks s\u00f5rmust. Maetu selja all ning parema puusaluu ja vasaku reieluu k\u00f5rval olid s\u00e4ilinud vasesulamist spiraaltorukestest mustrid koos tekstiiliga, mis v\u00f5eti \u00fcles monoliitidena. Naise k\u00f5hul oli imiku skelett, kelle pea suund edelasse viitab sellele, et tegemist oli poisslapsega.<\/p>\n\n\n\n<p>K\u00fcndmisega oli peaaegu t\u00e4iesti h\u00e4vitatud veel \u00fche naise luustik, millest olid s\u00e4ilinud vaid s\u00e4\u00e4reluud ja osa k\u00e4elaba luid. S\u00e4\u00e4reluude vahelt ja pealt leiti neli rida vasesulamist spiraaltorukestest ilustusi. Need v\u00f5ivad p\u00e4rineda s\u00e4\u00e4rem\u00e4histest.<\/p>\n\n\n\n<p>K\u00fcnnikihist s\u00fcgavamal v\u00e4lja joonistunud ja t\u00e4iskasvanu matusele viitav 1,6 meetri pikkune haualohk osutus t\u00fchjaks. Kuigi luustikku ei olnud, leiti selle p\u00f5hjast lahkunule kaasa pandud esemeid: keskkohast kaks k\u00e4ev\u00f5ru ning \u00fchest otsast nuga ja tuleraud koos mitme tulekivit\u00fckiga.<\/p>\n\n\n\n<p>Kalmistu t\u00e4iendavatel detektoriuuringutel avastati m\u00f5ned v\u00e4ikesed metallesemed, sealhulgas kaks h\u00f5bek\u00e4ev\u00f5ru t\u00fckki ja v\u00e4ikese h\u00f5bedast \u00fcmarripatsi katke. Need leiud n\u00e4itavad, et tegemist oli j\u00f5uka rahva matusepaigaga. K\u00f5ik leiud viitavad kalmistu kasutamisele 13. sajandil.<\/p>\n\n\n\n<p>Fotod Heiki Valk.<\/p>\n\n\n\n<figure class=\"wp-block-image size-large\"><img loading=\"lazy\" decoding=\"async\" width=\"1024\" height=\"678\" src=\"https:\/\/sisu.ut.ee\/wp-content\/uploads\/sites\/625\/DSC_8514-1024x678.jpg\" alt=\"\" class=\"wp-image-265\" srcset=\"https:\/\/sisu.ut.ee\/wp-content\/uploads\/sites\/625\/DSC_8514-1024x678.jpg 1024w, https:\/\/sisu.ut.ee\/wp-content\/uploads\/sites\/625\/DSC_8514-300x199.jpg 300w, https:\/\/sisu.ut.ee\/wp-content\/uploads\/sites\/625\/DSC_8514-768x509.jpg 768w, https:\/\/sisu.ut.ee\/wp-content\/uploads\/sites\/625\/DSC_8514-1536x1017.jpg 1536w, https:\/\/sisu.ut.ee\/wp-content\/uploads\/sites\/625\/DSC_8514-2048x1356.jpg 2048w, https:\/\/sisu.ut.ee\/wp-content\/uploads\/sites\/625\/DSC_8514-1920x1272.jpg 1920w\" sizes=\"auto, (max-width: 1024px) 100vw, 1024px\"><\/figure>\n\n\n\n<p>Ala-K\u00f5rtsi kalmistu asub Urvaste kirikust v\u00e4hem kui poole kilomeetri kaugusel.<\/p>\n\n\n\n<figure class=\"wp-block-image size-large is-resized\"><img loading=\"lazy\" decoding=\"async\" width=\"1024\" height=\"678\" src=\"https:\/\/sisu.ut.ee\/wp-content\/uploads\/sites\/625\/DSC_8849-1024x678.jpg\" alt=\"\" class=\"wp-image-268\" style=\"width:1027px;height:auto\" srcset=\"https:\/\/sisu.ut.ee\/wp-content\/uploads\/sites\/625\/DSC_8849-1024x678.jpg 1024w, https:\/\/sisu.ut.ee\/wp-content\/uploads\/sites\/625\/DSC_8849-300x199.jpg 300w, https:\/\/sisu.ut.ee\/wp-content\/uploads\/sites\/625\/DSC_8849-768x509.jpg 768w, https:\/\/sisu.ut.ee\/wp-content\/uploads\/sites\/625\/DSC_8849-1536x1017.jpg 1536w, https:\/\/sisu.ut.ee\/wp-content\/uploads\/sites\/625\/DSC_8849-2048x1356.jpg 2048w, https:\/\/sisu.ut.ee\/wp-content\/uploads\/sites\/625\/DSC_8849-1920x1272.jpg 1920w\" sizes=\"auto, (max-width: 1024px) 100vw, 1024px\"><\/figure>\n\n\n\n<p>Kolmikmatuse v\u00e4ljapuhastamine Urvaste Ala-K\u00f5rtsi kalmistul. Foto Heiki Valk<\/p>\n\n\n\n<figure class=\"wp-block-image size-large is-resized\"><img loading=\"lazy\" decoding=\"async\" width=\"1920\" height=\"2560\" src=\"https:\/\/sisu.ut.ee\/wp-content\/uploads\/sites\/625\/DJI_20240829180413_0122_D-edited-scaled.jpg\" alt=\"\" class=\"wp-image-588\" style=\"width:802px;height:auto\" srcset=\"https:\/\/sisu.ut.ee\/wp-content\/uploads\/sites\/625\/DJI_20240829180413_0122_D-edited-scaled.jpg 1920w, https:\/\/sisu.ut.ee\/wp-content\/uploads\/sites\/625\/DJI_20240829180413_0122_D-edited-225x300.jpg 225w, https:\/\/sisu.ut.ee\/wp-content\/uploads\/sites\/625\/DJI_20240829180413_0122_D-edited-768x1024.jpg 768w, https:\/\/sisu.ut.ee\/wp-content\/uploads\/sites\/625\/DJI_20240829180413_0122_D-edited-1152x1536.jpg 1152w, https:\/\/sisu.ut.ee\/wp-content\/uploads\/sites\/625\/DJI_20240829180413_0122_D-edited-1536x2048.jpg 1536w\" sizes=\"auto, (max-width: 1920px) 100vw, 1920px\"><\/figure>\n\n\n\n<p>Urvaste Ala-K\u00f5rtsi kalmistu \u00fchte hauda maetud mehe ja naise luustikud, kelle pead on V\u00f5rumaa keskaegse kombe kohaselt vastandsuunas. Droonifoto Silver J\u00e4ger.<\/p>\n\n\n\n<figure class=\"wp-block-image size-large\"><img loading=\"lazy\" decoding=\"async\" width=\"1024\" height=\"678\" src=\"https:\/\/sisu.ut.ee\/wp-content\/uploads\/sites\/625\/DSC_8877-1024x678.jpg\" alt=\"\" class=\"wp-image-273\" srcset=\"https:\/\/sisu.ut.ee\/wp-content\/uploads\/sites\/625\/DSC_8877-1024x678.jpg 1024w, https:\/\/sisu.ut.ee\/wp-content\/uploads\/sites\/625\/DSC_8877-300x199.jpg 300w, https:\/\/sisu.ut.ee\/wp-content\/uploads\/sites\/625\/DSC_8877-768x509.jpg 768w, https:\/\/sisu.ut.ee\/wp-content\/uploads\/sites\/625\/DSC_8877-1536x1017.jpg 1536w, https:\/\/sisu.ut.ee\/wp-content\/uploads\/sites\/625\/DSC_8877-2048x1356.jpg 2048w, https:\/\/sisu.ut.ee\/wp-content\/uploads\/sites\/625\/DSC_8877-1920x1272.jpg 1920w\" sizes=\"auto, (max-width: 1024px) 100vw, 1024px\"><\/figure>\n\n\n\n<p>Spiraaltorukestest kaunistused k\u00fcndmisega h\u00e4vitatud naisematuse s\u00e4\u00e4reluude juures. Foto Heiki Valk<\/p>\n","protected":false},"excerpt":{"rendered":"<p>Ala-K\u00f5rtsi kalmistu Urvaste l\u00e4hedal Heiki Valk, Tartu \u00dclikool Ala-K\u00f5rtsi kalmistu Urvaste kiriku l\u00e4histel Visela j\u00f5e kaldal sai arheoloogidele teatavaks 2017. aastal. Siis toimusid muistisel, mida r\u00f6\u00f6vdetektoristid olid varem korduvalt r\u00fc\u00fcstanud, p\u00f5hjalikud detektoriuuringud ning v\u00e4lja puhastati ka \u00fcks luustik. Toonane leiuaines &#8230;<\/p>\n","protected":false},"author":798,"featured_media":0,"parent":0,"menu_order":0,"comment_status":"closed","ping_status":"closed","template":"","meta":{"_acf_changed":false,"inline_featured_image":false,"footnotes":""},"class_list":["post-243","page","type-page","status-publish","hentry"],"acf":[],"_links":{"self":[{"href":"https:\/\/sisu.ut.ee\/esterra\/wp-json\/wp\/v2\/pages\/243","targetHints":{"allow":["GET"]}}],"collection":[{"href":"https:\/\/sisu.ut.ee\/esterra\/wp-json\/wp\/v2\/pages"}],"about":[{"href":"https:\/\/sisu.ut.ee\/esterra\/wp-json\/wp\/v2\/types\/page"}],"author":[{"embeddable":true,"href":"https:\/\/sisu.ut.ee\/esterra\/wp-json\/wp\/v2\/users\/798"}],"replies":[{"embeddable":true,"href":"https:\/\/sisu.ut.ee\/esterra\/wp-json\/wp\/v2\/comments?post=243"}],"version-history":[{"count":9,"href":"https:\/\/sisu.ut.ee\/esterra\/wp-json\/wp\/v2\/pages\/243\/revisions"}],"predecessor-version":[{"id":591,"href":"https:\/\/sisu.ut.ee\/esterra\/wp-json\/wp\/v2\/pages\/243\/revisions\/591"}],"wp:attachment":[{"href":"https:\/\/sisu.ut.ee\/esterra\/wp-json\/wp\/v2\/media?parent=243"}],"curies":[{"name":"wp","href":"https:\/\/api.w.org\/{rel}","templated":true}]}}