{"id":12,"date":"2024-04-03T23:11:48","date_gmt":"2024-04-03T20:11:48","guid":{"rendered":"https:\/\/sisu.ut.ee\/ester\/kataloogi-osa-valimine-0\/"},"modified":"2025-04-28T22:01:15","modified_gmt":"2025-04-28T19:01:15","slug":"kataloogi-osa-valimine-0","status":"publish","type":"page","link":"https:\/\/sisu.ut.ee\/ester\/kataloogi-osa-valimine-0\/","title":{"rendered":"Kataloogi osa valimine"},"content":{"rendered":"<p>Vaikimisi tehakse otsing ESTERI-i t\u00e4ielikus kataloogis, mis h\u00f5lmab nii Tartu kui ka Tallinna raamatukogusid. Kindla raamatukogu valimiseks kl\u00f5psake kataloogi avalehel K\u00d5IK RAAMATUKOGUD ning valige soovitud raamatukogu.<\/p>\n<p><img loading=\"lazy\" decoding=\"async\" class=\"alignnone size-full wp-image-139\" src=\"https:\/\/sisu.ut.ee\/wp-content\/uploads\/sites\/31\/koik-rkd.png\" alt=\"\" width=\"922\" height=\"639\" srcset=\"https:\/\/sisu.ut.ee\/wp-content\/uploads\/sites\/31\/koik-rkd.png 922w, https:\/\/sisu.ut.ee\/wp-content\/uploads\/sites\/31\/koik-rkd-300x208.png 300w, https:\/\/sisu.ut.ee\/wp-content\/uploads\/sites\/31\/koik-rkd-768x532.png 768w\" sizes=\"auto, (max-width: 922px) 100vw, 922px\"><\/p>\n<p><em>Kataloogi osa valimine.<\/em><\/p>\n<p><span data-mce-mark=\"1\">V\u00f5imalik on valida ka k\u00f5ik <strong>Tallinna <\/strong>v\u00f5i k\u00f5ik <strong>Tartu raamatukogud<\/strong>.\u00a0<\/span><span data-mce-mark=\"1\">Sama lehe \u00fclaservas on veel\u00a0<\/span><span data-mce-mark=\"1\">j\u00e4rgmised valikud:<\/span><\/p>\n<p><span data-mce-mark=\"1\">* <\/span>E-ressursid (online k\u00e4ttesaadavad t\u00e4istekstid, heli- v\u00f5i pildifailid)<br>\n* Perioodika (ajakirjad, ajalehed, j\u00e4tkv\u00e4ljaanded,\u00a0kuid mitte artiklid)<br>\n*\u00a0\u00dcli\u00f5pilast\u00f6\u00f6d\u00a0(erineva taseme \u00fcli\u00f5pilast\u00f6\u00f6d, nt diplomit\u00f6\u00f6d, bakalaureuset\u00f6\u00f6d, magistrit\u00f6\u00f6d, dissertatsioonid)<br>\n* Eesti rahvusbibliograafia (info Eestis ilmunud teavikute ja v\u00e4ljaspool Eestit ilmunud Eestit v\u00f5i eestlasi k\u00e4sitlevate teavikute kohta);<\/p>\n<p><span data-mce-mark=\"1\">Valik <strong>Tartu \u00dclikooli raamatukogud<\/strong> h\u00f5lmab otsingut nii Tartu \u00dclikooli raamatukogu peakogus Struve tn \u00a0kui ka \u00fclikooli erialaraamatukogude kogudes.\u00a0<\/span><\/p>\n<p><span data-mce-mark=\"1\">\u00a0<\/span><\/p>\n","protected":false},"excerpt":{"rendered":"<p>Vaikimisi tehakse otsing ESTERI-i t\u00e4ielikus kataloogis, mis h\u00f5lmab nii Tartu kui ka Tallinna raamatukogusid. Kindla raamatukogu valimiseks kl\u00f5psake kataloogi avalehel K\u00d5IK RAAMATUKOGUD ning valige soovitud raamatukogu. Kataloogi osa valimine. V\u00f5imalik on valida ka k\u00f5ik Tallinna v\u00f5i k\u00f5ik Tartu raamatukogud.\u00a0Sama lehe &#8230;<\/p>\n","protected":false},"author":5,"featured_media":0,"parent":0,"menu_order":0,"comment_status":"closed","ping_status":"closed","template":"","meta":{"_acf_changed":false,"inline_featured_image":false,"footnotes":""},"class_list":["post-12","page","type-page","status-publish","hentry"],"acf":[],"_links":{"self":[{"href":"https:\/\/sisu.ut.ee\/ester\/wp-json\/wp\/v2\/pages\/12","targetHints":{"allow":["GET"]}}],"collection":[{"href":"https:\/\/sisu.ut.ee\/ester\/wp-json\/wp\/v2\/pages"}],"about":[{"href":"https:\/\/sisu.ut.ee\/ester\/wp-json\/wp\/v2\/types\/page"}],"author":[{"embeddable":true,"href":"https:\/\/sisu.ut.ee\/ester\/wp-json\/wp\/v2\/users\/5"}],"replies":[{"embeddable":true,"href":"https:\/\/sisu.ut.ee\/ester\/wp-json\/wp\/v2\/comments?post=12"}],"version-history":[{"count":3,"href":"https:\/\/sisu.ut.ee\/ester\/wp-json\/wp\/v2\/pages\/12\/revisions"}],"predecessor-version":[{"id":144,"href":"https:\/\/sisu.ut.ee\/ester\/wp-json\/wp\/v2\/pages\/12\/revisions\/144"}],"wp:attachment":[{"href":"https:\/\/sisu.ut.ee\/ester\/wp-json\/wp\/v2\/media?parent=12"}],"curies":[{"name":"wp","href":"https:\/\/api.w.org\/{rel}","templated":true}]}}