{"id":31,"date":"2024-04-04T04:34:24","date_gmt":"2024-04-04T01:34:24","guid":{"rendered":"https:\/\/sisu.ut.ee\/esta\/tutvustus\/"},"modified":"2024-04-04T04:34:31","modified_gmt":"2024-04-04T01:34:31","slug":"tutvustus","status":"publish","type":"page","link":"https:\/\/sisu.ut.ee\/esta\/tutvustus\/","title":{"rendered":"Tutvustus"},"content":{"rendered":"<table class=\"table table-hover\" style=\"width: 1000px\" border=\"0\">\n<tbody>\n<tr>\n<td colspan=\"2\" align=\"left\" valign=\"top\">\n<p class=\"style18\" align=\"justify\">Eesti Sotsiaalteadusliku Andmearhiivi (ESTA) p\u00f5hitegevuseks on sotsiaalteadusliku info kogumine, talletamine ja kasutajatele edastamine. Seni on ESTA inforessursse valdavalt kasutanud akadeemiliste ringkondade esindajad, kuid arhiiv suudab pakkuda infot ka avalikule sektorile vajalike \u00fclesannete t\u00e4itmiseks.<\/p>\n<p class=\"style18\" align=\"justify\">Eesti Sotsiaalteaduslik Andmearhiiv loodi 1996. aastal. 2008. aastal reorganiseeriti arhiiv Tartu \u00dclikooli sotsiaalteaduskonna juures asuvaks konsortsiumiks. Vastavalt statuudile on ESTA eesm\u00e4rgiks on tagada Eestis ja Eesti \u00fchiskonna kohta kogutud sotsiaalse informatsiooni s\u00e4ilimine ning kasutamine ja Eesti sotsiaalteadlaste sotsiaalse informatsiooni rahvusvahelistesse vahetusv\u00f5rkudesse integreerimine.<\/p>\n<p class=\"style18\" align=\"justify\">ESTA tegevuse peasuundadeks on:<\/p>\n<ul class=\"style18\">\n<li>\n<p align=\"justify\">koondada kokku ja s\u00e4ilitada teisest anal\u00fc\u00fcsi v\u00f5imaldaval kujul Eestis l\u00e4biviidud oluliste sotsiaaluurimuste materjalid. Lisaks andmetele s\u00e4ilitatakse ESTA-s ka muid Eestis korraldatud uurimuste materjale: uurimisaruandeid, t\u00e4idetud ankeete, kodeerimislehti, statistilise andmet\u00f6\u00f6tluse v\u00e4ljatr\u00fckke, andmeanal\u00fc\u00fcsi tulemuste k\u00e4sikirjalisi kokkuv\u00f5tteid jne;<\/p>\n<\/li>\n<li>\n<p align=\"justify\">arendada koost\u00f6\u00f6d teiste Eestis sotsiaalset informatsiooni koguvate ja valdavate akadeemiliste ning mitteakadeemiliste asutustega;<\/p>\n<\/li>\n<li>\n<p align=\"justify\">luua sidemed teiste maade sotsiaalteaduslike andmearhiividega. L\u00e4bi Euroopa Sotsiaalteaduslike Andmearhiivide Konsortsiumi saab ESTA vahendada ka teiste\u00a0 Euroopa andmearhiivide materjale;<\/p>\n<\/li>\n<li>\n<p align=\"justify\">\u00f5petada ja tutvustada sotsiaalse informatsiooni kogumise, anal\u00fc\u00fcsi ja rakendamise meetodeid ning anda sellealaseid konsultatsioone;<\/p>\n<\/li>\n<li>\n<p align=\"justify\">koguda sotsiaalse juhtimise \u00fclesannete lahendamiseks vajalikku informatsiooni ja edastada seda riigiasutustele. Selles valdkonnas on ESTA materjalid rakendust seadusandluse ja seadusloome t\u00e4iustamises.<\/p>\n<\/li>\n<\/ul>\n<p class=\"style18\" align=\"justify\">ESTA-sse andmete \u00fcleandmise ja kasutamise kord kehtestatakse andmete \u00fcleandmisel nende valdajate ja ESTA kokkulepete alusel. V\u00f5imalikud on j\u00e4rgmised kasutusrezhiimid:<\/p>\n<ul class=\"style18\">\n<li>\n<p align=\"justify\">andmed on piiranguteta kasutatavad k\u00f5igile selleks soovi avaldajaile;<\/p>\n<\/li>\n<li>\n<p align=\"justify\">andmed on mingitel kindlatel eesm\u00e4rkidel (nt teadust\u00f6\u00f6s, avaliku sektori vajadusteks vms);<\/p>\n<\/li>\n<li>\n<p align=\"justify\">andmete kasutusloa saamiseks tuleb soovijail kokku leppida andmete valdajaga.<\/p>\n<\/li>\n<\/ul>\n<p class=\"style18\" align=\"justify\">Andmete kasutamisest huvitatutega s\u00f5lmib ESTA lepingu, millega kasutaja v\u00f5tab endale kohustused vastavalt andmetele kehtestatud kasutusre\u017eiimile.<\/p>\n\n<\/td>\n<\/tr>\n<\/tbody>\n<\/table>\n","protected":false},"excerpt":{"rendered":"<p>Eesti Sotsiaalteadusliku Andmearhiivi (ESTA) p\u00f5hitegevuseks on sotsiaalteadusliku info kogumine, talletamine ja kasutajatele edastamine. Seni on ESTA inforessursse valdavalt kasutanud akadeemiliste ringkondade esindajad, kuid arhiiv suudab pakkuda infot ka avalikule sektorile vajalike \u00fclesannete t\u00e4itmiseks. Eesti Sotsiaalteaduslik Andmearhiiv loodi 1996. aastal. 2008. &#8230;<\/p>\n","protected":false},"author":158,"featured_media":0,"parent":0,"menu_order":0,"comment_status":"closed","ping_status":"closed","template":"","meta":{"_acf_changed":false,"inline_featured_image":false,"footnotes":""},"class_list":["post-31","page","type-page","status-publish","hentry"],"acf":[],"_links":{"self":[{"href":"https:\/\/sisu.ut.ee\/esta\/wp-json\/wp\/v2\/pages\/31","targetHints":{"allow":["GET"]}}],"collection":[{"href":"https:\/\/sisu.ut.ee\/esta\/wp-json\/wp\/v2\/pages"}],"about":[{"href":"https:\/\/sisu.ut.ee\/esta\/wp-json\/wp\/v2\/types\/page"}],"author":[{"embeddable":true,"href":"https:\/\/sisu.ut.ee\/esta\/wp-json\/wp\/v2\/users\/158"}],"replies":[{"embeddable":true,"href":"https:\/\/sisu.ut.ee\/esta\/wp-json\/wp\/v2\/comments?post=31"}],"version-history":[{"count":1,"href":"https:\/\/sisu.ut.ee\/esta\/wp-json\/wp\/v2\/pages\/31\/revisions"}],"predecessor-version":[{"id":74,"href":"https:\/\/sisu.ut.ee\/esta\/wp-json\/wp\/v2\/pages\/31\/revisions\/74"}],"wp:attachment":[{"href":"https:\/\/sisu.ut.ee\/esta\/wp-json\/wp\/v2\/media?parent=31"}],"curies":[{"name":"wp","href":"https:\/\/api.w.org\/{rel}","templated":true}]}}