{"id":23,"date":"2024-04-04T04:34:23","date_gmt":"2024-04-04T01:34:23","guid":{"rendered":"https:\/\/sisu.ut.ee\/esta\/konfidentsiaalsuskohustus\/"},"modified":"2024-04-04T04:34:32","modified_gmt":"2024-04-04T01:34:32","slug":"konfidentsiaalsuskohustus","status":"publish","type":"page","link":"https:\/\/sisu.ut.ee\/esta\/konfidentsiaalsuskohustus\/","title":{"rendered":"Konfidentsiaalsuskohustus"},"content":{"rendered":"<p>K\u00e4esolevaga kohustun mina, \u2026 (isikukood), kohustun uuringu\u2026.. (faili nimed ja versioonid) konfidentsiaalsete andmete kasutamisel j\u00e4rgima allj\u00e4rgnevaid n\u00f5udeid.<\/p>\n<ol>\n<li>Kasutan minu kasutusse antud andmeid ainult \u2026\u2026\u2026\u2026\u2026\u2026\u2026\u2026\u2026\u2026\u2026\u2026\u2026.. eesm\u00e4rkidel.<\/li>\n<li>Hoian andmeid ja anal\u00fc\u00fcsitulemusi andmekandjatel, millele k\u00f5rvalistel isikutel puudub ligip\u00e4\u00e4s.<\/li>\n<li>Hoidun teadlikult tegemast p\u00e4ringuid, mille eesm\u00e4rk on tuvastada minu kasutuses olevates andmetes f\u00fc\u00fcsilisi isikuid.<\/li>\n<li>Hoian enda teada k\u00f5ik f\u00fc\u00fcsilisi isikuid kaudselt tuvastavad andmed, mis mulle andmete kasutamisel teatavaks v\u00f5ivad saada.<\/li>\n<li>Kohustun kirjalikus v\u00f5i suulises vormis mitte levitama saadud andmete\u00a0 p\u00f5hjal tehtud anal\u00fc\u00fcse ja neil p\u00f5hinevaid v\u00e4ljundeid ilma selleks \u2026\u2026\u2026\u2026\u2026\u2026\u2026\u2026\u2026\u2026\u2026\u2026\u2026\u2026\u2026\u2026\u2026\u2026\u2026\u2026.. poolt antava loaga.<\/li>\n<li>Olen n\u00f5us, et minu poolt andmete p\u00f5hjal tehtud v\u00e4ljundid edastatakse \u2026\u2026\u2026\u2026\u2026\u2026\u2026\u2026\u2026\u2026\u2026\u2026\u2026\u2026\u2026\u2026\u2026\u2026\u2026\u2026\u2026\u2026\u2026\u2026\u2026.<\/li>\n<li>Kohustun mulle kasutada antud andmed h\u00e4vitama hiljemalt \u2026\u2026. seisuga.<\/li>\n<li>M\u00f5istan, et juhul kui rikun teadlikult v\u00f5i kogemata konfidentsiaalsuskohustust, siis kaotan v\u00f5imaluse andmete edasiseks kasutamiseks ja v\u00e4\u00e4rkasutusest tulenevad probleemid lahendatakse l\u00e4htuvalt\u00a0kehtivatest \u00f5igusaktidest.<\/li>\n<\/ol>\n<p>Kontaktisikuks andmete kasutamisega seotud k\u00fcsimustes on (asutus, amet, nimi, e-post, telefon) \u2026\u2026\u2026\u2026\u2026\u2026\u2026\u2026\u2026\u2026\u2026\u2026\u2026\u2026\u2026\u2026\u2026\u2026<\/p>\n<p><em>(allkirjastatud digitaalselt)<\/em><\/p>\n<p>(Nimi)<\/p>\n<p>(Kuup\u00e4ev)<\/p>\n<p>Telefon:<\/p>\n<p>E-post:<\/p>\n","protected":false},"excerpt":{"rendered":"<p>K\u00e4esolevaga kohustun mina, \u2026 (isikukood), kohustun uuringu\u2026.. (faili nimed ja versioonid) konfidentsiaalsete andmete kasutamisel j\u00e4rgima allj\u00e4rgnevaid n\u00f5udeid. Kasutan minu kasutusse antud andmeid ainult \u2026\u2026\u2026\u2026\u2026\u2026\u2026\u2026\u2026\u2026\u2026\u2026\u2026.. eesm\u00e4rkidel. Hoian andmeid ja anal\u00fc\u00fcsitulemusi andmekandjatel, millele k\u00f5rvalistel isikutel puudub ligip\u00e4\u00e4s. Hoidun teadlikult tegemast p\u00e4ringuid, mille &#8230;<\/p>\n","protected":false},"author":158,"featured_media":0,"parent":0,"menu_order":0,"comment_status":"closed","ping_status":"closed","template":"","meta":{"_acf_changed":false,"inline_featured_image":false,"footnotes":""},"class_list":["post-23","page","type-page","status-publish","hentry"],"acf":[],"_links":{"self":[{"href":"https:\/\/sisu.ut.ee\/esta\/wp-json\/wp\/v2\/pages\/23","targetHints":{"allow":["GET"]}}],"collection":[{"href":"https:\/\/sisu.ut.ee\/esta\/wp-json\/wp\/v2\/pages"}],"about":[{"href":"https:\/\/sisu.ut.ee\/esta\/wp-json\/wp\/v2\/types\/page"}],"author":[{"embeddable":true,"href":"https:\/\/sisu.ut.ee\/esta\/wp-json\/wp\/v2\/users\/158"}],"replies":[{"embeddable":true,"href":"https:\/\/sisu.ut.ee\/esta\/wp-json\/wp\/v2\/comments?post=23"}],"version-history":[{"count":1,"href":"https:\/\/sisu.ut.ee\/esta\/wp-json\/wp\/v2\/pages\/23\/revisions"}],"predecessor-version":[{"id":82,"href":"https:\/\/sisu.ut.ee\/esta\/wp-json\/wp\/v2\/pages\/23\/revisions\/82"}],"wp:attachment":[{"href":"https:\/\/sisu.ut.ee\/esta\/wp-json\/wp\/v2\/media?parent=23"}],"curies":[{"name":"wp","href":"https:\/\/api.w.org\/{rel}","templated":true}]}}