{"id":12,"date":"2024-04-04T04:34:23","date_gmt":"2024-04-04T01:34:23","guid":{"rendered":"https:\/\/sisu.ut.ee\/esta\/teised-struktuuriuksused\/"},"modified":"2024-04-04T04:34:32","modified_gmt":"2024-04-04T01:34:32","slug":"teised-struktuuriuksused","status":"publish","type":"page","link":"https:\/\/sisu.ut.ee\/esta\/teised-struktuuriuksused\/","title":{"rendered":"Teised struktuuri\u00fcksused"},"content":{"rendered":"<p>Siin on esitatud info T\u00dc \u00f5igusteaduskonna ning P\u00e4rnu Kolled\u017ei poolt kasutatavate uuringuandmete kohta. Nimekiri t\u00e4ieneb jooksvalt.<\/p>\n<div class=\"os-table-container\">\n<table class=\"table table-hover\" style=\"width: 1325px\" border=\"0\" cellpadding=\"0\" cellspacing=\"0\">\n<tbody>\n<tr>\n<td class=\"xl65\">Andmestikuga seotud uuringu nimi<\/td>\n<td class=\"xl65\">Andmestiku \u00fcldine t\u00fc\u00fcp<\/td>\n<td class=\"xl65\">Andmete kogumise aeg\u00a0<\/td>\n<td class=\"xl65\">P\u00f5hisisu, teemaplokid vms<\/td>\n<td class=\"xl65\">Kelle kohta andmed<\/td>\n<td class=\"xl65\">Andmete kogumise\/moodustamise meetod<\/td>\n<td class=\"xl65\">Andmete maht\u00a0<\/td>\n<td class=\"xl65\">Andmestiku formaat<\/td>\n<td class=\"xl65\">Kelle k\u00e4es, kes saab otsustada ligip\u00e4\u00e4su \u00fcle<\/td>\n<td class=\"xl65\">M\u00e4rkused<\/td>\n<\/tr>\n<tr>\n<td class=\"xl64\"><\/td>\n<td class=\"xl64\"><\/td>\n<td class=\"xl64\"><\/td>\n<td class=\"xl64\"><\/td>\n<td class=\"xl64\"><\/td>\n<td class=\"xl64\"><\/td>\n<td class=\"xl64\"><\/td>\n<td class=\"xl64\"><\/td>\n<td class=\"xl64\"><\/td>\n<td class=\"xl64\"><\/td>\n<\/tr>\n<tr>\n<td class=\"xl64\">P\u00c4RNU KOOLI\u00d5PILASTE ELUVIISI UURING 2015\/2016 \u00d5PPEAASTAL,\u00a0 http:\/\/www.parnu.ee\/failid\/uuringud\/P2rnu_linna_opilaste_eluviisiuuring_2016.pdf\u00a0\u00a0<\/td>\n<td class=\"xl64\">kvantitatiivne<\/td>\n<td class=\"xl64\">2016 m\u00e4rts-aprill<\/td>\n<td>K\u00fcsitluse eesm\u00e4rgiks oli saada \u00fclevaade, kuidas noored P\u00e4rnus elavad, millised on nende harjumused ja hoiakud, riskik\u00e4itumine ning suhted pere, s\u00f5prade ja klassikaaslastega, et selle alusel paremini planeerida noortele suunatud riskik\u00e4itumise ennetamise ja vaba aja planeerimise projekte ning pikemaajalisi tegevusi.<\/td>\n<td>Uuringu sihtr\u00fchmaks olid 2015\/2016 \u00f5ppeaastal P\u00e4rnu linna 5.\u201312. klasside \u00f5pilased ning P\u00e4rnu Kutsehariduskeskuse ja P\u00e4rnu T\u00e4iskasvanute G\u00fcmnaasiumi \u00f5pilased vanuses kuni 18 aastat.<\/td>\n<td class=\"xl64\">e-k\u00fcsitlus<\/td>\n<td class=\"xl64\">2476 indiviidi*180 tunnust<\/td>\n<td class=\"xl64\">SPSS<\/td>\n<td class=\"xl64\">P\u00e4rnu Linnavalitsus, Haridusosakond, haridun\u00f5unik\u00a0 Katrin Markii, T\u00dc P\u00e4rnu kolled\u017e, Kandela \u00d5un<\/td>\n<td class=\"xl64\"><\/td>\n<\/tr>\n<tr>\n<td class=\"xl64\">P\u00e4rnu linna t\u00e4iskasvanud elanike tervisek\u00e4itumise uuring, http:\/\/www.parnu.ee\/failid\/uuringud\/P2rnu_linna_elanike_tervisek2itumise_uuring2017.pdf<\/td>\n<td class=\"xl64\">kvantitatiivne<\/td>\n<td class=\"xl64\">2016 november-detsember\u00a0<\/td>\n<td class=\"xl64\">P\u00e4rnu linna t\u00e4iskasvanud elanike tervisek\u00e4itumise uuring, mille<br> tulemused on sisendiks linna terviseprofiili koostamisel<\/td>\n<td class=\"xl64\">P\u00e4rnu linna elanikud vanuses 16\u201364 aastat<\/td>\n<td class=\"xl64\">e-k\u00fcsitlus<\/td>\n<td class=\"xl64\">506 indiviidi*172 tunnust<\/td>\n<td class=\"xl64\">SPSS<\/td>\n<td class=\"xl64\">P\u00e4rnu Linnavalitsus, Sotsiaalosakond, Rahvatervise spetsialist Eha Ristimets; T\u00dc P\u00e4rnu kolled\u017e, Kandela \u00d5un<\/td>\n<td class=\"xl64\"><\/td>\n<\/tr>\n<tr>\n<td class=\"xl64\">ISRD-2<\/td>\n<td class=\"xl64\">kvantitatiivne<\/td>\n<td class=\"xl64\">2005-2006<\/td>\n<td class=\"xl64\">Eesti alaealiste h\u00e4lbiv k\u00e4itumine<\/td>\n<td class=\"xl64\">Eesti \u00fcldhariduskoolide 7.-9. klassi \u00f5pilased, v.a. eri- ja sanatoorsed koolid<\/td>\n<td class=\"xl64\">k\u00fcsitlus<\/td>\n<td class=\"xl64\">2623 ankeeti<\/td>\n<td class=\"xl64\">SPSS<\/td>\n<td class=\"xl64\">\u00d5igusteaduskond, Anna Markina<\/td>\n<td><\/td>\n<\/tr>\n<tr>\n<td class=\"xl64\">ISRD-3<\/td>\n<td class=\"xl64\">kvantitatiivne<\/td>\n<td class=\"xl64\">2013-2014<\/td>\n<td class=\"xl64\">Laste h\u00e4lbiv k\u00e4itumine<\/td>\n<td class=\"xl64\">Eesti \u00fcldhariduskoolide 7.-9. klassi \u00f5pilased, v.a. eri- ja sanatoorsed koolid<\/td>\n<td class=\"xl64\">k\u00fcsitlus<\/td>\n<td class=\"xl64\">3631 ankeeti<\/td>\n<td class=\"xl64\">SPSS<\/td>\n<td class=\"xl64\">K\u00e4ttesaadav http:\/\/www.kriminaalpoliitika.ee\/et\/isrd<\/td>\n<td><\/td>\n<\/tr>\n<tr>\n<td class=\"xl64\">PROMISE<\/td>\n<td class=\"xl64\">kvalitatiivne<\/td>\n<td class=\"xl64\">2016-2019<\/td>\n<td class=\"xl64\">Konfliktsete noorte ja marginaliseeritud gruppide kaasatus \u00fchiskonda ning v\u00e4ljakutsed\u00a0<\/td>\n<td class=\"xl64\">1. Seto noored; 2. kriminaalkorras karistatud noored<\/td>\n<td class=\"xl64\">k\u00fcsitlus<\/td>\n<td class=\"xl64\">transkribeeritud intervjuud<\/td>\n<td class=\"xl64\">Word<\/td>\n<td class=\"xl64\">PROMISE projekti konsortium<\/td>\n<td><\/td>\n<\/tr>\n<tr>\n<td class=\"xl64\">FLEX<\/td>\n<td class=\"xl64\">kvalitatiivne<\/td>\n<td class=\"xl64\">2009-2011<\/td>\n<td class=\"xl64\">Sunnit\u00f6\u00f6 eesm\u00e4rgil toimuv inimkaubandus ja t\u00f6\u00f6alane ekspluateerimine<\/td>\n<td class=\"xl64\">t\u00f6\u00f6j\u00f5u kasutamise eesm\u00e4rgil inimkaubanduse ohvrid<\/td>\n<td class=\"xl64\">s\u00fcvaintervjuud ekspertidega<\/td>\n<td class=\"xl64\">transkribeeritud intervjuud<\/td>\n<td class=\"xl64\">Word<\/td>\n<td class=\"xl64\">FLEX projekti konsortsium, kontakt Anna Markina<\/td>\n<td><\/td>\n<\/tr>\n<tr>\n<td class=\"xl64\">ADSTRINGO<\/td>\n<td class=\"xl64\">kvalitatiivne<\/td>\n<td class=\"xl64\">2012-2014<\/td>\n<td class=\"xl64\">Eesti inimeste t\u00f6\u00f6alase \u00e4rakasutamise kogemused v\u00e4lismaal\u00a0<\/td>\n<td class=\"xl64\">t\u00e4iskasvanud t\u00f6\u00f6alase \u00e4rakasutamisega kokkupuutunud inimesed<\/td>\n<td class=\"xl64\">Intervjuud, administratiivdokumentide anal\u00fc\u00fcs<\/td>\n<td class=\"xl64\">transkribeeritud intervjuud<\/td>\n<td class=\"xl64\">Word<\/td>\n<td class=\"xl64\">ADSTRINGI projekti konsortsium, kontakt Anna Markina<\/td>\n<td><\/td>\n<\/tr>\n<tr>\n<td class=\"xl64\">IOM<\/td>\n<td class=\"xl64\">kvantitatiivne, kvalitatiivne<\/td>\n<td class=\"xl64\">2015-2016<\/td>\n<td class=\"xl64\">Inimkaubandus<\/td>\n<td class=\"xl64\">inimkaubanduse ohvrid ja kurjategijad<\/td>\n<td class=\"xl64\">intervjuud ekspertidega<\/td>\n<td class=\"xl64\">8 transkribeeritud intervjuud<\/td>\n<td class=\"xl64\">Word<\/td>\n<td class=\"xl64\">IOM, kontakt Anna Markina<\/td>\n<td><\/td>\n<\/tr>\n<tr>\n<td class=\"xl64\">UN Consultancy<\/td>\n<td class=\"xl64\">kvalitatiivne<\/td>\n<td class=\"xl64\" align=\"right\">2016<\/td>\n<td class=\"xl64\">inimkaubandus Eestis<\/td>\n<td class=\"xl64\">inimkaubanduse ohvrid ja kurjategijad<\/td>\n<td class=\"xl64\">intervjuud ekspertidega<\/td>\n<td class=\"xl64\">10 transkribeeritud intervjuud,\u00a0<\/td>\n<td class=\"xl64\">Word<\/td>\n<td class=\"xl64\">UNDOC, Anna Markina<\/td>\n<td><\/td>\n<\/tr>\n<tr>\n<td class=\"xl66\"><span class=\"font5\" data-mce-mark=\"1\">L\u00e4hisuhtev\u00e4givald Eestis juristide vaatenurgast<\/span><span class=\"font6\" data-mce-mark=\"1\">\u00a0<\/span><\/td>\n<td class=\"xl64\">kvantitatiivne<\/td>\n<td class=\"xl64\">2017 juuni-oktoober<\/td>\n<td class=\"xl64\">Selgitada, kuidas Eesti tegevjuristid suhtuvad l\u00e4hisuhtev\u00e4givalda\u00a0 ja seda reguleerivasse \u00f5igusregulatsiooni<\/td>\n<td class=\"xl64\">Prokur\u00f6rid , kohtunikud, advokaadid, politseiuurijad<\/td>\n<td class=\"xl64\">k\u00fcsitlus<\/td>\n<td class=\"xl64\">158 indiviidi,106 tunnust<\/td>\n<td class=\"xl64\">SPSS<\/td>\n<td class=\"xl64\">Eesti Avatud \u00dchiskonna Instituut, kellega koost\u00f6\u00f6s uuring l\u00e4bi viidi, \u00f5igusteaduskonna kontakt Silvia Kaugia<\/td>\n<td class=\"xl64\">Uuringu tulemusi alles anal\u00fc\u00fcsitakse, aruannet tulemustest veel pole<\/td>\n<\/tr>\n<tr>\n<td class=\"xl67\">IDEA projekt \u201cLaste esindajate professionaalse suutlikkuse t\u00f5stmine\u201d<\/td>\n<td class=\"xl64\">kvantitatiivne, kvalitatiivne<\/td>\n<td class=\"xl64\">juuni-september 2017<\/td>\n<td class=\"xl64\">Lapse perest eraldamises osalevate last esindavate spetsialistide professionaalne suutlikkus\u00a0<\/td>\n<td class=\"xl64\">lastekaitset\u00f6\u00f6tajad + advokaadid<\/td>\n<td class=\"xl64\">k\u00fcsitlus<\/td>\n<td class=\"xl64\">105 respondenti (86+19)<\/td>\n<td><\/td>\n<td class=\"xl64\">kuni avaldamiseni konfidentsiaalne materjal, andmed Rein Muraka k\u00e4es hiskonnateaduste instituudis<\/td>\n<td><\/td>\n<\/tr>\n<\/tbody>\n<\/table>\n<\/div>\n","protected":false},"excerpt":{"rendered":"<p>Siin on esitatud info T\u00dc \u00f5igusteaduskonna ning P\u00e4rnu Kolled\u017ei poolt kasutatavate uuringuandmete kohta. Nimekiri t\u00e4ieneb jooksvalt. Andmestikuga seotud uuringu nimi Andmestiku \u00fcldine t\u00fc\u00fcp Andmete kogumise aeg\u00a0 P\u00f5hisisu, teemaplokid vms Kelle kohta andmed Andmete kogumise\/moodustamise meetod Andmete maht\u00a0 Andmestiku formaat Kelle &#8230;<\/p>\n","protected":false},"author":158,"featured_media":0,"parent":0,"menu_order":0,"comment_status":"closed","ping_status":"closed","template":"","meta":{"_acf_changed":false,"inline_featured_image":false,"footnotes":""},"class_list":["post-12","page","type-page","status-publish","hentry"],"acf":[],"_links":{"self":[{"href":"https:\/\/sisu.ut.ee\/esta\/wp-json\/wp\/v2\/pages\/12","targetHints":{"allow":["GET"]}}],"collection":[{"href":"https:\/\/sisu.ut.ee\/esta\/wp-json\/wp\/v2\/pages"}],"about":[{"href":"https:\/\/sisu.ut.ee\/esta\/wp-json\/wp\/v2\/types\/page"}],"author":[{"embeddable":true,"href":"https:\/\/sisu.ut.ee\/esta\/wp-json\/wp\/v2\/users\/158"}],"replies":[{"embeddable":true,"href":"https:\/\/sisu.ut.ee\/esta\/wp-json\/wp\/v2\/comments?post=12"}],"version-history":[{"count":1,"href":"https:\/\/sisu.ut.ee\/esta\/wp-json\/wp\/v2\/pages\/12\/revisions"}],"predecessor-version":[{"id":93,"href":"https:\/\/sisu.ut.ee\/esta\/wp-json\/wp\/v2\/pages\/12\/revisions\/93"}],"wp:attachment":[{"href":"https:\/\/sisu.ut.ee\/esta\/wp-json\/wp\/v2\/media?parent=12"}],"curies":[{"name":"wp","href":"https:\/\/api.w.org\/{rel}","templated":true}]}}