{"id":69,"date":"2024-04-03T23:24:59","date_gmt":"2024-04-03T23:24:59","guid":{"rendered":"https:\/\/sisu.ut.ee\/espon\/laanemere-regiooni-territoriaalne-seire\/"},"modified":"2024-04-03T23:27:40","modified_gmt":"2024-04-03T23:27:40","slug":"laanemere-regiooni-territoriaalne-seire","status":"publish","type":"page","link":"https:\/\/sisu.ut.ee\/espon\/laanemere-regiooni-territoriaalne-seire\/","title":{"rendered":"L\u00e4\u00e4nemere regiooni territoriaalne seire"},"content":{"rendered":"<div id=\"zone-content-wrapper\" class=\"zone-wrapper zone-content-wrapper clearfix\">\n<div id=\"zone-content\" class=\"zone zone-content clearfix equal-height-container container-12\">\n<div id=\"region-content\" class=\"grid-9 region region-content equal-height-element\">\n<div class=\"region-inner region-content-inner\">\n<div id=\"block-system-main\" class=\"block block-system block-main block-system-main odd block-without-title\">\n<div class=\"block-inner clearfix\">\n<div class=\"content clearfix\">\n<div class=\"ds-1col node node-page view-mode-full clearfix \">\n<div class=\"field field-name-body field-type-text-with-summary field-label-hidden\">\n<div class=\"field-items\">\n<div class=\"field-item even\">\n<p style=\"text-align: justify\"><strong>L\u00e4\u00e4nemere regiooni territoriaalne seire <span>\u2013\u00a0<\/span>Baltic Sea Region Territorial Monitoring System\u00a0(BSR-TeMo)<\/strong><\/p>\n<p style=\"text-align: justify\">BSR-TeMo on ruumiindikaatoritel p\u00f5hinev seires\u00fcsteem, mille abil anal\u00fc\u00fcsida ja edendada L\u00e4\u00e4nemere regiooni territoriaalset arengut ja \u00fchtekuuluvust. Seires\u00fcsteem v\u00f5imaldab regiooni arengu v\u00f5rdlemist teiste Euroopa regioonidega. Metoodika v\u00e4ljat\u00f6\u00f6tamisel osales Eesti esindajana Geomedia.<\/p>\n<p style=\"text-align: justify\">Sisene L\u00e4\u00e4nemere seirekeskkonda\u00a0<a href=\"http:\/\/bsr.espon.eu\/opencms\/opencms\" target=\"_blank\" rel=\"noopener\">siit<\/a>.<\/p>\n<\/div>\n<\/div>\n<\/div>\n<\/div>\n<\/div>\n<\/div>\n<\/div>\n<div id=\"block-ut-mobile-social-icons\" class=\"block block-ut block-mobile-social-icons block-ut-mobile-social-icons even block-without-title\">\n<div class=\"block-inner clearfix\">\n<div class=\"content clearfix\"><\/div>\n<\/div>\n<\/div>\n<\/div>\n<\/div>\n<\/div>\n<\/div>\n<div id=\"zone-footer-wrapper\" class=\"zone-wrapper zone-footer-wrapper clearfix\">\n<div id=\"zone-footer\" class=\"zone zone-footer clearfix equal-height-container container-12\">\n<div id=\"region-footer-first\" class=\"grid-7 region region-footer-first equal-height-element\">\n<div class=\"region-inner region-footer-first-inner\"><\/div>\n<\/div>\n<div id=\"region-footer-second\" class=\"grid-3 region region-footer-second equal-height-element\">\n<div class=\"region-inner region-footer-second-inner\">\n<div id=\"block-block-138\" class=\"block block-block block-138 block-block-138 odd block-without-title\">\n<div class=\"block-inner clearfix\">\n<div class=\"content clearfix\"><\/div>\n<\/div>\n<\/div>\n<\/div>\n<\/div>\n<\/div>\n<\/div>\n","protected":false},"excerpt":{"rendered":"<p>L\u00e4\u00e4nemere regiooni territoriaalne seire \u2013\u00a0Baltic Sea Region Territorial Monitoring System\u00a0(BSR-TeMo) BSR-TeMo on ruumiindikaatoritel p\u00f5hinev seires\u00fcsteem, mille abil anal\u00fc\u00fcsida ja edendada L\u00e4\u00e4nemere regiooni territoriaalset arengut ja \u00fchtekuuluvust. Seires\u00fcsteem v\u00f5imaldab regiooni arengu v\u00f5rdlemist teiste Euroopa regioonidega. Metoodika v\u00e4ljat\u00f6\u00f6tamisel osales Eesti esindajana Geomedia. &#8230;<\/p>\n","protected":false},"author":85,"featured_media":0,"parent":0,"menu_order":0,"comment_status":"closed","ping_status":"closed","template":"","meta":{"_acf_changed":false,"inline_featured_image":false,"footnotes":""},"class_list":["post-69","page","type-page","status-publish","hentry"],"acf":[],"_links":{"self":[{"href":"https:\/\/sisu.ut.ee\/espon\/wp-json\/wp\/v2\/pages\/69","targetHints":{"allow":["GET"]}}],"collection":[{"href":"https:\/\/sisu.ut.ee\/espon\/wp-json\/wp\/v2\/pages"}],"about":[{"href":"https:\/\/sisu.ut.ee\/espon\/wp-json\/wp\/v2\/types\/page"}],"author":[{"embeddable":true,"href":"https:\/\/sisu.ut.ee\/espon\/wp-json\/wp\/v2\/users\/85"}],"replies":[{"embeddable":true,"href":"https:\/\/sisu.ut.ee\/espon\/wp-json\/wp\/v2\/comments?post=69"}],"version-history":[{"count":1,"href":"https:\/\/sisu.ut.ee\/espon\/wp-json\/wp\/v2\/pages\/69\/revisions"}],"predecessor-version":[{"id":522,"href":"https:\/\/sisu.ut.ee\/espon\/wp-json\/wp\/v2\/pages\/69\/revisions\/522"}],"wp:attachment":[{"href":"https:\/\/sisu.ut.ee\/espon\/wp-json\/wp\/v2\/media?parent=69"}],"curies":[{"name":"wp","href":"https:\/\/api.w.org\/{rel}","templated":true}]}}