{"id":49,"date":"2024-04-03T23:24:57","date_gmt":"2024-04-03T23:24:57","guid":{"rendered":"https:\/\/sisu.ut.ee\/espon\/andmebaas\/"},"modified":"2024-04-03T23:27:41","modified_gmt":"2024-04-03T23:27:41","slug":"andmebaas","status":"publish","type":"page","link":"https:\/\/sisu.ut.ee\/espon\/andmebaas\/","title":{"rendered":"Andmebaas"},"content":{"rendered":"<p style=\"text-align: justify\"><strong>Andmebaas <span>\u2013\u00a0<\/span>ESPON 2013 DataBase<\/strong><\/p>\n<p style=\"text-align: justify\">ESPON 2013 andmebaas v\u00f5imaldab ligip\u00e4\u00e4su ESPON projektide k\u00e4igus kogutud andmetele, mis toetavad territoriaalse arengu anal\u00fc\u00fcse eri geograafilistel tasanditel. Andmebaasi eesm\u00e4rk on aidata kaasa regioonide arengupotentsiaalide ja -perspektiivide leidmisele Euroopa kontekstis ja globaliseeruvas maailmas.<\/p>\n<p style=\"text-align: justify\">ESPON 2013 andmebaas v\u00f5imaldab juurdep\u00e4\u00e4su j\u00e4rgmistele andmetele regionaalsel (NUTS 2 ja NUTS 3), kohalikul, linna, naabruskonna (kandidaatriigid) ja maailma tasandil ning lisaks on \u00a0mitmete andmete puhul v\u00f5imalik ligi p\u00e4\u00e4seda ka ruudustiku- ja ajaloolistele andmetele. Enamik andmestikke on avalikud ja tasuta k\u00e4ttesaadavad.<\/p>\n<p style=\"text-align: justify\">ESPON 2013 andmebaasiga k\u00e4ivad kaasas ka\u00a0<a href=\"http:\/\/database.espon.eu\/db2\/resource-index;jsessionid=cfe5f15a91f5a1106ae016c37aba\" target=\"_blank\" rel=\"noopener\">tehnilised aruanded<\/a>, milles kirjeldatakse peamisi andmebaasis teemakategooriaid, andmebaasi \u00fclesehitust ja muud olulist informatsiooni.<\/p>\n<p style=\"text-align: justify\">Andmevaasi otsing v\u00f5imaldab kasutajal otsida asjakohaseid andmeid ja n\u00e4itajaid teemade, poliitikasuundade, uuringute v\u00f5i m\u00e4rks\u00f5nade abil. Otsingu tulemusi saab edasi filtreerida, rakendades kus? ja millal? filtreid, t\u00e4psustades otsitavate andmete soovitavat geograafilist ulatust v\u00f5i ajavahemikku. Seej\u00e4rel on v\u00f5imalik otsigu tulemused alla laadida. Dokumentatsioonis ja veebivormis kuvatakse ka otsitavate andmete metaandmed.<\/p>\n<p style=\"text-align: justify\">\u00dcldine teave ESPON 2013 andmebaasi veebirakenduse kasutajaliideste kohta on toodud\u00a0<a href=\"http:\/\/database.espon.eu\/db2\/usermanual?idDoc=64\" target=\"_blank\" rel=\"noopener\">kasutusjuhendis<\/a>.<\/p>\n<p style=\"text-align: justify\">ESPON programm j\u00e4tkab andmebaaside t\u00e4iendamist ja funktsionaalsuse parandamist ka k\u00e4esoleval programmperioodil.<\/p>\n<p style=\"text-align: justify\"> Sisene\u00a0<a href=\"http:\/\/database.espon.eu\/db2\/\" target=\"_blank\" rel=\"noopener\">ESPON 2013 andmebaasi<\/a>.<\/p>\n<p style=\"text-align: justify\">ESPON 2013 andmebaas on loodud ja arendatud\u00a0<a href=\"http:\/\/www.espon.eu\/main\/Menu_Projects\/Menu_ScientificPlatform\/espondatabase2013.html\" target=\"_blank\" rel=\"noopener\">ESPON Database 2013 projekti<\/a>\u00a0raames.<\/p>\n<p style=\"text-align: justify\">\u00a0<\/p>\n","protected":false},"excerpt":{"rendered":"<p>Andmebaas \u2013\u00a0ESPON 2013 DataBase ESPON 2013 andmebaas v\u00f5imaldab ligip\u00e4\u00e4su ESPON projektide k\u00e4igus kogutud andmetele, mis toetavad territoriaalse arengu anal\u00fc\u00fcse eri geograafilistel tasanditel. Andmebaasi eesm\u00e4rk on aidata kaasa regioonide arengupotentsiaalide ja -perspektiivide leidmisele Euroopa kontekstis ja globaliseeruvas maailmas. ESPON 2013 andmebaas &#8230;<\/p>\n","protected":false},"author":85,"featured_media":0,"parent":0,"menu_order":0,"comment_status":"closed","ping_status":"closed","template":"","meta":{"_acf_changed":false,"inline_featured_image":false,"footnotes":""},"class_list":["post-49","page","type-page","status-publish","hentry"],"acf":[],"_links":{"self":[{"href":"https:\/\/sisu.ut.ee\/espon\/wp-json\/wp\/v2\/pages\/49","targetHints":{"allow":["GET"]}}],"collection":[{"href":"https:\/\/sisu.ut.ee\/espon\/wp-json\/wp\/v2\/pages"}],"about":[{"href":"https:\/\/sisu.ut.ee\/espon\/wp-json\/wp\/v2\/types\/page"}],"author":[{"embeddable":true,"href":"https:\/\/sisu.ut.ee\/espon\/wp-json\/wp\/v2\/users\/85"}],"replies":[{"embeddable":true,"href":"https:\/\/sisu.ut.ee\/espon\/wp-json\/wp\/v2\/comments?post=49"}],"version-history":[{"count":1,"href":"https:\/\/sisu.ut.ee\/espon\/wp-json\/wp\/v2\/pages\/49\/revisions"}],"predecessor-version":[{"id":532,"href":"https:\/\/sisu.ut.ee\/espon\/wp-json\/wp\/v2\/pages\/49\/revisions\/532"}],"wp:attachment":[{"href":"https:\/\/sisu.ut.ee\/espon\/wp-json\/wp\/v2\/media?parent=49"}],"curies":[{"name":"wp","href":"https:\/\/api.w.org\/{rel}","templated":true}]}}