{"id":136,"date":"2024-04-03T23:25:03","date_gmt":"2024-04-03T23:25:03","guid":{"rendered":"https:\/\/sisu.ut.ee\/espon\/energiavaesusriskid\/"},"modified":"2024-04-03T23:27:39","modified_gmt":"2024-04-03T23:27:39","slug":"energiavaesusriskid","status":"publish","type":"page","link":"https:\/\/sisu.ut.ee\/espon\/energiavaesusriskid\/","title":{"rendered":"Regioonide energiavaesusriskid"},"content":{"rendered":"<p style=\"text-align: justify\"><strong>ReRISK \u2013 Regions at Risk of Energy Poverty<\/strong><\/p>\n<p style=\"text-align: justify\">\u00a0<\/p>\n<p style=\"text-align: justify\"><strong>Uuringu eesm\u00e4rk<\/strong><\/p>\n<p style=\"text-align: justify\">Fossiilk\u00fctuste tarbimine ja energiahinnad on Euroopas ja ka mujal maailmas t\u00f5usuteel ning seet\u00f5ttu on v\u00e4ga oluline panustada s\u00e4\u00e4stlikumate energiatootmisviiside arendamisse ja tarbimise t\u00f5hustamiseks. ReRISKi projekt regioonide energiavaesusest uurib, milline on energiahindade m\u00f5ju piirkondade konkurentsiv\u00f5imele ja sidususele. ReRisk pakub v\u00e4lja 4 stsenaariumi energiapoliitilisteks arenguteks. Samuti k\u00e4sitleb projekt kliimamuutuse v\u00f5imalikke m\u00f5jusid piirkondade energiajulgeolekus, kuidas pehmendada v\u00f5imalikke tagasil\u00f6\u00f6ke energeetikas ja energiavarustatuses.\u00a0<\/p>\n<p style=\"text-align: justify\"><strong>Uurimisk\u00fcsimused<\/strong><\/p>\n<ul style=\"text-align: justify\">\n<li>Kuidas m\u00f5jutab energia hind Euroopa regioonide ja Euroopa kui terviku konkurentsiv\u00f5imet ja sidusust?<\/li>\n<li>Kuidas tagada konkurentsiv\u00f5imeline ja roheline energiaturg Euroopas?<\/li>\n<li>Milliseid j\u00e4tkusuutlikke energiatootmisviise tuleb juurutada?<\/li>\n<\/ul>\n<p style=\"text-align: justify\"><strong>Tulemused<\/strong><\/p>\n<ul style=\"text-align: justify\">\n<li>Euroopa regioonide majanduste haavatavuse anal\u00fc\u00fcs energiahinna t\u00f5usu suhtes.<\/li>\n<li>Energiahindade m\u00f5ju transpordile, kodumajapidamistele ja t\u00f6\u00f6stusele.<\/li>\n<li>Uued indikaatorid.<\/li>\n<li>Energiahindade m\u00f5jude t\u00fcpoloogiad Euroopas.<\/li>\n<li>Kaardimaterjal energiahinna t\u00f5usu m\u00f5jude seireks.<\/li>\n<\/ul>\n<p style=\"text-align: justify\"><a href=\"https:\/\/sisu.ut.ee\/wp-content\/uploads\/sites\/169\/reriskfinalreport.pdf\" target=\"_blank\" data-fid=\"16598\" rel=\"noopener\">Uuringu l\u00f5pparuanne (ingliskeelne)<\/a><br><a href=\"https:\/\/sisu.ut.ee\/wp-content\/uploads\/sites\/169\/rerisk_eestikeelne_kokkuvote.pdf\" target=\"_blank\" data-fid=\"16599\" rel=\"noopener\">Uuringu kokkuv\u00f5te (eestikeelne)<\/a><\/p>\n<p style=\"text-align: center\"><img loading=\"lazy\" decoding=\"async\" width=\"660\" height=\"938\" class=\"alignnone wp-image-236\" src=\"https:\/\/sisu.ut.ee\/wp-content\/uploads\/sites\/169\/tuuleenergia_potentsiaal.jpg\" title=\"Tuuleenergia potentsiaal\" alt=\"Tuuleenergia potentsiaal\" srcset=\"https:\/\/sisu.ut.ee\/wp-content\/uploads\/sites\/169\/tuuleenergia_potentsiaal.jpg 660w, https:\/\/sisu.ut.ee\/wp-content\/uploads\/sites\/169\/tuuleenergia_potentsiaal-211x300.jpg 211w\" sizes=\"auto, (max-width: 660px) 100vw, 660px\"><\/p>\n<p style=\"text-align: justify\"><strong>Projekti informatsioon<\/strong><\/p>\n<p style=\"text-align: justify\">Eelarve: 999 419 \u20ac<br>L\u00f5pparuanne: 21. mai 2011<br>Juhtpartner: TU Dortmund University \u2013 DE<br>Kontaktisik: Stefan Greiving,\u00a0<a style=\"background-color: #ffffff\" class=\"spamspan\" href=\"mailto:stefan.greiving@tu-dortmund.de\">stefan.greiving@tu-dortmund.de<\/a><\/p>\n","protected":false},"excerpt":{"rendered":"<p>ReRISK \u2013 Regions at Risk of Energy Poverty \u00a0 Uuringu eesm\u00e4rk Fossiilk\u00fctuste tarbimine ja energiahinnad on Euroopas ja ka mujal maailmas t\u00f5usuteel ning seet\u00f5ttu on v\u00e4ga oluline panustada s\u00e4\u00e4stlikumate energiatootmisviiside arendamisse ja tarbimise t\u00f5hustamiseks. ReRISKi projekt regioonide energiavaesusest uurib, milline &#8230;<\/p>\n","protected":false},"author":85,"featured_media":0,"parent":0,"menu_order":0,"comment_status":"closed","ping_status":"closed","template":"","meta":{"_acf_changed":false,"inline_featured_image":false,"footnotes":""},"class_list":["post-136","page","type-page","status-publish","hentry"],"acf":[],"_links":{"self":[{"href":"https:\/\/sisu.ut.ee\/espon\/wp-json\/wp\/v2\/pages\/136","targetHints":{"allow":["GET"]}}],"collection":[{"href":"https:\/\/sisu.ut.ee\/espon\/wp-json\/wp\/v2\/pages"}],"about":[{"href":"https:\/\/sisu.ut.ee\/espon\/wp-json\/wp\/v2\/types\/page"}],"author":[{"embeddable":true,"href":"https:\/\/sisu.ut.ee\/espon\/wp-json\/wp\/v2\/users\/85"}],"replies":[{"embeddable":true,"href":"https:\/\/sisu.ut.ee\/espon\/wp-json\/wp\/v2\/comments?post=136"}],"version-history":[{"count":1,"href":"https:\/\/sisu.ut.ee\/espon\/wp-json\/wp\/v2\/pages\/136\/revisions"}],"predecessor-version":[{"id":483,"href":"https:\/\/sisu.ut.ee\/espon\/wp-json\/wp\/v2\/pages\/136\/revisions\/483"}],"wp:attachment":[{"href":"https:\/\/sisu.ut.ee\/espon\/wp-json\/wp\/v2\/media?parent=136"}],"curies":[{"name":"wp","href":"https:\/\/api.w.org\/{rel}","templated":true}]}}