{"id":718,"date":"2024-06-14T12:58:50","date_gmt":"2024-06-14T09:58:50","guid":{"rendered":"https:\/\/sisu.ut.ee\/esero\/?page_id=718"},"modified":"2026-02-11T17:05:53","modified_gmt":"2026-02-11T15:05:53","slug":"karjaaripaev","status":"publish","type":"page","link":"https:\/\/sisu.ut.ee\/esero\/karjaaripaev\/","title":{"rendered":"Karj\u00e4\u00e4rip\u00e4ev"},"content":{"rendered":"<section class=\"countdown-block py-3 px-2 p-md-4 page-section page-section--wide \" style=\"background-image: url(https:\/\/sisu.ut.ee\/wp-content\/uploads\/sites\/464\/karjaariredel-2025_muster_2000px-1920x1357.jpg);\">\n\t<h2 class=\"visually-hidden\">Loendur<\/h2>\n\t<div class=\"container-fluid g-0\">\n\t\t<div class=\"countdown-block__content\">\n\t\t\t<div class=\"row align-items-center\">\n\t\t\t\t<div class=\"col-md-4 text-center\">\n\t\t\t\t\t<p class=\"h4 mb-2 mb-md-0 text-white\">KARJ\u00c4\u00c4RIP\u00c4EV 2026     \r\n8.OKTOOBER 2026<\/p>\n\t\t\t\t<\/div>\n\t\t\t\t<div class=\"col-md-4 text-center\">\n\t\t\t\t\t<div class=\"countdown-timer h1 text-white d-flex flex-md-column justify-content-center mb-0\" data-date=\"10\/08\/2026 00:00:00\">\n\t\t\t\t\t\t<span class=\"days me-2 me-md-0 d-block\">0 p\u00e4eva<\/span>\n\t\t\t\t\t\t<div class=\"d-flex justify-content-center\">\n\t\t\t\t\t\t\t<span class=\"hours\">00:<\/span>\n\t\t\t\t\t\t\t<span class=\"minutes\">00:<\/span>\n\t\t\t\t\t\t\t<span class=\"seconds\">00<\/span>\n\t\t\t\t\t\t<\/div>\n\t\t\t\t\t<\/div>\n\t\t\t\t<\/div>\n\t\t\t\t<div class=\"col-md-4 text-center text-md-start\">\n\t\t\t\t\t                <\/div>\n            <\/div>\n        <\/div>\n  <\/div>\n<\/section>\n\n\n\n<div class=\"wp-block-columns is-layout-flex wp-container-core-columns-is-layout-9d6595d7 wp-block-columns-is-layout-flex\">\n<div class=\"wp-block-column is-layout-flow wp-block-column-is-layout-flow\" style=\"flex-basis:100%\">\n<figure class=\"wp-block-image alignright size-large is-resized\"><img loading=\"lazy\" decoding=\"async\" width=\"1024\" height=\"683\" src=\"https:\/\/sisu.ut.ee\/wp-content\/uploads\/sites\/464\/Ekvilibrist-2253-1024x683.jpg\" alt=\"\" class=\"wp-image-722\" style=\"width:293px;height:auto\" srcset=\"https:\/\/sisu.ut.ee\/wp-content\/uploads\/sites\/464\/Ekvilibrist-2253-1024x683.jpg 1024w, https:\/\/sisu.ut.ee\/wp-content\/uploads\/sites\/464\/Ekvilibrist-2253-300x200.jpg 300w, https:\/\/sisu.ut.ee\/wp-content\/uploads\/sites\/464\/Ekvilibrist-2253-768x512.jpg 768w, https:\/\/sisu.ut.ee\/wp-content\/uploads\/sites\/464\/Ekvilibrist-2253-1536x1024.jpg 1536w, https:\/\/sisu.ut.ee\/wp-content\/uploads\/sites\/464\/Ekvilibrist-2253-2048x1366.jpg 2048w, https:\/\/sisu.ut.ee\/wp-content\/uploads\/sites\/464\/Ekvilibrist-2253-1920x1280.jpg 1920w\" sizes=\"auto, (max-width: 1024px) 100vw, 1024px\"><\/figure>\n\n\n\n<p class=\"has-blue-active-color has-text-color has-link-color wp-elements-5bfc767636eefced6f5d7349c9d467b8\"><strong>Karj\u00e4\u00e4rip\u00e4eva \u00fcldinfo<\/strong><\/p>\n\n\n\n<p><strong>Kosmos ning ka loodus- ja t\u00e4ppisteadused v\u00f5ivad tunduda noortele sageli v\u00e4ga keerukad ja kauged. Meie soov T\u00dc Tartu observatooriumis on noored kokku viia siitsamast Eestist p\u00e4rit ettev\u00f5tjate ja teadlastega, kes on oma valdkonnas edukalt karj\u00e4\u00e4ri teinud ning n\u00e4idata, kui p\u00f5nev v\u00f5ib t\u00f6\u00f6 kosmose valdkonnas olla ja kui palju on selleks erinevaid v\u00f5imalusi. Kuna koolist saab sageli pigem teoreetilisi teadmisi, siis soovime n\u00e4idata, milliste p\u00e4rist\u00f6\u00f6deni v\u00f5ivad need teadmised viia. See k\u00f5ik on investeering Eesti tulevikku: \u00fcha arenev tehnoloogia n\u00f5uab aina rohkem spetsialiste. Just seet\u00f5ttu kutsusimegi ellu sellise toreda \u00fcrituse nagu karj\u00e4\u00e4rip\u00e4ev<\/strong> <strong><em>\u201e<\/em>Karj\u00e4\u00e4riredel viib kosmosesse<em>\u201c<\/em>.<\/strong><\/p>\n<\/div>\n<\/div>\n\n\n\n<p>Karj\u00e4\u00e4rip\u00e4ev <strong>\u201eKarj\u00e4\u00e4riredel viib kosmosesse\u201c<\/strong> toimub taas ja ootab osalejaid juba <strong>8. oktoobril 2026<\/strong>. \u00dcritus leiab aset <strong>Tartu Tamme G\u00fcmnaasiumis<\/strong> ning selle k\u00f5rval asuval <strong>Tartu \u00dclikooli Maarjav\u00e4lja alal<\/strong>.<\/p>\n\n\n\n<p>Kutsume k\u00f5iki teadus- ja kosmosehuvilisi 10.\u201312. klassi noori veetma p\u00e4eva, mis on t\u00e4idetud avastamisr\u00f5\u00f5mu ja p\u00f5nevaid kogemusi. Programmis on mitmesugused praktilised t\u00f6\u00f6toad, mis avavad kosmoseteema eri tahke, alates satelliitidest ja robootikast kuni astronoomia ja tulevikutehnoloogiateni. Lisaks on avatud messiala, kus saab tutvuda ettev\u00f5tete, \u00fclikoolide ja organisatsioonidega, kes tegutsevad kosmosevaldkonnas.<\/p>\n\n\n\n<figure class=\"wp-block-embed aligncenter is-type-video is-provider-youtube wp-block-embed-youtube wp-embed-aspect-16-9 wp-has-aspect-ratio\"><div class=\"wp-block-embed__wrapper\">\n<div class=\"ratio ratio-16x9 mb-3\"><div class=\"video-placeholder-wrapper video-placeholder-wrapper--16x9\">\n\t\t\t    <div class=\"video-placeholder d-flex justify-content-center align-items-center\">\n\t\t\t        <div class=\"overlay text-white p-2 w-100 text-center d-block justify-content-center align-items-center\">\n\t\t\t            <div>Kolmandate osapoolte sisu n\u00e4gemiseks palun n\u00f5ustu k\u00fcpsistega.<\/div>\n\t\t\t            <button class=\"btn btn-secondary btn-sm mt-1 consent-change\">Muuda n\u00f5usolekut<\/button>\n\t\t\t        <\/div>\n\t\t\t    <\/div>\n\t\t\t<\/div>\n<\/div>\n<\/div><figcaption class=\"wp-element-caption\">Karj\u00e4\u00e4rip\u00e4ev 2025 Tartu Tamme G\u00fcmnaasiumis ja T\u00dc Maarjav\u00e4lja alal. Video autor on Ramon Jakobs.<\/figcaption><\/figure>\n\n\n\n<p>Registreerimine ja t\u00e4psem info lisandub jooksvalt, kuid kuup\u00e4eva v\u00f5id endale juba varakult kirja panna.<\/p>\n<p><span style=\"color: #0098db;\"><strong>Karj\u00e4\u00e4rip\u00e4eva t\u00f6\u00f6toad<\/strong><\/span><\/p>\n<div>\n<p>Nagu traditsiooniks saanud, on k\u00f5ik karj\u00e4\u00e4rip\u00e4eva t\u00f6\u00f6toad praktilise suunitlusega ja tihedalt seotud kosmose valdkonnaga. ESERO Eesti eesm\u00e4rk on innustada noori avastama, kui p\u00f5nev, mitmekesine ja k\u00e4egakatsutav v\u00f5ib olla karj\u00e4\u00e4r tulevikus kosmosega seotud valdkondades. T\u00f6\u00f6tubade kaudu avaneb v\u00f5imalus tutvuda erinevate ametite ja tegevustega, mis aitavad m\u00f5ista, millised haridus- ja t\u00f6\u00f6v\u00f5imalused ootavad ees selles kiiresti arenevas valdkonnas. Iga t\u00f6\u00f6tuba kestab 1,5 tundi ning p\u00e4eva jooksul toimub kaks t\u00f6\u00f6tubade plokki, mis annab igale \u00f5pilasgrupile v\u00f5imaluse osaleda <strong>kahes erinevas<\/strong> t\u00f6\u00f6toas.\u00a0<\/p>\n<p><strong>Eelnevalt on olnud karj\u00e4\u00e4rip\u00e4eval j\u00e4rgmised t\u00f6\u00f6toad<\/strong>\u00a0<em>(p\u00f5hjalikke kirjeldusi saab lugeda registreerimislingilt <a href=\"https:\/\/karjaaripaev.esero.ee\/\" target=\"_blank\" rel=\"noopener\">siit<\/a>)<\/em>:<\/p>\n<ul>\n<li>Vesinikurakett<\/li>\n<li>Kosmosetoidu disain<\/li>\n<li>Vesi kosmoses: k\u00fctus, \u00f5hk ja elekter \u00fchest molekulist<\/li>\n<li>Elektroonika praktiline algkursus<\/li>\n<li>Kondensaatori testimine<\/li>\n<li>Kondensaatori ehitamine<\/li>\n<li>Droonide komplekteerimine<\/li>\n<li>P\u00e4ikeses\u00fcsteemi programmeerimine Pythonis<\/li>\n<li>Pilved ja masin\u00f5pe<\/li>\n<li>Meteoriidid<\/li>\n<li>KuupKulgur (inglisekeelne)<\/li>\n<li>Ehitame reaktiivmootoriga auto<\/li>\n<li>Infojaht 101<\/li>\n<li>Elektritehnika: Kosmosejaama raadioside- ehita oma raadio!<\/li>\n<li>Masinaehitus- Kavanda oma kosmosekomponent \u2013 CADist CNC-ni<\/li>\n<li>Robotitehnika- Kuidas liigub marsikulgur? Programmeeri ja testi!<\/li>\n<li>Veeproovid on segi \u2013 kas suudad v\u00e4lja selgitada, kust need p\u00e4rinevad?<\/li>\n<li>MoonCamp \u2013 kuidas elada Kuul?<\/li>\n<li>Saada AstroPi-ga enda loodud pilt kosmosesse!<\/li>\n<li>Kosmiliste kauguste redel<\/li>\n<li>LEGO spike prime kosmose t\u00f6\u00f6tuba<\/li>\n<li>Jootmise t\u00f6\u00f6tuba<\/li>\n<li>\u201eEn + zyme\u201c proovilepanek, olgu Maal v\u00f5i kosmoses<\/li>\n<li>Avasta UV \u2013 n\u00e4htamatu kiirguse teadus<\/li>\n<li>Koroona \u2013 viirus v\u00f5i satelliidi mootor<\/li>\n<li>Kosmosest j\u00e4rvedeni<\/li>\n<li>Raadioside kosmosest: kuula ja dekodeeri<\/li>\n<li>Kosmos r\u00e4\u00e4gib: kuidas signaal liigub?<\/li>\n<li>Galaktika radadel: Jaan Einasto elu arhiivi universumis<\/li>\n<li>Objektituvastusest kosmoses<\/li>\n<li>Esimesed sammud 3D modelleerimises ja fotogramm-meetrias<\/li>\n<li>Raketiinsener<\/li>\n<li>Planeetide loomine graafikakaardil<\/li>\n<li>Kosmosekiirgus ja tervishoid<\/li>\n<li>P\u00e4ikeseenergia kosmoses<\/li>\n<\/ul>\n<\/div>\n<p><span style=\"color: #0098db;\"><strong>Karj\u00e4\u00e4rip\u00e4eva messiala<\/strong><\/span><\/p>\n<p data-start=\"107\" data-end=\"345\">Kutsume ettev\u00f5tteid, \u00fclikoole, k\u00f5rgkoole ja teisi organisatsioone osalema 2026. aasta karj\u00e4\u00e4rip\u00e4eva <strong data-start=\"207\" data-end=\"242\">\u201eKarj\u00e4\u00e4riredel viib kosmosesse\u201c<\/strong> erialade messialal, et taas inspireerida j\u00e4rgmise p\u00f5lvkonna teadlasi, insenere ja loovm\u00f5tlejaid.<\/p>\n<p data-start=\"347\" data-end=\"607\">Eelmisel aastal esmakordselt\u00a0 toimunud messiala oli v\u00e4ga edukas ja j\u00e4ttis k\u00f5igile osalejatele unustamatu mulje. T\u00e4navu j\u00e4tkame samas vaimus, pakkudes noortele v\u00f5imalust kohtuda teaduse, tehnoloogia ja kosmose valdkondade esindajatega ning avastada uusi ideid ja karj\u00e4\u00e4riv\u00f5imalusi. K\u00fclastajad saavad n\u00e4ha ja proovida tegevusi k\u00fcberkaitse, robootika, loodusteaduste, tervishoiu ja teiste tulevikku kujundavate valdkondadega. Osalejana saate pakkuda tehnika demonstratsioone, reklaammaterjale v\u00f5i arutelusid, mis aitavad noortel m\u00f5ista, milline v\u00f5iks olla nende teekond erinevates valdkondades. See on suurep\u00e4rane v\u00f5imalus tutvustada oma tegemisi, leida tulevasi koost\u00f6\u00f6partnereid ja s\u00fc\u00fcdata \u00f5pilastes kirg valitud eriala vastu.<\/p>\n<p data-start=\"1045\" data-end=\"1279\">Messiala on \u00fcles seatud Tartu Tamme G\u00fcmnaasiumi aatriumis. K\u00fclastajad saavad ringi liikuda hommikul kuni kella 10ni ja t\u00f6\u00f6tubade vahepauside ajal. Julgustame k\u00f5iki esinejaid oma ala n\u00e4htavaks tegema ja noortega p\u00f5nevaid vestlusi algatama. Liituge meiega ka sel aastal, et teha koost\u00f6\u00f6d, jagada teadmisi ja inspireerida noori samme tuleviku kosmosekarj\u00e4\u00e4rile.<\/p>\n<p>Lisainformatsiooni saamiseks ja k\u00fcsimuste korral v\u00f5tke \u00fchendust e-posti teel esero@ut.ee.<\/p>\n\n\n<p><\/p>\n","protected":false},"excerpt":{"rendered":"<p>Karj\u00e4\u00e4rip\u00e4eva \u00fcldinfo Kosmos ning ka loodus- ja t\u00e4ppisteadused v\u00f5ivad tunduda noortele sageli v\u00e4ga keerukad ja kauged. Meie soov T\u00dc Tartu observatooriumis on noored kokku viia siitsamast Eestist p\u00e4rit ettev\u00f5tjate ja teadlastega, kes on oma valdkonnas edukalt karj\u00e4\u00e4ri teinud ning n\u00e4idata, &#8230;<\/p>\n","protected":false},"author":241,"featured_media":0,"parent":0,"menu_order":0,"comment_status":"closed","ping_status":"closed","template":"","meta":{"_acf_changed":false,"inline_featured_image":false,"footnotes":""},"class_list":["post-718","page","type-page","status-publish","hentry"],"acf":[],"_links":{"self":[{"href":"https:\/\/sisu.ut.ee\/esero\/wp-json\/wp\/v2\/pages\/718","targetHints":{"allow":["GET"]}}],"collection":[{"href":"https:\/\/sisu.ut.ee\/esero\/wp-json\/wp\/v2\/pages"}],"about":[{"href":"https:\/\/sisu.ut.ee\/esero\/wp-json\/wp\/v2\/types\/page"}],"author":[{"embeddable":true,"href":"https:\/\/sisu.ut.ee\/esero\/wp-json\/wp\/v2\/users\/241"}],"replies":[{"embeddable":true,"href":"https:\/\/sisu.ut.ee\/esero\/wp-json\/wp\/v2\/comments?post=718"}],"version-history":[{"count":30,"href":"https:\/\/sisu.ut.ee\/esero\/wp-json\/wp\/v2\/pages\/718\/revisions"}],"predecessor-version":[{"id":3282,"href":"https:\/\/sisu.ut.ee\/esero\/wp-json\/wp\/v2\/pages\/718\/revisions\/3282"}],"wp:attachment":[{"href":"https:\/\/sisu.ut.ee\/esero\/wp-json\/wp\/v2\/media?parent=718"}],"curies":[{"name":"wp","href":"https:\/\/api.w.org\/{rel}","templated":true}]}}