{"id":567,"date":"2024-05-21T11:27:26","date_gmt":"2024-05-21T08:27:26","guid":{"rendered":"https:\/\/sisu.ut.ee\/esero\/?page_id=567"},"modified":"2025-12-16T12:58:24","modified_gmt":"2025-12-16T10:58:24","slug":"koolitused","status":"publish","type":"page","link":"https:\/\/sisu.ut.ee\/esero\/koolitused\/","title":{"rendered":"Koolitused"},"content":{"rendered":"<div class=\"accordion-block mb-3\">\n\t\t<div class=\"accordion \" id=\"accordion-accordion-69e24c8174b9c\">\n\t\t\t\t\t\t\t<div class=\"accordion-item accordion-item--white\">\n\t\t\t\t\t<h2 class=\"accordion-header\" id=\"accordion-69e24c8174b9c-heading-1\">\n\t\t\t\t\t\t<button class=\"accordion-button collapsed\" type=\"button\" data-bs-toggle=\"collapse\" data-bs-target=\"#accordion-69e24c8174b9c-collapse-1\" aria-expanded=\"true\" aria-controls=\"accordion-69e24c8174b9c-collapse-1\">\n\t\t\t\t\t\t\t\u00d5petajakoolitus \"Kosmos \u00fchendab\"\n\t\t\t\t\t\t<\/button>\n\t\t\t\t\t<\/h2>\n\t\t\t\t\t<div id=\"accordion-69e24c8174b9c-collapse-1\" class=\"accordion-collapse collapse \" aria-labelledby=\"accordion-69e24c8174b9c-heading-1\">\n\t\t\t\t\t\t<div class=\"accordion-body\">\n\t\t\t\t\t\t\t<p><\/p><div class=\"ratio ratio-16x9 mb-3\"><div class=\"video-placeholder-wrapper video-placeholder-wrapper--16x9\">\n\t\t\t    <div class=\"video-placeholder d-flex justify-content-center align-items-center\">\n\t\t\t        <div class=\"overlay text-white p-2 w-100 text-center d-block justify-content-center align-items-center\">\n\t\t\t            <div>Kolmandate osapoolte sisu n\u00e4gemiseks palun n\u00f5ustu k\u00fcpsistega.<\/div>\n\t\t\t            <button class=\"btn btn-secondary btn-sm mt-1 consent-change\">Muuda n\u00f5usolekut<\/button>\n\t\t\t        <\/div>\n\t\t\t    <\/div>\n\t\t\t<\/div>\n<\/div>\n<p><strong>Mis koolitus \u201cKosmos \u00fchendab\u201d endast kujutab?<\/strong><\/p>\n<p>Koolituse eesm\u00e4rgiks on meeskonnakoolituse v\u00f5tmes puistata killukest kosmost k\u00f5ikidesse \u00f5ppeainetesse ning tuua seel\u00e4bi lapsi l\u00e4hemale inseneeria valdkonnale.<\/p>\n<p>Koolile pakume pisut omamoodi meeskonnakoolitust ja anname v\u00f5imaluse n\u00e4ha oma kolleege veidi teise nurga alt. Sellest tulenevalt palume koolitusel osalema k\u00f5iki kooli \u00f5petajaid, tugiteenuste t\u00f6\u00f6tajaid ja ka juhtkonda.<\/p>\n<p>Koolituse p\u00e4ev kestab orienteeruvalt 5 tundi ning on jagatud kolmeks osaks: esimeses osas osalevad \u00f5petajad erinevates k\u00e4ed k\u00fclge t\u00f6\u00f6tubades, teise osana peab Tartu \u00dclikooli teadlane\/insener populaarteadusliku ettekande oma valdkonnast ning viimases osas koostavad \u00f5petajad oma kooli v\u00f5imalustest ja vajadustel l\u00e4htuva kosmosep\u00e4eva\/-n\u00e4dala kava kasutades ainetevahelist l\u00f5imumist.<\/p>\n<p><strong>Miks kutsuda kooli kosmoseteemaline \u00f5petajakoolitus?<\/strong><\/p>\n<p>Meie koolitus p\u00f5hineb praktilistel tegevustel, mille raames jagame \u00f5petajatele kasulikku teavet kosmoseteadusest ja -tehnoloogiast ning l\u00f5imime kosmost erinevate \u00f5ppeainetega. Tutvustame uusi p\u00f5nevaid eestikeelseid \u00f5ppematerjale ja v\u00f5imalusi kaasa l\u00fc\u00fca rahvusvahelistel v\u00f5istlustel. Koolitusi korraldame kogu kooli \u00f5petajaskonnale korraga ning lisaboonusena t\u00f5stame koolituse k\u00e4igus meeskonnavaimu ning paneme \u00f5petajad proovile erinevates meeskonnat\u00f6\u00f6des.<\/p>\n<p>P\u00e4eva l\u00f5puks valmib l\u00e4bivatele teemadele tuginev just teie kooli vajadusi ning v\u00f5imalusi arvestav kosmose teeman\u00e4dala kava. ESERO koolitusmeeskond aitab teid ideede, vahendite ja kogemustega. Koolituse eest tasuvad Euroopa Kosmoseagentuur ja T\u00dc Tartu observatoorium. P\u00f5hjalikumat koolituse kirjeldust ja \u00fclesehitust saad lugeda <a title=\"\" href=\"https:\/\/esero.ee\/opetajakoolitus-kosmos-uhendab\/\" target=\"_blank\" rel=\"noopener\" data-url=\"https:\/\/esero.ee\/%C3%B5petajakoolitus-kosmos-%C3%BChendab\">siit<\/a>.<\/p>\n<p><strong>Tegevused<\/strong><\/p>\n<ul>\n<li>\u00d5pitubades osalemine<\/li>\n<li>Kosmose teeman\u00e4dala kava koostamine<\/li>\n<li>Teadlase populaarteadusliku loengu kuulamine<\/li>\n<li>Uute \u00f5ppematerjalidega tutvumine<\/li>\n<\/ul>\n<p><strong>Teadmised<\/strong><\/p>\n<ul>\n<li>T\u00e4nap\u00e4evasest kosmoseteadusest ja -tehnoloogiast<\/li>\n<li>ESERO ja observatooriumi pakkumistest koolidele<\/li>\n<li>Kosmosevaldkonna rakendamisest v\u00f5imalusena \u00f5ppeaineid l\u00f5imida<\/li>\n<li>Uued v\u00f5tted ja nipid oma \u00f5ppeaines kosmoseteema k\u00e4sitlemiseks<\/li>\n<\/ul>\n<p>Kui soovid \u00f5petajakoolitust ka oma \u00f5ppeasutuse kollektiivile, siis kirjuta meile <strong>esero@ut.ee<\/strong>.<\/p>\n<p>\u00d5petajakoolituse l\u00e4binutele v\u00e4ljastab T\u00dc Tartu observatoorium Tartu \u00dclikooli\u00a0<strong>t\u00e4iendus\u00f5ppeprogrammi \u201cKosmos \u00fchendab\u201d <\/strong>l\u00e4bimise t\u00f5endi(0,25 EAP).<\/p>\n<p><img loading=\"lazy\" decoding=\"async\" class=\"alignleft wp-image-103 size-thumbnail\" src=\"https:\/\/sisu.ut.ee\/wp-content\/uploads\/sites\/464\/maakondlik-23-aot-ep-22-150x150.png\" alt=\"Andras valge\" width=\"150\" height=\"150\"><\/p>\n<p>\u00a0<\/p>\n<p>Eesti T\u00e4iskasvanute Koolitajate Assotsiatsioon (ETKA) <strong>Andras <\/strong>tunnustas Tartu \u00dclikooli Tartu observatooriumi ja ESERO Eesti \u00f5petajate koolitust \u201eKosmos \u00fchendab\u201c <strong>Tartumaa aasta \u00f5piteo eriauhinnaga<\/strong>.<\/p>\n<p>\u00a0<\/p>\n<p>\u00a0<\/p>\n\n\t\t\t\t\t\t<\/div>\n\t\t\t\t\t<\/div>\n\t\t\t\t<\/div>\n\t\t\t\t\t<\/div>\n\t<\/div>\n\n\n<div class=\"accordion-block mb-3\">\n\t\t<div class=\"accordion \" id=\"accordion-accordion-69e24c8175294\">\n\t\t\t\t\t\t\t<div class=\"accordion-item accordion-item--white\">\n\t\t\t\t\t<h2 class=\"accordion-header\" id=\"accordion-69e24c8175294-heading-1\">\n\t\t\t\t\t\t<button class=\"accordion-button collapsed\" type=\"button\" data-bs-toggle=\"collapse\" data-bs-target=\"#accordion-69e24c8175294-collapse-1\" aria-expanded=\"true\" aria-controls=\"accordion-69e24c8175294-collapse-1\">\n\t\t\t\t\t\t\tLasteaia\u00f5petajate koolitus\n\t\t\t\t\t\t<\/button>\n\t\t\t\t\t<\/h2>\n\t\t\t\t\t<div id=\"accordion-69e24c8175294-collapse-1\" class=\"accordion-collapse collapse \" aria-labelledby=\"accordion-69e24c8175294-heading-1\">\n\t\t\t\t\t\t<div class=\"accordion-body\">\n\t\t\t\t\t\t\t<p>Koolituse eesm\u00e4rk on pakkuda koolieelse lasteasutuse \u00f5petajatele uusi teadmisi, \u00f5ppematerjale ja vahendeid kosmose temaatika k\u00e4sitlemiseks lastega ning tutvustada p\u00f5nevaid rahvusvahelisi \u00fcleskutseid, mida on v\u00f5imalik l\u00e4bida (nt projekt\u00f5ppe raames).<\/p>\n<p>Kontaktkoolitus koosneb neljast erinevast teemast ning selle orienteeruv kestvus on 3 tundi.<\/p>\n<ul>\n<li><strong>\u201cMission X \u2013 Treeni nagu astronaut!\u201d<\/strong><\/li>\n<\/ul>\n<p style=\"padding-left: 40px;\">V\u00e4ikestes gruppides tehakse l\u00e4bi erinevaid praktilisi tegevusi, mis on seotud astronautide elukutsega. K\u00f5iki tegevused on valitud selliselt, et need oleks sobilikud ja j\u00f5ukohased lasteaia lastele.<\/p>\n<ul>\n<li><strong><span lang=\"EN-US\">L\u00fchiettekanne \u201c Kosmos\u201d<\/span><\/strong><\/li>\n<\/ul>\n<p style=\"padding-left: 40px;\">Ettekande jooksul r\u00e4\u00e4gitakse p\u00f5hjataeva t\u00e4htkujudest, kuidas neid \u00e4ra tunda ning millised nimed neil on. Juttu tuleb ka kosmosest \u00fcldiselt, mis sealt leida v\u00f5ib ja kas seal ka elu leidub. Samuti selgitatakse mis on satelliidid ning mis eesm\u00e4rke nad t\u00e4idavad. Kindlasti saab vastatuse k\u00fcsimusele, millised on p\u00f5nevad kaasaegsed kosmosemissioonid.<\/p>\n<ul>\n<li><strong><span lang=\"EN-US\">Kosmoseteemalised materjalid ja tegevused lastele<\/span><\/strong><\/li>\n<\/ul>\n<p style=\"padding-left: 40px;\">Selle teema raames tutvustame allikaid, kust on v\u00f5imalik leida vahvaid eestikeelseid kosmosega seotud materjale. Suuname kelle poole p\u00f6\u00f6rduda, kui on soov lasteaias l\u00e4bi viia kosmosep\u00e4ev\/-n\u00e4dal ning sooviks selleks puhuks laenutada katsevahendeid v\u00f5i leida vahvaid auhindu. R\u00e4\u00e4gime v\u00f5imalustest lasteaialastega osa v\u00f5tta p\u00f5nevatest kosmoseteemalistest v\u00f5istlustest.<\/p>\n<ul>\n<li><strong>Praktilised tegevused<\/strong><\/li>\n<\/ul>\n<p style=\"padding-left: 40px;\">Tutvustame ja teeme l\u00e4bi erinevaid kosmoseteemalisi praktilisi tegevusi. N\u00e4iteks joonistame t\u00e4hekaarti, paneme kokku elektriskeemi ning kuulame morses\u00f5numit.<\/p>\n<p>\u00a0<\/p>\n<p>Antud koolitus kuulub Tartu \u00dclikooli t\u00e4iendus\u00f5ppeprogrammi (Kosmoseteemaline koolitus lasteaia\u00f5petajatele. LTTO.TK.004). K\u00f5igile t\u00f6\u00f6 esitajatele v\u00e4ljastatakse Tartu \u00dclikooli t\u00e4iendus\u00f5ppeprogrammis osalemise tunnistus 0,25 EAP v\u00e4\u00e4rtuses.<\/p>\n<p>Tunnistuse saamiseks tuleb osaleda koolitusel, koostada ja l\u00e4bi viia kosmoseteemaline tunnikava (piisab \u00fches tegevusest, mida lastega l\u00e4bi viiakse) ning esitada vabas vormis kirjalikult tunnikava anal\u00fc\u00fcs\/tegevusaruanne (maksimaalselt \u00fcks A4) mitte hiljem kui kuu aega peale koolitusel osalemist.<\/p>\n\n\t\t\t\t\t\t<\/div>\n\t\t\t\t\t<\/div>\n\t\t\t\t<\/div>\n\t\t\t\t\t<\/div>\n\t<\/div>\n\n\n<div class=\"accordion-block mb-3\">\n\t\t<div class=\"accordion \" id=\"accordion-accordion-69e24c81754e7\">\n\t\t\t\t\t\t\t<div class=\"accordion-item accordion-item--white\">\n\t\t\t\t\t<h2 class=\"accordion-header\" id=\"accordion-69e24c81754e7-heading-1\">\n\t\t\t\t\t\t<button class=\"accordion-button collapsed\" type=\"button\" data-bs-toggle=\"collapse\" data-bs-target=\"#accordion-69e24c81754e7-collapse-1\" aria-expanded=\"true\" aria-controls=\"accordion-69e24c81754e7-collapse-1\">\n\t\t\t\t\t\t\tKoolitus Tallinnas ja T\u00f5raveres CanSat juhendajatele \n\t\t\t\t\t\t<\/button>\n\t\t\t\t\t<\/h2>\n\t\t\t\t\t<div id=\"accordion-69e24c81754e7-collapse-1\" class=\"accordion-collapse collapse \" aria-labelledby=\"accordion-69e24c81754e7-heading-1\">\n\t\t\t\t\t\t<div class=\"accordion-body\">\n\t\t\t\t\t\t\t<div id=\"nav-tabContent-115584\" class=\"tab-content\">\n<div id=\"nav-f40699ec-beea-4c9d-bbb7-eef46e0853e7\" class=\"tab-pane fade active show\" role=\"tabpanel\" aria-labelledby=\"nav-f40699ec-beea-4c9d-bbb7-eef46e0853e7-tab\">\n<div class=\"container-fluid px-0 pb-3\">\n<div class=\"row justify-content-center\">\n<div class=\"col-12\">\n<p>Euroopa kosmoseagentuuri haridusprogramm ESERO on igal aastal korraldamas <strong>CanSat`i<\/strong> ehk <strong>purksatelliidi<\/strong> ehitamise \u00fclemaailmset v\u00f5istlust. Eesm\u00e4rgiks on ehitada ja lennutada karastusjoogi purgi suurune satelliit. V\u00f5istlus on suunatud <strong>14-19-aastastele noortele<\/strong>, osalemiseks tule kokku panna <strong>3-6-liikmeline tiim<\/strong>, keda saadab juhendaja. <a href=\"https:\/\/sisu.ut.ee\/wp-content\/uploads\/sites\/464\/CanSat_Eesti_juhend_2024-2025.pdf\" target=\"_blank\" rel=\"noopener\"><strong>Loe l\u00e4hemalt<\/strong> <\/a>CanSati v\u00f5istlusest ja selle missioonidest.<\/p>\n<p>T\u00dc Tartu observatoorium koost\u00f6\u00f6s ESERO Eestiga pakuvad k\u00f5igile juhendajatele v\u00f5imalust osaleda <strong>TASUTA<\/strong> koolitusel, mille eesm\u00e4rk on jagada vajalikke teadmisi ja oskusi \u00f5pilaste edukaks osalemiseks CanSat`i\u00a0 v\u00f5istlusel.<\/p>\n<p><strong>Tallinna koolitus toimub 17. septembril kell 9-18 Tallinnas,\u00a0<a href=\"https:\/\/www.energiakeskus.ee\/\" target=\"_blank\" rel=\"noreferrer noopener\">Energia avastuskeskuses<\/a>.\u00a0<\/strong><\/p>\n<p><strong>Registreerimine koolitusele on l\u00f5ppenud!<\/strong><\/p>\n<div class=\"align-left img-media-block\" data-lightbox-src=\"\/sites\/default\/files\/2024-07\/DSC05521-scaled.jpg\" data-lightbox-text=\"CatSat \">\n<div><img loading=\"lazy\" decoding=\"async\" class=\"alignright wp-image-1942 \" src=\"https:\/\/sisu.ut.ee\/wp-content\/uploads\/sites\/464\/DSC7305-scaled.jpg\" alt=\"\" width=\"335\" height=\"224\" srcset=\"https:\/\/sisu.ut.ee\/wp-content\/uploads\/sites\/464\/DSC7305-scaled.jpg 2560w, https:\/\/sisu.ut.ee\/wp-content\/uploads\/sites\/464\/DSC7305-300x200.jpg 300w, https:\/\/sisu.ut.ee\/wp-content\/uploads\/sites\/464\/DSC7305-1024x683.jpg 1024w, https:\/\/sisu.ut.ee\/wp-content\/uploads\/sites\/464\/DSC7305-768x512.jpg 768w, https:\/\/sisu.ut.ee\/wp-content\/uploads\/sites\/464\/DSC7305-1536x1024.jpg 1536w, https:\/\/sisu.ut.ee\/wp-content\/uploads\/sites\/464\/DSC7305-2048x1365.jpg 2048w, https:\/\/sisu.ut.ee\/wp-content\/uploads\/sites\/464\/DSC7305-1920x1280.jpg 1920w\" sizes=\"auto, (max-width: 335px) 100vw, 335px\"><\/div>\n<\/div>\n<p>\u00dchep\u00e4evase koolituse k\u00e4igus tutvume p\u00f5hjalikult CanSat Next platvormi ja CanSati reeglitega. Lisaks saavad k\u00f5ik osalevad juhendajad endale CanSat Next komplektid vastavalt juhendatavate gruppide arvule ja eksklusiivse T-s\u00e4rgi.<\/p>\n<p><strong>Koolitus annab v\u00f5imaluse t\u00e4iendada oma teadmisi ja oskusi j\u00e4rgmistel teemadel:<\/strong><\/p>\n<ul type=\"disc\">\n<li>elektroonika<\/li>\n<li>programmeerimine<\/li>\n<li>3D-printimine<\/li>\n<li>tehisintellekti kasutamine<\/li>\n<li>avalik esinemine<\/li>\n<li>meeskonnat\u00f6\u00f6<\/li>\n<\/ul>\n<p><strong>Miks osaleda koolitusel?<\/strong><\/p>\n<ul type=\"disc\">\n<li><strong>T\u00f5sta oma \u00f5petamise kvaliteeti<\/strong>: Saad uusi oskusi ja teadmisi, mida klassiruumis rakendada.<\/li>\n<li><strong>Valmista oma \u00f5pilasi ette v\u00f5istluseks<\/strong>: Annad \u00f5pilastele parimad v\u00f5imalused edukaks osalemiseks purksatelliidi ehitamise v\u00f5istlusel.<\/li>\n<li><strong>V\u00f5rgustu<\/strong>: Kohtu teiste entusiastlike \u00f5petajatega ja jaga parimaid praktikaid. Tutvu Tartu \u00a0observatooriumi kosmoseinseneridega, kes \u00fchtlasi juhendavad ka koolitusel praktilisi tegevusi.<\/li>\n<li>\n<li>P\u00e4rast koolitust tagatakse juhendajatele ka tehniline tugi.<\/li>\n<\/ul>\n<p>K\u00f5ik <strong>\u00f5igeaegselt aruande esitanud<\/strong> v\u00f5iskonnad on oodatud <span data-olk-copy-source=\"MessageBody\">osalema kas Tallinna v\u00f5i Tartu CanSat eelvoorus. Eelvoorude parimad v\u00f5tavad omavahel m\u00f5\u00f5tu CanSat 2026 l\u00f5ppv\u00f5istlusel, mis toimub 2026nda aasta aprilli l\u00f5pus.<\/span><\/p>\n<p>CanSat Estonia 2026 v\u00f5itja v\u00f5istkonna <b>peaauhinnaks on reis koos juhendajaga Hollandisse<\/b>\u00a0ESA ESTEC kosmosekeskusesse (reisikulud h\u00fcvitatakse 300 euro ulatuses, kohapeal \u00f6\u00f6bimine ja tegevused on tasuta).<\/p>\n<p>Aga see pole veel k\u00f5ik, sest suurel l\u00f5ppv\u00f5istlusel jagatakse ka v\u00e4gevaid <strong>eriauhindu<\/strong> meie koost\u00f6\u00f6partneritelt.<\/p>\n<p><strong>Seega tule ja saa osa millestki erakordsest \u2013 viime noored kosmosesse!<\/strong><\/p>\n<p><em>*Varasem kokkupuude elektroonika ja programmeerimisega ei ole vajalik, aga tuleb kasuks.<\/em><\/p>\n<p>CanSati v\u00f5istluse kohta saad rohkem teavet <a href=\"https:\/\/cansat.esa.int\/et\/\">siit<\/a>.<\/p>\n<p>Lisainfo: T\u00f5nis R\u00fc\u00fctel tonis.ruutel@ut.ee<\/p>\n<p><strong>CanSat purksatelliite aitavad lennutada:<\/strong><\/p>\n<\/div>\n<\/div>\n<\/div>\n<\/div>\n<\/div>\n<p><!-- wp:image {\"id\":2236} --><\/p>\n<figure class=\"wp-block-image\"><img loading=\"lazy\" decoding=\"async\" width=\"2268\" height=\"567\" class=\"wp-image-2236\" src=\"https:\/\/sisu.ut.ee\/wp-content\/uploads\/sites\/464\/Untitled-21-x-21-cm-60-x-15-cm.png\" alt=\"\" srcset=\"https:\/\/sisu.ut.ee\/wp-content\/uploads\/sites\/464\/Untitled-21-x-21-cm-60-x-15-cm.png 2268w, https:\/\/sisu.ut.ee\/wp-content\/uploads\/sites\/464\/Untitled-21-x-21-cm-60-x-15-cm-300x75.png 300w, https:\/\/sisu.ut.ee\/wp-content\/uploads\/sites\/464\/Untitled-21-x-21-cm-60-x-15-cm-1024x256.png 1024w, https:\/\/sisu.ut.ee\/wp-content\/uploads\/sites\/464\/Untitled-21-x-21-cm-60-x-15-cm-768x192.png 768w, https:\/\/sisu.ut.ee\/wp-content\/uploads\/sites\/464\/Untitled-21-x-21-cm-60-x-15-cm-1536x384.png 1536w, https:\/\/sisu.ut.ee\/wp-content\/uploads\/sites\/464\/Untitled-21-x-21-cm-60-x-15-cm-2048x512.png 2048w, https:\/\/sisu.ut.ee\/wp-content\/uploads\/sites\/464\/Untitled-21-x-21-cm-60-x-15-cm-1920x480.png 1920w\" sizes=\"auto, (max-width: 2268px) 100vw, 2268px\"><\/figure>\n<p><!-- \/wp:image --><\/p>\n<p>\u00a0<\/p>\n\n\t\t\t\t\t\t<\/div>\n\t\t\t\t\t<\/div>\n\t\t\t\t<\/div>\n\t\t\t\t\t<\/div>\n\t<\/div>\n\n\n<div class=\"accordion-block mb-3\">\n\t\t<div class=\"accordion \" id=\"accordion-accordion-69e24c8175e91\">\n\t\t\t\t\t\t\t<div class=\"accordion-item accordion-item--white\">\n\t\t\t\t\t<h2 class=\"accordion-header\" id=\"accordion-69e24c8175e91-heading-1\">\n\t\t\t\t\t\t<button class=\"accordion-button collapsed\" type=\"button\" data-bs-toggle=\"collapse\" data-bs-target=\"#accordion-69e24c8175e91-collapse-1\" aria-expanded=\"true\" aria-controls=\"accordion-69e24c8175e91-collapse-1\">\n\t\t\t\t\t\t\t\u00d5petajakoolitus 23. septembril 2025 Tartus\n\t\t\t\t\t\t<\/button>\n\t\t\t\t\t<\/h2>\n\t\t\t\t\t<div id=\"accordion-69e24c8175e91-collapse-1\" class=\"accordion-collapse collapse \" aria-labelledby=\"accordion-69e24c8175e91-heading-1\">\n\t\t\t\t\t\t<div class=\"accordion-body\">\n\t\t\t\t\t\t\t<p><strong>Eesti kosmosekeskus T\u00f5raverest tuleb ja maandub \u00fcheks koolitusp\u00e4evaks Tartusse Toomem\u00e4ele!<\/strong><\/p>\n<p>Koolitus toimub: <strong>23. septembril <\/strong>kell <strong>9.00 \u2013 15.00<\/strong><\/p>\n<p>Koolituse koht: Tartu \u00dclikooli muuseumi valge saal (Lossi 25, Tartu) ja Tartu t\u00e4hetorn (Uppsala 8, Tartu), vaata kohale j\u00f5udmise ja parkimise infot <a href=\"https:\/\/tartu.ee\/et\/parkimine\">siit<\/a>!<\/p>\n<p>Kohapeal on k\u00f5igile osalejatele tagatud tasuta soe l\u00f5una ja kohvipausid.<\/p>\n<p>K\u00f5igile osalejatele on koolitus <strong>tasuta<\/strong>. Koolitust korraldab ja viib l\u00e4bi T\u00dc Tartu observatoorium ESERO projekti raames ning selle eest tasub Euroopa Kosmoseagentuur.<\/p>\n<p>Lisaks on v\u00f5imalik tutvuda Tartu t\u00e4hetorni v\u00e4ljapanekutega ning soovi korral ka T\u00dc muuseumi n\u00e4itusega.<\/p>\n<p><b>Registreerumine koolitusele on l\u00f5ppenud!<\/b><\/p>\n<p>\u00dchep\u00e4evase koolituse erinevates t\u00f6\u00f6tubades tutvustame \u00f5petajatele, kuidas kosmose teema v\u00f5imaldab:<\/p>\n<ul>\n<li>sisustada algklassides liikumispause ning tagada \u00fcldp\u00e4devused ja \u00f5ppesisu;<\/li>\n<li>pakkuda \u00f5pilastele p\u00f5nevaid \u00f5pilasuurimuse, loovt\u00f6\u00f6 ja praktilise t\u00f6\u00f6 teemasid selliselt, et ka juhendaja on materjalidega toetatud;<\/li>\n<li>\u00e4ratada \u00f5pilastes huvi robootika, inseneeria ning tehnoloogia vastu;<\/li>\n<li>\u00f5ppida m\u00f5istma planeet Maad;<\/li>\n<li>tutvuda tehisaru kasutamisega ning katsetada programmeerimise ja elektroonikaga;<\/li>\n<li>paremini aru saada universumist;<\/li>\n<li>anda vunki kunstist v\u00f5\u00f5rkeelteni ja f\u00fc\u00fcsikast bioloogiani.<\/li>\n<\/ul>\n<p>Esialgne p\u00e4evakava:<\/p>\n<table class=\"table table-hover\" style=\"height: 508px;\" width=\"710\">\n<tbody>\n<tr>\n<td width=\"141\">9:00 \u2013 9:30<\/td>\n<td width=\"331\">Kogunemine ja hommikukohv<\/td>\n<\/tr>\n<tr>\n<td width=\"141\">9:30 \u2013 10:00<\/td>\n<td width=\"331\">Sissejuhatus ja t\u00f6\u00f6tubadesse jagunemine<\/td>\n<\/tr>\n<tr>\n<td width=\"141\">10:00 \u2013 11:30<\/td>\n<td width=\"331\">T\u00f6\u00f6tubade esimene plokk (valikus on erinevad t\u00f6\u00f6toad)<\/td>\n<\/tr>\n<tr>\n<td width=\"141\">11:30 \u2013 12:30<\/td>\n<td width=\"331\">L\u00f5una<\/td>\n<\/tr>\n<tr>\n<td width=\"141\">12:30 \u2013 14:00<\/td>\n<td width=\"331\">T\u00f6\u00f6tubade teine plokk (valikus on erinevad t\u00f6\u00f6toad)<\/td>\n<\/tr>\n<tr>\n<td width=\"141\">14:00 \u2013 14:30<\/td>\n<td width=\"331\">Kohvipaus<\/td>\n<\/tr>\n<tr>\n<td width=\"141\">14:30 \u2013 15:00<\/td>\n<td width=\"331\">Tartu t\u00e4hetorni tutvustus ja p\u00e4eva kokkuv\u00f5te<\/td>\n<\/tr>\n<tr>\n<td width=\"141\">15:00<\/td>\n<td width=\"331\">L\u00f5petamine<\/td>\n<\/tr>\n<\/tbody>\n<\/table>\n<p>*P\u00e4evakavas veib veel tulla muudatusi, kuid alguse ja l\u00f5pu aeg j\u00e4\u00e4vad samaks.<\/p>\n<p>Koolitus kuulub Tartu \u00dclikooli t\u00e4iendus\u00f5ppeprogrammi ning k\u00f5igile osalejatele v\u00e4ljastatakse soovi korral ka t\u00e4iendus\u00f5ppeprogrammi <strong>\u201cKosmos \u00fchendab\u201d<\/strong> l\u00e4bimise t\u00f5end (0,25 EAP).<\/p>\n<p>K\u00fcsimuste korral v\u00f5tke \u00fchendust esero@ut.ee.<\/p>\n<p>\u00a0<\/p>\n<p>Kevadel k\u00e4isime Tallinnas Energia avastuskeskuses \u00f5petajaid koolitamas ning sellest on meil valminud vahva videoj\u00e4\u00e4dvustus. Viska pilk peale ja saa teada, mis Sind koolitusel ees ootamas on.<\/p>\n<p>\u00a0<\/p>\n<p><\/p><div class=\"ratio ratio-16x9 mb-3\"><div class=\"video-placeholder-wrapper video-placeholder-wrapper--16x9\">\n\t\t\t    <div class=\"video-placeholder d-flex justify-content-center align-items-center\">\n\t\t\t        <div class=\"overlay text-white p-2 w-100 text-center d-block justify-content-center align-items-center\">\n\t\t\t            <div>Kolmandate osapoolte sisu n\u00e4gemiseks palun n\u00f5ustu k\u00fcpsistega.<\/div>\n\t\t\t            <button class=\"btn btn-secondary btn-sm mt-1 consent-change\">Muuda n\u00f5usolekut<\/button>\n\t\t\t        <\/div>\n\t\t\t    <\/div>\n\t\t\t<\/div>\n<\/div>\n<p>\u00a0<\/p>\n<p>\u00a0<\/p>\n<p>\u00a0<\/p>\n\n\t\t\t\t\t\t<\/div>\n\t\t\t\t\t<\/div>\n\t\t\t\t<\/div>\n\t\t\t\t\t<\/div>\n\t<\/div>\n\n\n\n\n\n<p><\/p>\n","protected":false},"excerpt":{"rendered":"","protected":false},"author":241,"featured_media":1567,"parent":0,"menu_order":0,"comment_status":"closed","ping_status":"closed","template":"","meta":{"_acf_changed":false,"inline_featured_image":false,"footnotes":""},"class_list":["post-567","page","type-page","status-publish","has-post-thumbnail","hentry"],"acf":[],"_links":{"self":[{"href":"https:\/\/sisu.ut.ee\/esero\/wp-json\/wp\/v2\/pages\/567","targetHints":{"allow":["GET"]}}],"collection":[{"href":"https:\/\/sisu.ut.ee\/esero\/wp-json\/wp\/v2\/pages"}],"about":[{"href":"https:\/\/sisu.ut.ee\/esero\/wp-json\/wp\/v2\/types\/page"}],"author":[{"embeddable":true,"href":"https:\/\/sisu.ut.ee\/esero\/wp-json\/wp\/v2\/users\/241"}],"replies":[{"embeddable":true,"href":"https:\/\/sisu.ut.ee\/esero\/wp-json\/wp\/v2\/comments?post=567"}],"version-history":[{"count":30,"href":"https:\/\/sisu.ut.ee\/esero\/wp-json\/wp\/v2\/pages\/567\/revisions"}],"predecessor-version":[{"id":3125,"href":"https:\/\/sisu.ut.ee\/esero\/wp-json\/wp\/v2\/pages\/567\/revisions\/3125"}],"wp:featuredmedia":[{"embeddable":true,"href":"https:\/\/sisu.ut.ee\/esero\/wp-json\/wp\/v2\/media\/1567"}],"wp:attachment":[{"href":"https:\/\/sisu.ut.ee\/esero\/wp-json\/wp\/v2\/media?parent=567"}],"curies":[{"name":"wp","href":"https:\/\/api.w.org\/{rel}","templated":true}]}}