{"id":52,"date":"2024-04-04T06:47:05","date_gmt":"2024-04-04T03:47:05","guid":{"rendered":"https:\/\/sisu.ut.ee\/esero\/avaleht\/"},"modified":"2026-04-14T14:16:36","modified_gmt":"2026-04-14T11:16:36","slug":"avaleht","status":"publish","type":"page","link":"https:\/\/sisu.ut.ee\/esero\/","title":{"rendered":"Avaleht"},"content":{"rendered":"<p>Tere tulemast haridusprojekti ESERO Eesti kodulehele! ESERO on Euroopa Kosmoseagentuuri (ESA) ja kohalike partnerite \u00fchine \u00fcldharidust toetav projekt, mille eesm\u00e4rk on suurendada huvi loodus- ja t\u00e4ppisteaduste vastu kosmosevaldkonna populariseerimise teel.<\/p>\n\n\n\n<p>Siit lehelt leiad nii\u00a0<strong><a href=\"https:\/\/esero.ee\/oppematerjalid\/\" target=\"_blank\" rel=\"noreferrer noopener\">vajalikud \u00f5ppematerjalid<\/a><\/strong>,\u00a0<strong><a href=\"https:\/\/esero.ee\/uleskutsed\/\" target=\"_blank\" rel=\"noreferrer noopener\">p\u00f5nevad \u00fcleskutsed<\/a><\/strong>\u00a0kui ka\u00a0<strong><a href=\"https:\/\/esero.ee\/meist\/\" target=\"_blank\" rel=\"noreferrer noopener\">info \u201cESERO\u201d projekti ja selle s\u00e4rasilmsete korraldajate<\/a><\/strong>\u00a0kohta. Samuti saad uurida\u00a0<a href=\"https:\/\/kosmos.ut.ee\/et\/sisu\/kulastuskeskus\" target=\"_blank\" rel=\"noreferrer noopener\"><strong>Tartu observatooriumi k\u00fclastuskeskuse<\/strong>\u00a0<\/a>kohta, mis kutsub k\u00fclla m\u00fcstilise kosmosemaailmaga tutvuma.<\/p>\n\n\n<h1><span style=\"color: #0098db;\">Hetkel toimumas:<\/span><\/h1>\n\n<section class=\"page-cards-block page-section page-section--wide\">\n    <h2 class=\"visually-hidden\">Lehed<\/h2>\n    <div class=\"container-fluid g-0\">\n      <div class=\"row g-0\">\n                  <div class=\"col-md-6 col-lg-3\">\n            <div class=\"page-card d-flex justify-content-center align-items-end w-100 position-relative\" style=\"background-image: url(https:\/\/sisu.ut.ee\/wp-content\/uploads\/sites\/464\/7896627-724x1024.png);\">\n  <div class=\"page-card__content text-center w-100 p-2 p-lg-4\">\n          <h3 class=\"h4 text-white mb-2\">CANSAT ESTONIA 2026<\/h3>\n        <a href=\"https:\/\/sisu.ut.ee\/esero\/cansat-estonia-voistlus-2026\/\" class=\"btn btn-outline-light btn-icon\" target=\"_blank\">Loe l\u00e4hemalt<\/a>\n  <\/div>\n<\/div>\n          <\/div>\n                  <div class=\"col-md-6 col-lg-3\">\n            <div class=\"page-card d-flex justify-content-center align-items-end w-100 position-relative\" style=\"background-image: url(https:\/\/sisu.ut.ee\/wp-content\/uploads\/sites\/464\/Untitled-design2-819x1024.jpg);\">\n  <div class=\"page-card__content text-center w-100 p-2 p-lg-4\">\n          <h3 class=\"h4 text-white mb-2\">TEADUSMALEV<\/h3>\n        <a href=\"https:\/\/esero.ee\/malev\/\" class=\"btn btn-outline-light btn-icon\" target=\"_blank\">Loe l\u00e4hemalt<\/a>\n  <\/div>\n<\/div>\n          <\/div>\n                  <div class=\"col-md-6 col-lg-3\">\n            <div class=\"page-card d-flex justify-content-center align-items-end w-100 position-relative\" style=\"background-image: url(https:\/\/sisu.ut.ee\/wp-content\/uploads\/sites\/464\/Terrae_Novae_destinations_Moon-1024x716.jpg);\">\n  <div class=\"page-card__content text-center w-100 p-2 p-lg-4\">\n          <h3 class=\"h4 text-white mb-2\">MOON CAMP <\/h3>\n        <a href=\"https:\/\/esero.ee\/mooncamp\/\" class=\"btn btn-outline-light btn-icon\" target=\"_blank\">Loe l\u00e4hemalt<\/a>\n  <\/div>\n<\/div>\n          <\/div>\n                  <div class=\"col-md-6 col-lg-3\">\n            <div class=\"page-card d-flex justify-content-center align-items-end w-100 position-relative\" style=\"background-image: url(https:\/\/sisu.ut.ee\/wp-content\/uploads\/sites\/464\/Paxi.png);\">\n  <div class=\"page-card__content text-center w-100 p-2 p-lg-4\">\n          <h3 class=\"h4 text-white mb-2\">PAXI KUNSTIV\u00d5ISTLUS<\/h3>\n        <a href=\"https:\/\/sisu.ut.ee\/esero\/paxi-kunstivoistlus\/\" class=\"btn btn-outline-light btn-icon\" target=\"_blank\">Loe l\u00e4hemalt<\/a>\n  <\/div>\n<\/div>\n          <\/div>\n              <\/div>\n    <\/div>\n  <\/section>\n\n\n<h1>\u00a0<\/h1>\n<hr>\n<h1 style=\"text-align: justify;\"><span style=\"color: #0098db;\">Tutvu \u00fcleskutsetega<\/span><\/h1>\n<p style=\"text-align: center;\">\n\n\n<\/p><div class=\"wp-block-group is-layout-grid wp-container-core-group-is-layout-bc478703 wp-block-group-is-layout-grid\">\n<figure class=\"wp-block-image size-full\"><a href=\"https:\/\/esero.ee\/mooncamp\/\" target=\"_blank\" rel=\" noreferrer noopener\"><img loading=\"lazy\" decoding=\"async\" width=\"1006\" height=\"1006\" src=\"https:\/\/sisu.ut.ee\/wp-content\/uploads\/sites\/464\/1-1.jpg\" alt=\"\" class=\"wp-image-3419\" srcset=\"https:\/\/sisu.ut.ee\/wp-content\/uploads\/sites\/464\/1-1.jpg 1006w, https:\/\/sisu.ut.ee\/wp-content\/uploads\/sites\/464\/1-1-300x300.jpg 300w, https:\/\/sisu.ut.ee\/wp-content\/uploads\/sites\/464\/1-1-150x150.jpg 150w, https:\/\/sisu.ut.ee\/wp-content\/uploads\/sites\/464\/1-1-768x768.jpg 768w\" sizes=\"auto, (max-width: 1006px) 100vw, 1006px\"><\/a><\/figure>\n\n\n\n<figure class=\"wp-block-image size-full\"><a href=\"https:\/\/esero.ee\/missioon-x\/\" target=\"_blank\" rel=\" noreferrer noopener\"><img loading=\"lazy\" decoding=\"async\" width=\"1006\" height=\"1006\" src=\"https:\/\/sisu.ut.ee\/wp-content\/uploads\/sites\/464\/2-1.jpg\" alt=\"\" class=\"wp-image-3420\" srcset=\"https:\/\/sisu.ut.ee\/wp-content\/uploads\/sites\/464\/2-1.jpg 1006w, https:\/\/sisu.ut.ee\/wp-content\/uploads\/sites\/464\/2-1-300x300.jpg 300w, https:\/\/sisu.ut.ee\/wp-content\/uploads\/sites\/464\/2-1-150x150.jpg 150w, https:\/\/sisu.ut.ee\/wp-content\/uploads\/sites\/464\/2-1-768x768.jpg 768w\" sizes=\"auto, (max-width: 1006px) 100vw, 1006px\"><\/a><\/figure>\n\n\n\n<figure class=\"wp-block-image size-full\"><a href=\"https:\/\/esero.ee\/cansat\/\" target=\"_blank\" rel=\" noreferrer noopener\"><img loading=\"lazy\" decoding=\"async\" width=\"1006\" height=\"1006\" src=\"https:\/\/sisu.ut.ee\/wp-content\/uploads\/sites\/464\/3-1.jpg\" alt=\"\" class=\"wp-image-3421\" srcset=\"https:\/\/sisu.ut.ee\/wp-content\/uploads\/sites\/464\/3-1.jpg 1006w, https:\/\/sisu.ut.ee\/wp-content\/uploads\/sites\/464\/3-1-300x300.jpg 300w, https:\/\/sisu.ut.ee\/wp-content\/uploads\/sites\/464\/3-1-150x150.jpg 150w, https:\/\/sisu.ut.ee\/wp-content\/uploads\/sites\/464\/3-1-768x768.jpg 768w\" sizes=\"auto, (max-width: 1006px) 100vw, 1006px\"><\/a><\/figure>\n\n\n\n<figure class=\"wp-block-image size-full\"><a href=\"https:\/\/esero.ee\/astro-pii\/\" target=\"_blank\" rel=\" noreferrer noopener\"><img loading=\"lazy\" decoding=\"async\" width=\"1006\" height=\"1006\" src=\"https:\/\/sisu.ut.ee\/wp-content\/uploads\/sites\/464\/4-1.jpg\" alt=\"\" class=\"wp-image-3422\" srcset=\"https:\/\/sisu.ut.ee\/wp-content\/uploads\/sites\/464\/4-1.jpg 1006w, https:\/\/sisu.ut.ee\/wp-content\/uploads\/sites\/464\/4-1-300x300.jpg 300w, https:\/\/sisu.ut.ee\/wp-content\/uploads\/sites\/464\/4-1-150x150.jpg 150w, https:\/\/sisu.ut.ee\/wp-content\/uploads\/sites\/464\/4-1-768x768.jpg 768w\" sizes=\"auto, (max-width: 1006px) 100vw, 1006px\"><\/a><\/figure>\n\n\n\n<figure class=\"wp-block-image size-full\"><a href=\"https:\/\/esero.ee\/kliimadetektiivid\/\" target=\"_blank\" rel=\" noreferrer noopener\"><img loading=\"lazy\" decoding=\"async\" width=\"1006\" height=\"1006\" src=\"https:\/\/sisu.ut.ee\/wp-content\/uploads\/sites\/464\/5-1.jpg\" alt=\"\" class=\"wp-image-3423\" srcset=\"https:\/\/sisu.ut.ee\/wp-content\/uploads\/sites\/464\/5-1.jpg 1006w, https:\/\/sisu.ut.ee\/wp-content\/uploads\/sites\/464\/5-1-300x300.jpg 300w, https:\/\/sisu.ut.ee\/wp-content\/uploads\/sites\/464\/5-1-150x150.jpg 150w, https:\/\/sisu.ut.ee\/wp-content\/uploads\/sites\/464\/5-1-768x768.jpg 768w\" sizes=\"auto, (max-width: 1006px) 100vw, 1006px\"><\/a><\/figure>\n<\/div>\n\n\n<div class=\"posts-cards-block page-section\">\n\t\t\t<h2 class=\"section-title\">Kosmoseuudiste blogi<\/h2>\n\t\t\t\t\t\t\t<div class=\"row justify-content-center justify-content-md-start\">\n\t\t\t\t\t\t\t\t\t\t\t\t\t\t<div class=\"col-xs-6 col-md-4 mb-3\">\n\t\t\t\t\t\t\t\t\t\t\t\t\t<article class=\"h-100 post-3366 post type-post status-publish format-standard has-post-thumbnail hentry category-komsoseuudised\">\n  <div class=\"article-card-boxed d-flex flex-column border rounded p-2 h-100\">\n    <div class=\"article-card__categories d-flex flex-wrap fw-bold\">\n      <a href=\"https:\/\/sisu.ut.ee\/esero\/category\/komsoseuudised\/\" class=\"\">#Komsoseuudised<\/a>\n      <\/div>\n    <a href=\"https:\/\/sisu.ut.ee\/esero\/3366-2\/\" class=\"aspect-ratio-16-9\">\n              <img loading=\"lazy\" decoding=\"async\" width=\"1024\" height=\"576\" src=\"https:\/\/sisu.ut.ee\/wp-content\/uploads\/sites\/464\/KOSMOSEUUDISED-357.187-x-285.75-mm-300-x-60-mm-1920-x-1080-px1-1024x576.png\" class=\"img-fluid mb-2 wp-post-image\" alt=\"\" srcset=\"https:\/\/sisu.ut.ee\/wp-content\/uploads\/sites\/464\/KOSMOSEUUDISED-357.187-x-285.75-mm-300-x-60-mm-1920-x-1080-px1-1024x576.png 1024w, https:\/\/sisu.ut.ee\/wp-content\/uploads\/sites\/464\/KOSMOSEUUDISED-357.187-x-285.75-mm-300-x-60-mm-1920-x-1080-px1-300x169.png 300w, https:\/\/sisu.ut.ee\/wp-content\/uploads\/sites\/464\/KOSMOSEUUDISED-357.187-x-285.75-mm-300-x-60-mm-1920-x-1080-px1-768x432.png 768w, https:\/\/sisu.ut.ee\/wp-content\/uploads\/sites\/464\/KOSMOSEUUDISED-357.187-x-285.75-mm-300-x-60-mm-1920-x-1080-px1-1920x1080.png 1920w\" sizes=\"auto, (max-width: 1024px) 100vw, 1024px\">\n          <\/a>\n\n    <h3 class=\"h5 mb-1\">Kosmoseuudised aprill 2026<\/h3>\n\n          <div class=\"article-card-boxed__excerpt\">\n        <p>Kosmoseuudised j\u00e4tkuvad! Aprilli videos toome teieni v\u00e4rskeimad s\u00fcndmused nii meie taevas kui ka maailmas, uued astronoomiauudised ja p\u00f5nevad teadustegevused, millest saab osa v\u00f5tta Eestis. Seekord vaatleme, mida saab m\u00e4rgata \u00f6\u00f6taevas, millised astronoomias\u00fcndmused l\u00e4hiajal toimuvad ning millised loomingulised ja praktilised tegevused \u2026<\/p>\n      <\/div>\n    \n    <a href=\"https:\/\/sisu.ut.ee\/esero\/3366-2\/\" class=\"btn btn-secondary btn-sm mt-auto mb-2 me-auto\">Loe edasi<\/a>\n\n          <div class=\"d-flex justify-space-between text-xs\">\n                  <div class=\"dropdown\">\n  <button class=\"btn btn-share border-0 p-0\" type=\"button\" data-bs-toggle=\"dropdown\" aria-expanded=\"false\" data-bs-offset=\"0,12\">Jaga<\/button>\n  <div class=\"dropdown-menu\">\n    <div class=\"d-flex flex-wrap gap-1\">\n              <a href=\"https:\/\/www.addtoany.com\/add_to\/facebook?linkurl=https%3A%2F%2Fsisu.ut.ee%2Fesero%2F&amp;linkname=Avaleht\" class=\"btn-share-icon btn-share-icon--facebook\" target=\"_blank\" rel=\"nofollow\">Facebook<\/a>\n              <a href=\"https:\/\/www.addtoany.com\/add_to\/twitter?linkurl=https%3A%2F%2Fsisu.ut.ee%2Fesero%2F&amp;linkname=Avaleht\" class=\"btn-share-icon btn-share-icon--twitter\" target=\"_blank\" rel=\"nofollow\">Twitter<\/a>\n              <a href=\"https:\/\/www.addtoany.com\/add_to\/facebook_messenger?linkurl=https%3A%2F%2Fsisu.ut.ee%2Fesero%2F&amp;linkname=Avaleht\" class=\"btn-share-icon btn-share-icon--messenger\" target=\"_blank\" rel=\"nofollow\">Messenger<\/a>\n              <a href=\"https:\/\/www.addtoany.com\/add_to\/email?linkurl=https%3A%2F%2Fsisu.ut.ee%2Fesero%2F&amp;linkname=Avaleht\" class=\"btn-share-icon btn-share-icon--email\" target=\"_blank\" rel=\"nofollow\">E-post<\/a>\n          <\/div>\n\n    <div class=\"w-100\">\n      <a href=\"https:\/\/www.addtoany.com\/share#url=https%3A%2F%2Fsisu.ut.ee%2Fesero%2F&amp;title=Avaleht\" class=\"btn-share-icon btn-share-icon--more text-black text-xs\" target=\"_blank\">Rohkem\u2026<\/a>\n    <\/div>\n  <\/div>\n<\/div>\n        \n                  <time class=\"post-date\" datetime=\"2026-03-31T10:29:11+00:00\">\n            31 m\u00e4rts, 2026\n          <\/time>\n              <\/div>\n      <\/div>\n<\/article>\n\t\t\t\t\t\t\t\t\t\t\t<\/div>\n\t\t\t\t\t\t\t\t\t\t\t\t\t\t<div class=\"col-xs-6 col-md-4 mb-3\">\n\t\t\t\t\t\t\t\t\t\t\t\t\t<article class=\"h-100 post-3288 post type-post status-publish format-standard has-post-thumbnail hentry category-komsoseuudised\">\n  <div class=\"article-card-boxed d-flex flex-column border rounded p-2 h-100\">\n    <div class=\"article-card__categories d-flex flex-wrap fw-bold\">\n      <a href=\"https:\/\/sisu.ut.ee\/esero\/category\/komsoseuudised\/\" class=\"\">#Komsoseuudised<\/a>\n      <\/div>\n    <a href=\"https:\/\/sisu.ut.ee\/esero\/kosmoseuudised-veebruar-2026\/\" class=\"aspect-ratio-16-9\">\n              <img loading=\"lazy\" decoding=\"async\" width=\"1024\" height=\"576\" src=\"https:\/\/sisu.ut.ee\/wp-content\/uploads\/sites\/464\/KOSMOSEUUDISED-357.187-x-285.75-mm-300-x-60-mm-1920-x-1080-px1-1024x576.png\" class=\"img-fluid mb-2 wp-post-image\" alt=\"\" srcset=\"https:\/\/sisu.ut.ee\/wp-content\/uploads\/sites\/464\/KOSMOSEUUDISED-357.187-x-285.75-mm-300-x-60-mm-1920-x-1080-px1-1024x576.png 1024w, https:\/\/sisu.ut.ee\/wp-content\/uploads\/sites\/464\/KOSMOSEUUDISED-357.187-x-285.75-mm-300-x-60-mm-1920-x-1080-px1-300x169.png 300w, https:\/\/sisu.ut.ee\/wp-content\/uploads\/sites\/464\/KOSMOSEUUDISED-357.187-x-285.75-mm-300-x-60-mm-1920-x-1080-px1-768x432.png 768w, https:\/\/sisu.ut.ee\/wp-content\/uploads\/sites\/464\/KOSMOSEUUDISED-357.187-x-285.75-mm-300-x-60-mm-1920-x-1080-px1-1920x1080.png 1920w\" sizes=\"auto, (max-width: 1024px) 100vw, 1024px\">\n          <\/a>\n\n    <h3 class=\"h5 mb-1\">Kosmoseuudised veebruar \u2013 m\u00e4rts 2026<\/h3>\n\n          <div class=\"article-card-boxed__excerpt\">\n        <p>Kosmose ja astronoomiaga seotud uudiseid ilmub t\u00e4nap\u00e4eval v\u00e4ga palju, kuid need j\u00f5uavad inimesteni sageli killustatult ja erineva usaldusv\u00e4\u00e4rsusega allikatest. Samal ajal v\u00f5ib olla keeruline aru saada, millised s\u00fcndmused on tegelikult olulised ning mida on v\u00f5imalik ka ise palja silmaga \u00f6\u00f6taevas \u2026<\/p>\n      <\/div>\n    \n    <a href=\"https:\/\/sisu.ut.ee\/esero\/kosmoseuudised-veebruar-2026\/\" class=\"btn btn-secondary btn-sm mt-auto mb-2 me-auto\">Loe edasi<\/a>\n\n          <div class=\"d-flex justify-space-between text-xs\">\n                  <div class=\"dropdown\">\n  <button class=\"btn btn-share border-0 p-0\" type=\"button\" data-bs-toggle=\"dropdown\" aria-expanded=\"false\" data-bs-offset=\"0,12\">Jaga<\/button>\n  <div class=\"dropdown-menu\">\n    <div class=\"d-flex flex-wrap gap-1\">\n              <a href=\"https:\/\/www.addtoany.com\/add_to\/facebook?linkurl=https%3A%2F%2Fsisu.ut.ee%2Fesero%2F&amp;linkname=Avaleht\" class=\"btn-share-icon btn-share-icon--facebook\" target=\"_blank\" rel=\"nofollow\">Facebook<\/a>\n              <a href=\"https:\/\/www.addtoany.com\/add_to\/twitter?linkurl=https%3A%2F%2Fsisu.ut.ee%2Fesero%2F&amp;linkname=Avaleht\" class=\"btn-share-icon btn-share-icon--twitter\" target=\"_blank\" rel=\"nofollow\">Twitter<\/a>\n              <a href=\"https:\/\/www.addtoany.com\/add_to\/facebook_messenger?linkurl=https%3A%2F%2Fsisu.ut.ee%2Fesero%2F&amp;linkname=Avaleht\" class=\"btn-share-icon btn-share-icon--messenger\" target=\"_blank\" rel=\"nofollow\">Messenger<\/a>\n              <a href=\"https:\/\/www.addtoany.com\/add_to\/email?linkurl=https%3A%2F%2Fsisu.ut.ee%2Fesero%2F&amp;linkname=Avaleht\" class=\"btn-share-icon btn-share-icon--email\" target=\"_blank\" rel=\"nofollow\">E-post<\/a>\n          <\/div>\n\n    <div class=\"w-100\">\n      <a href=\"https:\/\/www.addtoany.com\/share#url=https%3A%2F%2Fsisu.ut.ee%2Fesero%2F&amp;title=Avaleht\" class=\"btn-share-icon btn-share-icon--more text-black text-xs\" target=\"_blank\">Rohkem\u2026<\/a>\n    <\/div>\n  <\/div>\n<\/div>\n        \n                  <time class=\"post-date\" datetime=\"2026-02-25T11:09:09+00:00\">\n            25 veebruar, 2026\n          <\/time>\n              <\/div>\n      <\/div>\n<\/article>\n\t\t\t\t\t\t\t\t\t\t\t<\/div>\n\t\t\t\t\t\t\t<\/div>\n\t\t\t\t\t\t<\/div>\n","protected":false},"excerpt":{"rendered":"<p>Tere tulemast haridusprojekti ESERO Eesti kodulehele! ESERO on Euroopa Kosmoseagentuuri (ESA) ja kohalike partnerite \u00fchine \u00fcldharidust toetav projekt, mille eesm\u00e4rk on suurendada huvi loodus- ja t\u00e4ppisteaduste vastu kosmosevaldkonna populariseerimise teel. Siit lehelt leiad nii\u00a0vajalikud \u00f5ppematerjalid,\u00a0p\u00f5nevad \u00fcleskutsed\u00a0kui ka\u00a0info \u201cESERO\u201d projekti ja &#8230;<\/p>\n","protected":false},"author":241,"featured_media":0,"parent":0,"menu_order":0,"comment_status":"closed","ping_status":"closed","template":"","meta":{"_acf_changed":false,"inline_featured_image":false,"footnotes":""},"class_list":["post-52","page","type-page","status-publish","hentry"],"acf":[],"_links":{"self":[{"href":"https:\/\/sisu.ut.ee\/esero\/wp-json\/wp\/v2\/pages\/52","targetHints":{"allow":["GET"]}}],"collection":[{"href":"https:\/\/sisu.ut.ee\/esero\/wp-json\/wp\/v2\/pages"}],"about":[{"href":"https:\/\/sisu.ut.ee\/esero\/wp-json\/wp\/v2\/types\/page"}],"author":[{"embeddable":true,"href":"https:\/\/sisu.ut.ee\/esero\/wp-json\/wp\/v2\/users\/241"}],"replies":[{"embeddable":true,"href":"https:\/\/sisu.ut.ee\/esero\/wp-json\/wp\/v2\/comments?post=52"}],"version-history":[{"count":29,"href":"https:\/\/sisu.ut.ee\/esero\/wp-json\/wp\/v2\/pages\/52\/revisions"}],"predecessor-version":[{"id":3441,"href":"https:\/\/sisu.ut.ee\/esero\/wp-json\/wp\/v2\/pages\/52\/revisions\/3441"}],"wp:attachment":[{"href":"https:\/\/sisu.ut.ee\/esero\/wp-json\/wp\/v2\/media?parent=52"}],"curies":[{"name":"wp","href":"https:\/\/api.w.org\/{rel}","templated":true}]}}