{"id":46,"date":"2024-04-04T06:47:04","date_gmt":"2024-04-04T03:47:04","guid":{"rendered":"https:\/\/sisu.ut.ee\/esero\/karjaaripaev\/"},"modified":"2025-12-16T10:58:03","modified_gmt":"2025-12-16T08:58:03","slug":"karjaaripaev-2023","status":"publish","type":"page","link":"https:\/\/sisu.ut.ee\/esero\/karjaaripaev-2023\/","title":{"rendered":"Karj\u00e4\u00e4rip\u00e4ev 2023"},"content":{"rendered":"<p><span style=\"font-size: 18px;\"><span style=\"font-family: Verdana,Geneva,sans-serif;\"><strong><span style=\"color: #0098db;\"><strong>Karj\u00e4\u00e4rip\u00e4eva \u00fcldinfo<\/strong><\/span><\/strong><\/span><\/span><\/p>\n<p style=\"text-align: justify;\"><img loading=\"lazy\" decoding=\"async\" width=\"1170\" height=\"1500\" class=\"alignnone wp-image-155\" style=\"width: 320px; height: 410px; margin-left: 5px; margin-right: 5px; float: right;\" title=\"karj22rip2ev2023.jpg\" src=\"https:\/\/sisu.ut.ee\/wp-content\/uploads\/sites\/464\/karj22rip2ev2023.jpg\" alt=\"karj22rip2ev2023\" srcset=\"https:\/\/sisu.ut.ee\/wp-content\/uploads\/sites\/464\/karj22rip2ev2023.jpg 1170w, https:\/\/sisu.ut.ee\/wp-content\/uploads\/sites\/464\/karj22rip2ev2023-234x300.jpg 234w, https:\/\/sisu.ut.ee\/wp-content\/uploads\/sites\/464\/karj22rip2ev2023-799x1024.jpg 799w, https:\/\/sisu.ut.ee\/wp-content\/uploads\/sites\/464\/karj22rip2ev2023-768x985.jpg 768w\" sizes=\"auto, (max-width: 1170px) 100vw, 1170px\"><strong>Kosmos ning ka loodus- ja t\u00e4ppisteadused \u00fcldiselt tunduvad noortele sageli v\u00e4ga keerukad ja kauged. Soovime nad viia kokku siitsamast Eestist p\u00e4rit ettev\u00f5tjatega, kes on selles valdkonnas edukalt karj\u00e4\u00e4ri teinud ning n\u00e4idata, kui p\u00f5nev v\u00f5ib t\u00f6\u00f6 selles valdkonnas olla ja kui palju on v\u00f5imalusi. Kuna koolist saab sageli pigem teoreetilisi teadmisi, soovime n\u00e4idata, milliste p\u00e4rist\u00f6\u00f6deni v\u00f5ivad need teadmised viia. See k\u00f5ik on investeering Eesti tulevikku: \u00fcha arenev tehnoloogia n\u00f5uab aina rohkem spetsialiste.<\/strong><\/p>\n<p style=\"text-align: justify;\">Karj\u00e4\u00e4rip\u00e4ev 2023 toimus <strong>8. septembril 2023 <\/strong>T\u00f5raveres, T\u00dc Tartu observatooriumis. \u00dcritusest v\u00f5ttis osa ligikaudu <strong>400 \u00f5pilast<\/strong> \u00fcle Eesti. Oodatud olid k\u00f5ik noored teadushuvilised <strong>9-ndast kuni 12. klassini<\/strong>. T\u00f6\u00f6toad ja tegevused katsid kogu Tartu observatooriumi maalala ning neid jagus nii p\u00f5llule, hoovi, suure teleskoobi torni kui ka meie peamajja. Lisaks teadusjanu rahuldamisele said k\u00f5ik osalejad ka kosutava pudeli Saku <strong>Vichy vitamiinivett<\/strong>. Jahutada ja magusaisu leevendada aitas <strong>Premia<\/strong>, kes pakkus k\u00f5igile osalistele kosmilist j\u00e4\u00e4tist. Valikus olid V\u00e4ikese Tommi t\u00e4he stikk v\u00f5i rakett. L\u00f5una ajal jagasid tublid Tartu Hansa Rotary klubi naised k\u00f5igile 500le osalisele maitsvat suppi. Suur ait\u00e4h Tartu Rakenduslik Kolled\u017e ja R\u00f5ngu Pagar, et t\u00e4itsite osaliste k\u00f5hu!<\/p>\n<p><span style=\"font-size: 18px;\"><span style=\"font-family: Verdana,Geneva,sans-serif;\"><strong><span style=\"color: #0098db;\"><strong>Registreerimine<\/strong><\/span><\/strong><\/span><\/span><\/p>\n<p>Karj\u00e4\u00e4rip\u00e4eval osalemine toimus vaid <strong>eelregistreerimise<\/strong> alusel. Osalustasu oli 5 eurot \u00f5pilase kohta.<\/p>\n<p><span style=\"font-size: 18px;\"><span style=\"font-family: Verdana,Geneva,sans-serif;\"><strong><span style=\"color: #0098db;\"><strong>Karj\u00e4\u00e4rip\u00e4eva ajakava<\/strong><\/span><\/strong><\/span><\/span><\/p>\n<table class=\"table table-hover\" style=\"border-collapse: collapse; border: undefined;\">\n<tbody>\n<tr style=\"height: 20.25pt;\">\n<td>\n<p style=\"margin: 0cm; margin-bottom: .0001pt; text-align: right; padding: 2.0pt2.0pt2.0pt2.0pt;\" align=\"right\"><span style=\"height: 20.25pt;\"><span style=\"color: black;\">09:00<\/span><\/span><\/p>\n<\/td>\n<td>\n<p style=\"margin: 0cm; margin-bottom: .0001pt; padding: 2.0pt2.0pt2.0pt2.0pt;\"><span style=\"height: 20.25pt;\"><span style=\"overflow: hidden;\"><span style=\"color: black;\">kogunemine, registreerimise algus<\/span><\/span><\/span><\/p>\n<\/td>\n<\/tr>\n<tr style=\"height: 15.75pt;\">\n<td>\n<p style=\"margin: 0cm; margin-bottom: .0001pt; text-align: right; padding: 2.0pt2.0pt2.0pt2.0pt;\" align=\"right\"><span style=\"height: 15.75pt;\"><span style=\"overflow: hidden;\"><span style=\"color: black;\">10:00<\/span><\/span><\/span><\/p>\n<\/td>\n<td>\n<p style=\"margin: 0cm; margin-bottom: .0001pt; padding: 2.0pt2.0pt2.0pt2.0pt;\"><span style=\"height: 15.75pt;\"><span style=\"overflow: hidden;\"><span style=\"color: black;\">esimeste t\u00f6\u00f6tubade algus<\/span><\/span><\/span><\/p>\n<\/td>\n<\/tr>\n<tr style=\"height: 15.75pt;\">\n<td>\n<p style=\"margin: 0cm; margin-bottom: .0001pt; text-align: right; padding: 2.0pt2.0pt2.0pt2.0pt;\" align=\"right\"><span style=\"height: 15.75pt;\"><span style=\"overflow: hidden;\"><span style=\"color: black;\">11:30\u201312:00<\/span><\/span><\/span><\/p>\n<\/td>\n<td>\n<p style=\"margin: 0cm; margin-bottom: .0001pt; padding: 2.0pt2.0pt2.0pt2.0pt;\"><span style=\"height: 15.75pt;\"><span style=\"overflow: hidden;\"><span style=\"color: black;\">esimeste t\u00f6\u00f6tubade l\u00f5pp<\/span><\/span><\/span><\/p>\n<\/td>\n<\/tr>\n<tr style=\"height: 15.75pt;\">\n<td>\n<p style=\"margin: 0cm; margin-bottom: .0001pt; text-align: right; padding: 2.0pt2.0pt2.0pt2.0pt;\" align=\"right\"><span style=\"height: 15.75pt;\"><span style=\"overflow: hidden;\"><span style=\"color: black;\">12:00\u201313:45<\/span><\/span><\/span><\/p>\n<\/td>\n<td>\n<p style=\"margin: 0cm; margin-bottom: .0001pt; padding: 2.0pt2.0pt2.0pt2.0pt;\"><span style=\"height: 15.75pt;\"><span style=\"overflow: hidden;\"><span style=\"color: black;\">l\u00f5una ja meelelahutus<\/span><\/span><\/span><\/p>\n<\/td>\n<\/tr>\n<tr style=\"height: 15.75pt;\">\n<td>\n<p style=\"margin: 0cm; margin-bottom: .0001pt; text-align: right; padding: 2.0pt2.0pt2.0pt2.0pt;\" align=\"right\"><span style=\"height: 15.75pt;\"><span style=\"overflow: hidden;\"><span style=\"color: black;\">14:00<\/span><\/span><\/span><\/p>\n<\/td>\n<td>\n<p style=\"margin: 0cm; margin-bottom: .0001pt; padding: 2.0pt2.0pt2.0pt2.0pt;\"><span style=\"height: 15.75pt;\"><span style=\"overflow: hidden;\"><span style=\"color: black;\">j\u00e4rgmiste t\u00f6\u00f6tubade algus<\/span><\/span><\/span><\/p>\n<\/td>\n<\/tr>\n<tr style=\"height: 15.75pt;\">\n<td>\n<p style=\"margin: 0cm; margin-bottom: .0001pt; text-align: right; padding: 2.0pt2.0pt2.0pt2.0pt;\" align=\"right\"><span style=\"height: 15.75pt;\"><span style=\"overflow: hidden;\"><span style=\"color: black;\">15:30\u201316:00<\/span><\/span><\/span><\/p>\n<\/td>\n<td>\n<p style=\"margin: 0cm; margin-bottom: .0001pt; padding: 2.0pt2.0pt2.0pt2.0pt;\"><span style=\"height: 15.75pt;\"><span style=\"overflow: hidden;\"><span style=\"color: black;\">t\u00f6\u00f6tubade orienteeruv l\u00f5pp<\/span><\/span><\/span><\/p>\n<\/td>\n<\/tr>\n<tr style=\"height: 15.3pt;\">\n<td>\n<p style=\"margin: 0cm; margin-bottom: .0001pt; text-align: right; padding: 2.0pt2.0pt2.0pt2.0pt;\" align=\"right\"><span style=\"height: 15.3pt;\"><span style=\"overflow: hidden;\"><span style=\"color: black;\">16:00<\/span><\/span><\/span><\/p>\n<\/td>\n<td>\n<p style=\"margin: 0cm; margin-bottom: .0001pt; padding: 2.0pt2.0pt2.0pt2.0pt;\"><span style=\"height: 15.3pt;\"><span style=\"overflow: hidden;\"><span style=\"color: black;\">l\u00f5petamine<\/span><\/span><\/span><\/p>\n<\/td>\n<\/tr>\n<\/tbody>\n<\/table>\n<p><span style=\"font-size: 18px;\"><span style=\"font-family: Verdana,Geneva,sans-serif;\"><strong><span style=\"color: #0098db;\"><strong>Karj\u00e4\u00e4rip\u00e4eva t\u00f6\u00f6toad <\/strong><\/span><\/strong><\/span><\/span><\/p>\n<div style=\"border: 0px; margin: 0px; padding: 0px;\"><span style=\"font-style: normal;\"><span style=\"font-weight: 400;\"><span style=\"vertical-align: baseline;\"><span style=\"color: #323130;\"><span style=\"text-transform: none;\"><span style=\"background-color: #ffffff;\">Kokku oli karj\u00e4\u00e4rip\u00e4eval peaaegu 50 t\u00f6\u00f6tuba. <\/span><\/span><\/span><\/span><\/span><\/span><\/div>\n<div style=\"border: 0px; margin: 0px; padding: 0px;\">\u00a0<\/div>\n<div style=\"border: 0px; margin: 0px; padding: 0px;\"><span style=\"font-style: normal;\"><span style=\"font-weight: 400;\"><span style=\"vertical-align: baseline;\"><span style=\"color: #323130;\"><span style=\"text-transform: none;\"><span style=\"background-color: #ffffff;\">M\u00f5ned teemavaldkonnad ja t\u00f6\u00f6tubade n\u00e4ited leiad allpool olevast loetelust:<\/span><\/span><\/span><\/span><\/span><\/span><\/div>\n<div style=\"border: 0px; margin: 0px; padding: 0px;\">\n<ul>\n<li><strong>Ilm ja kliima<\/strong>\n<ul>\n<li><span style=\"font-style: normal;\"><span style=\"font-weight: 400;\"><span style=\"vertical-align: baseline;\"><span style=\"color: #323130;\"><span style=\"text-transform: none;\"><span style=\"background-color: #ffffff;\">Veekogude kaugseire v\u00e4lit\u00f6\u00f6d T\u00f5ravere tiigil<\/span><\/span><\/span><\/span><\/span><\/span><\/li>\n<li><span style=\"font-style: normal;\"><span style=\"font-weight: 400;\"><span style=\"vertical-align: baseline;\"><span style=\"color: #323130;\"><span style=\"text-transform: none;\"><span style=\"background-color: #ffffff;\">Keskkonnaagentuur \u2013 mis on ilm?<\/span><\/span><\/span><\/span><\/span><\/span><\/li>\n<li><span style=\"font-style: normal;\"><span style=\"font-weight: 400;\"><span style=\"vertical-align: baseline;\"><span style=\"color: #323130;\"><span style=\"text-transform: none;\"><span style=\"background-color: #ffffff;\">Pildid, pikslid, satelliidid. Kuidas kaugseire t\u00f6\u00f6tab<\/span><\/span><\/span><\/span><\/span><\/span><\/li>\n<\/ul>\n<\/li>\n<li><strong>Ettev\u00f5tlus kosmoses<\/strong>\n<ul>\n<li><span style=\"font-style: normal;\"><span style=\"font-weight: 400;\"><span style=\"vertical-align: baseline;\"><span style=\"color: #323130;\"><span style=\"text-transform: none;\"><span style=\"background-color: #ffffff;\">Robotite ehitamise algkursus<\/span><\/span><\/span><\/span><\/span><\/span><\/li>\n<li><span style=\"font-style: normal;\"><span style=\"font-weight: 400;\"><span style=\"vertical-align: baseline;\"><span style=\"color: #323130;\"><span style=\"text-transform: none;\"><span style=\"background-color: #ffffff;\">Kondensaatori ehitamine<\/span><\/span><\/span><\/span><\/span><\/span><\/li>\n<li><span style=\"font-style: normal;\"><span style=\"font-weight: 400;\"><span style=\"vertical-align: baseline;\"><span style=\"color: #323130;\"><span style=\"text-transform: none;\"><span style=\"background-color: #ffffff;\">Turvaline satelliitandmeside \u2013 block chain tehnoloogia puust ja punaseks<\/span><\/span><\/span><\/span><\/span><\/span><\/li>\n<li><span style=\"font-style: normal;\"><span style=\"font-weight: 400;\"><span style=\"vertical-align: baseline;\"><span style=\"color: #323130;\"><span style=\"text-transform: none;\"><span style=\"background-color: #ffffff;\">Kaugseire: kiiresti ja \u00fclevaatlikult<\/span><\/span><\/span><\/span><\/span><\/span><\/li>\n<\/ul>\n<\/li>\n<li><strong>Komeedid, meteoriidid ja asteroidid<\/strong>\n<ul>\n<li><span style=\"font-style: normal;\"><span style=\"font-weight: 400;\"><span style=\"vertical-align: baseline;\"><span style=\"color: #323130;\"><span style=\"text-transform: none;\"><span style=\"background-color: #ffffff;\">M\u00f5\u00f5dame meteoriidi tihendust<\/span><\/span><\/span><\/span><\/span><\/span><\/li>\n<li><span style=\"font-style: normal;\"><span style=\"font-weight: 400;\"><span style=\"vertical-align: baseline;\"><span style=\"color: #323130;\"><span style=\"text-transform: none;\"><span style=\"background-color: #ffffff;\">Komeedi m\u00f6\u00f6dalennu t\u00f6\u00f6tuba<\/span><\/span><\/span><\/span><\/span><\/span><\/li>\n<li><span style=\"font-style: normal;\"><span style=\"font-weight: 400;\"><span style=\"vertical-align: baseline;\"><span style=\"color: #323130;\"><span style=\"text-transform: none;\"><span style=\"background-color: #ffffff;\">Asteroidi kokkup\u00f5rge<\/span><\/span><\/span><\/span><\/span><\/span><\/li>\n<\/ul>\n<\/li>\n<li><strong>Raketiga kosmosesse<\/strong>\n<ul>\n<li><span style=\"font-style: normal;\"><span style=\"font-weight: 400;\"><span style=\"vertical-align: baseline;\"><span style=\"color: #323130;\"><span style=\"text-transform: none;\"><span style=\"background-color: #ffffff;\">Infrapuna meie \u00fcmber ja kosmoses<\/span><\/span><\/span><\/span><\/span><\/span><\/li>\n<li><span style=\"font-style: normal;\"><span style=\"font-weight: 400;\"><span style=\"vertical-align: baseline;\"><span style=\"color: #323130;\"><span style=\"text-transform: none;\"><span style=\"background-color: #ffffff;\">Elektroonika praktiline algkursus<\/span><\/span><\/span><\/span><\/span><\/span><\/li>\n<li><span style=\"font-style: normal;\"><span style=\"font-weight: 400;\"><span style=\"vertical-align: baseline;\"><span style=\"color: #323130;\"><span style=\"text-transform: none;\"><span style=\"background-color: #ffffff;\">Pudelraketiga kosmosesse<\/span><\/span><\/span><\/span><\/span><\/span><\/li>\n<\/ul>\n<\/li>\n<\/ul>\n<p><span style=\"font-style: normal;\"><span style=\"font-weight: 400;\"><span style=\"vertical-align: baseline;\"><span style=\"color: #323130;\"><span style=\"text-transform: none;\"><span style=\"background-color: #ffffff;\">T\u00f6\u00f6tubade algusajad olid kell 10.00 ja 14.00. T\u00f6\u00f6toa pikkuseks oli 1,5 \u2013 2 tundi. <\/span><\/span><\/span><\/span><\/span><\/span><\/p>\n<p><span style=\"font-style: normal;\"><span style=\"font-weight: 400;\"><span style=\"vertical-align: baseline;\"><span style=\"color: #323130;\"><span style=\"text-transform: none;\"><span style=\"background-color: #ffffff;\">T\u00f6\u00f6tubade vahelisel ajal oli avatud ka lava ala, kus sai kuulata esinejaid ning toimusid erinevad p\u00f5nevad tegevused. <\/span><\/span><\/span><\/span><\/span><\/span><\/p>\n<p><span style=\"font-style: normal;\"><span style=\"font-weight: 400;\"><span style=\"vertical-align: baseline;\"><span style=\"color: #323130;\"><span style=\"text-transform: none;\"><span style=\"background-color: #ffffff;\">T\u00e4name k\u00f5iki koost\u00f6\u00f6partnereid!<\/span><\/span><\/span><\/span><\/span><\/span><\/p>\n<\/div>\n<p><a href=\"https:\/\/sisu.ut.ee\/esero\/karjaaripaev-2023-galerii\/\"><strong><span style=\"font-size: 18px;\"><span style=\"font-family: Verdana,Geneva,sans-serif;\"><span style=\"color: #0098db;\"><strong>Vaata 2023 aasta karj\u00e4\u00e4rip\u00e4eva galeriid!<\/strong><\/span><\/span><\/span><\/strong><\/a><\/p>\n<p><span style=\"font-size: 18px;\"><strong><span style=\"color: #0098db;\">Karj\u00e4\u00e4rip\u00e4eva toetavad:<\/span><\/strong><\/span><\/p>\n<p><img loading=\"lazy\" decoding=\"async\" width=\"2382\" height=\"2560\" class=\"alignnone wp-image-69\" style=\"width: 800px; height: 860px;\" title=\"toetajad_uusim.jpg\" src=\"https:\/\/sisu.ut.ee\/wp-content\/uploads\/sites\/464\/toetajad_uusim-scaled.jpg\" alt=\"toetajad_uusim\" srcset=\"https:\/\/sisu.ut.ee\/wp-content\/uploads\/sites\/464\/toetajad_uusim-scaled.jpg 2382w, https:\/\/sisu.ut.ee\/wp-content\/uploads\/sites\/464\/toetajad_uusim-279x300.jpg 279w, https:\/\/sisu.ut.ee\/wp-content\/uploads\/sites\/464\/toetajad_uusim-953x1024.jpg 953w, https:\/\/sisu.ut.ee\/wp-content\/uploads\/sites\/464\/toetajad_uusim-768x826.jpg 768w, https:\/\/sisu.ut.ee\/wp-content\/uploads\/sites\/464\/toetajad_uusim-1429x1536.jpg 1429w, https:\/\/sisu.ut.ee\/wp-content\/uploads\/sites\/464\/toetajad_uusim-1905x2048.jpg 1905w, https:\/\/sisu.ut.ee\/wp-content\/uploads\/sites\/464\/toetajad_uusim-1920x2064.jpg 1920w\" sizes=\"auto, (max-width: 2382px) 100vw, 2382px\"><\/p>\n<p class=\"x\" style=\"margin-left: 36.0pt;\">\u00a0<\/p>\n<p><img loading=\"lazy\" decoding=\"async\" width=\"258\" height=\"158\" class=\"alignnone wp-image-68\" style=\"width: 160px; height: 98px; float: left;\" title=\"iln_logo.png\" src=\"https:\/\/sisu.ut.ee\/wp-content\/uploads\/sites\/464\/iln_logo.png\" alt=\"iln_logo\"><span style=\"font-size: 12px;\">Karj\u00e4\u00e4rip\u00e4eval tulevad piloteerimiseks projekti \u201cKliimateadlikkus koolist \u00fchiskonda: laste, noorte ja \u00f5petajate v\u00f5imestamine kliimamuutuste m\u00f5jude v\u00e4hendamiseks\u201d loodud \u00f5ppematerjalid. Projekti rahastatakse Euroopa Majanduspiirkonna Finantsmehhanismi 2014\u22122021 programmi \u201eKliimamuutuste leevendamine ja nendega kohanemine\u201c avatud taotlusvoorust \u201eKliimateadlikkuse suurendamine\u201c.<\/span><\/p>\n<p>\u00a0<\/p>\n<p>\u00a0<\/p>\n<p>\u00a0<\/p>\n","protected":false},"excerpt":{"rendered":"<p>Karj\u00e4\u00e4rip\u00e4eva \u00fcldinfo Kosmos ning ka loodus- ja t\u00e4ppisteadused \u00fcldiselt tunduvad noortele sageli v\u00e4ga keerukad ja kauged. Soovime nad viia kokku siitsamast Eestist p\u00e4rit ettev\u00f5tjatega, kes on selles valdkonnas edukalt karj\u00e4\u00e4ri teinud ning n\u00e4idata, kui p\u00f5nev v\u00f5ib t\u00f6\u00f6 selles valdkonnas olla &#8230;<\/p>\n","protected":false},"author":241,"featured_media":1545,"parent":0,"menu_order":0,"comment_status":"closed","ping_status":"closed","template":"","meta":{"_acf_changed":false,"inline_featured_image":false,"footnotes":""},"class_list":["post-46","page","type-page","status-publish","has-post-thumbnail","hentry"],"acf":[],"_links":{"self":[{"href":"https:\/\/sisu.ut.ee\/esero\/wp-json\/wp\/v2\/pages\/46","targetHints":{"allow":["GET"]}}],"collection":[{"href":"https:\/\/sisu.ut.ee\/esero\/wp-json\/wp\/v2\/pages"}],"about":[{"href":"https:\/\/sisu.ut.ee\/esero\/wp-json\/wp\/v2\/types\/page"}],"author":[{"embeddable":true,"href":"https:\/\/sisu.ut.ee\/esero\/wp-json\/wp\/v2\/users\/241"}],"replies":[{"embeddable":true,"href":"https:\/\/sisu.ut.ee\/esero\/wp-json\/wp\/v2\/comments?post=46"}],"version-history":[{"count":12,"href":"https:\/\/sisu.ut.ee\/esero\/wp-json\/wp\/v2\/pages\/46\/revisions"}],"predecessor-version":[{"id":3120,"href":"https:\/\/sisu.ut.ee\/esero\/wp-json\/wp\/v2\/pages\/46\/revisions\/3120"}],"wp:featuredmedia":[{"embeddable":true,"href":"https:\/\/sisu.ut.ee\/esero\/wp-json\/wp\/v2\/media\/1545"}],"wp:attachment":[{"href":"https:\/\/sisu.ut.ee\/esero\/wp-json\/wp\/v2\/media?parent=46"}],"curies":[{"name":"wp","href":"https:\/\/api.w.org\/{rel}","templated":true}]}}