{"id":1600,"date":"2025-01-27T16:03:07","date_gmt":"2025-01-27T14:03:07","guid":{"rendered":"https:\/\/sisu.ut.ee\/esero\/?page_id=1600"},"modified":"2025-01-27T16:06:52","modified_gmt":"2025-01-27T14:06:52","slug":"teadusmalev-2024","status":"publish","type":"page","link":"https:\/\/sisu.ut.ee\/esero\/teadusmalev-2024\/","title":{"rendered":"Teadusmalev 2024"},"content":{"rendered":"<p>Teadusmalevas 2024 osalejad ning nende uurimist\u00f6\u00f6de teemad koos juhendajate nimedega.<\/p>\n<table class=\"table table-hover\" style=\"height: 1246px;\" width=\"539\">\n<tbody>\n<tr>\n<td width=\"142\"><strong>August Jakobson<\/strong><\/td>\n<td width=\"452\">\u201eGalaktikagruppide masside hindamine\u201c <em>Elmo Tempel, Reelika P\u00e4rnpuu<\/em><\/td>\n<\/tr>\n<tr>\n<td width=\"142\"><strong>Kirke Kristiina Tempel<\/strong><\/td>\n<td width=\"452\">\u201e4MOST vaatluste planeerija usaldusv\u00e4\u00e4rsuse kontrollimine &amp; Galaktikate kataloogi kontrollimine\u201c <em>Taavi Tuvikene, Elmo Tempel, Grete Sakteos<\/em><\/td>\n<\/tr>\n<tr>\n<td width=\"142\"><strong>Janari \u0160t\u0161erbina <\/strong><\/td>\n<td width=\"452\">\u201eMasin\u00f5ppe algoritmi rakendamine fotomeetriliste punanihete hindamiseks\u201c <em>Taavi Tuvikene, Elmo Tempel<\/em><\/td>\n<\/tr>\n<tr>\n<td width=\"142\"><strong>Helena J\u00e4rg <\/strong><\/td>\n<td width=\"452\">\u201eGalaktikate superparvede sisemine d\u00fcnaamika<em>\u201c<\/em><em> Shishir Sankhyayan, Lauri Juhan Liivam\u00e4gi <\/em><\/td>\n<\/tr>\n<tr>\n<td width=\"142\"><strong>Gerten Pilv\u00a0<\/strong><\/td>\n<td width=\"452\">\u201eTartu Observatooriumi fotomeetrilise punanihke algoritmi testimine\u201c <em>Elmo Tempel<\/em><\/td>\n<\/tr>\n<tr>\n<td width=\"142\"><strong>Johan Jalonen\u00a0<\/strong><\/td>\n<td width=\"452\">\u201eKosmosetehnoloogia\u201c <em>Hans Teras<\/em><\/td>\n<\/tr>\n<tr>\n<td width=\"142\"><strong>Heidi Muru\u00a0<\/strong><\/td>\n<td width=\"452\">\u201eKuupKulgur\u2019s deployment on the Moon\u201c <em>Silvar Muru<\/em><\/td>\n<\/tr>\n<tr>\n<td width=\"142\"><strong>Alice R\u00fc\u00fctel\u00a0<\/strong><\/td>\n<td width=\"452\">\u201eKulguri asukoham\u00e4\u00e4ramiss\u00fcsteemi v\u00e4ljat\u00f6\u00f6tamine\u201c <em>Andres Aleksander Tammer<\/em><\/td>\n<\/tr>\n<tr>\n<td width=\"142\"><strong>Zeynep Yaren Yalcinkaya\u00a0<\/strong><\/td>\n<td width=\"452\">\u201eWheel soil interaction on small scale lunar rovers\u201c <em>Quazi Saimoon Islam<\/em><\/td>\n<\/tr>\n<tr>\n<td width=\"142\"><strong>Jakob Emmanuil Milerman <\/strong>ja<strong> Sandra Saarma\u00a0<\/strong><\/td>\n<td width=\"452\">\u201eKatsed termovaakumkambris\u201c <em>Mari Allik, Silver P\u00f5lgaste, Kristin Kandelin<\/em><\/td>\n<\/tr>\n<tr>\n<td width=\"142\"><strong>Amanda Jakobson\u00a0<\/strong><\/td>\n<td width=\"452\">\u201eKliima muutuste p\u00f5hjused\u201c <em>Erko Jakobson<\/em><\/td>\n<\/tr>\n<tr>\n<td width=\"142\"><strong>Maya Kamel Ali\u00a0<\/strong><\/td>\n<td width=\"452\">\u201eMaastikup\u00f5lengud\u201c <em>Margit Aun, Mait Lang<\/em><\/td>\n<\/tr>\n<tr>\n<td width=\"142\"><strong>Karoliina Puusepp\u00a0<\/strong><\/td>\n<td width=\"452\">\u201eThe Journey of Phosphorus to Rocky Planets\u201c <em>Sandipan Borthakur<\/em><\/td>\n<\/tr>\n<tr>\n<td width=\"142\"><strong>Railis Meren\u00e4kk\u00a0<\/strong><\/td>\n<td width=\"452\">\u201eKontaktkaksikt\u00e4he AW UMa modelleerimine\u201c <em>Anni Kasikov<\/em><\/td>\n<\/tr>\n<tr>\n<td width=\"142\"><strong>Egle V\u00e4ljam\u00e4e\u00a0<\/strong><\/td>\n<td width=\"452\">\u201eWASP-104b atmosf\u00e4\u00e4ri ja s\u00fcsteemi uurimine\u201c <em>Alexandra Lehtmets<\/em><\/td>\n<\/tr>\n<\/tbody>\n<\/table>\n","protected":false},"excerpt":{"rendered":"<p>Teadusmalevas 2024 osalejad ning nende uurimist\u00f6\u00f6de teemad koos juhendajate nimedega. August Jakobson \u201eGalaktikagruppide masside hindamine\u201c Elmo Tempel, Reelika P\u00e4rnpuu Kirke Kristiina Tempel \u201e4MOST vaatluste planeerija usaldusv\u00e4\u00e4rsuse kontrollimine &amp; Galaktikate kataloogi kontrollimine\u201c Taavi Tuvikene, Elmo Tempel, Grete Sakteos Janari \u0160t\u0161erbina \u201eMasin\u00f5ppe &#8230;<\/p>\n","protected":false},"author":241,"featured_media":0,"parent":0,"menu_order":0,"comment_status":"closed","ping_status":"closed","template":"","meta":{"_acf_changed":false,"inline_featured_image":false,"footnotes":""},"class_list":["post-1600","page","type-page","status-publish","hentry"],"acf":[],"_links":{"self":[{"href":"https:\/\/sisu.ut.ee\/esero\/wp-json\/wp\/v2\/pages\/1600","targetHints":{"allow":["GET"]}}],"collection":[{"href":"https:\/\/sisu.ut.ee\/esero\/wp-json\/wp\/v2\/pages"}],"about":[{"href":"https:\/\/sisu.ut.ee\/esero\/wp-json\/wp\/v2\/types\/page"}],"author":[{"embeddable":true,"href":"https:\/\/sisu.ut.ee\/esero\/wp-json\/wp\/v2\/users\/241"}],"replies":[{"embeddable":true,"href":"https:\/\/sisu.ut.ee\/esero\/wp-json\/wp\/v2\/comments?post=1600"}],"version-history":[{"count":4,"href":"https:\/\/sisu.ut.ee\/esero\/wp-json\/wp\/v2\/pages\/1600\/revisions"}],"predecessor-version":[{"id":1606,"href":"https:\/\/sisu.ut.ee\/esero\/wp-json\/wp\/v2\/pages\/1600\/revisions\/1606"}],"wp:attachment":[{"href":"https:\/\/sisu.ut.ee\/esero\/wp-json\/wp\/v2\/media?parent=1600"}],"curies":[{"name":"wp","href":"https:\/\/api.w.org\/{rel}","templated":true}]}}