{"id":8,"date":"2024-04-04T02:50:16","date_gmt":"2024-04-03T23:50:16","guid":{"rendered":"https:\/\/sisu.ut.ee\/epaev\/oppemoodulid\/"},"modified":"2024-04-04T02:50:31","modified_gmt":"2024-04-03T23:50:31","slug":"oppemoodulid","status":"publish","type":"page","link":"https:\/\/sisu.ut.ee\/epaev\/oppemoodulid\/","title":{"rendered":"\u00d5ppemoodulid"},"content":{"rendered":"<p>\n\tTartu \u00dclikooli\u00a0oppemoodulid paiknevad p\u00f5hiliselt:\n<\/p>\n<ol>\n<li>\n\t\tT\u00dc Raamatukogu repositooriumi DSpace\u00a0<a href=\"http:\/\/dspace.ut.ee\/handle\/10062\/8542\" target=\"_blank\" rel=\"noopener\">\u00f5piobjektide kollektsioonis<\/a>\n\t<\/li>\n<li>\n\t\tVeebilehestike loomise vahendis (<a href=\"http:\/\/sisu.ut.ee\/\" target=\"_blank\" rel=\"noopener\">Sisu@UT<\/a>)\n\t<\/li>\n<\/ol>\n<p>\n\tJ\u00e4rgnevalt on toodud valik \u00f5ppemooduleid, millega on k\u00f5igil soovijatel suurep\u00e4rane v\u00f5imalus tasuta tutvuda:\n<\/p>\n<p>\n\t<strong><a href=\"http:\/\/dspace.ut.ee\/bitstream\/handle\/10062\/22413\/index.html\" target=\"_blank\" rel=\"noopener\">Eesti keele harjutusvara \u2013 s\u00f5nade \u2018tulema\u2019, \u2018minema\u2019, \u2018k\u00e4ima\u2019 kasutamine<\/a> (Aurika Komsaare)<\/strong>\n<\/p>\n<p style=\"padding-left: 30px\">\n\t<span>\u00d5ppemoodul on m\u00f5eldud on eelk\u00f5ige \u00fcli\u00f5pilastele, v\u00f5ib aga kasutada ka keelekursustel v\u00f5i vene \u00f5ppekeelega g\u00fcmnaasiumides eesti keele \u00f5ppimisel-\u00f5petamisel (B1-B2 keeletase).<\/span>\n<\/p>\n<p>\n\t<strong><a href=\"https:\/\/sisu.ut.ee\/toiduelamus\" target=\"_blank\" rel=\"noopener\">Eestis turistina toiduelamuse otsinguil<\/a>\u00a0(Tiina Tamm)<\/strong>\n<\/p>\n<p style=\"padding-left: 30px\">\n\t<span data-mce-mark=\"1\">Tutvustatakse Eesti toidukultuuri ja k\u00f6\u00f6gi sisu, meie toidulauale iseloomulikke maitseid ning turistile k\u00fclastamiseks sobivaid toiduga seotud sihtkohti kohalike maitsete kogemiseks.<\/span>\n<\/p>\n<p>\n\t<strong><a href=\"http:\/\/dspace.utlib.ee\/dspace\/bitstream\/handle\/10062\/27902\/index.html?sequence=9\" target=\"_blank\" rel=\"noopener\">Energiaallikas tuuleenergia<\/a>\u00a0(Siiri Velling, Taavi Vaasma)<\/strong>\n<\/p>\n<p style=\"padding-left: 30px\">\n\t<span>Antakse \u00fclevaate tuuleenergia arengutest Eestis ja kogu maailmas, anal\u00fc\u00fcsitakse tuuleenergia eeliseid, puudusi ja m\u00f5ju keskkonnale, k\u00e4sitletakse tuuleenergia erinevaid tehnoloogilisi lahendusi.<\/span>\n<\/p>\n<p>\n\t<strong><a href=\"http:\/\/dspace.utlib.ee\/dspace\/bitstream\/handle\/10062\/27643\/index.html?sequence=8\" target=\"_blank\" rel=\"noopener\">Energiaallikas p\u00f5levkivi<\/a>\u00a0(Siiri Velling, Taavi Vaasma)<\/strong>\n<\/p>\n<p style=\"padding-left: 30px\">\n\t<span>Antakse \u00fclevaade Eesti t\u00e4htsaimast maavarast \u2013 p\u00f5levkivist ehk kukersiidist, mis on \u00fchtlasi meie energiat\u00f6\u00f6stuse alustala.<\/span>\n<\/p>\n<p>\n\t<strong><a href=\"http:\/\/dspace.utlib.ee\/dspace\/bitstream\/handle\/10062\/28239\/index.html?sequence=9\" target=\"_blank\" rel=\"noopener\">Energiaallikas p\u00e4ikeseenergia<\/a>\u00a0(Siiri Velling, Taavi Vaasma)<\/strong>\n<\/p>\n<p style=\"padding-left: 30px\">\n\t<span>Antakse \u00fclevaade p\u00e4ikeseenergia arengutest Eestis ja kogu maailmas, anal\u00fc\u00fcsitakse p\u00e4ikeseenergia eeliseid, puudusi ja m\u00f5ju keskkonnale.<\/span>\n<\/p>\n<p>\n\t<strong><a href=\"http:\/\/dspace.utlib.ee\/dspace\/bitstream\/handle\/10062\/27645\/index.html?sequence=19\" target=\"_blank\" rel=\"noopener\">Enesetapp \u2013 faktid ja muudid<\/a>\u00a0(Karmel Tall)<\/strong>\n<\/p>\n<p style=\"padding-left: 30px\">\n\t<span>Antakse \u00fclevaade enesetappude kultuurilisest ja ajaloolisest taustast ning uskumustest, m\u00fc\u00fctidest ja riskiteguritest.<\/span>\n<\/p>\n<p>\n\t<strong><a href=\"http:\/\/dspace.utlib.ee\/dspace\/bitstream\/handle\/10062\/20917\/index.html?sequence=32\" target=\"_blank\" rel=\"noopener\">Geomeetriline optika<\/a>\u00a0(Helle Kaasik)<\/strong>\n<\/p>\n<p style=\"padding-left: 30px\">\n\t<span>Tutvustatakse valguse levimise, peegeldumise ja murdumise peamisi seadusp\u00e4rasusi. Meenutatakse kooli optikakursuses \u00f5pitut ja antakse \u00fclevaade kujutise konstrueerimisest erinevates optilistes s\u00fcsteemides.<\/span>\n<\/p>\n<p>\n\t<strong><a href=\"https:\/\/sisu.ut.ee\/idioms\" target=\"_blank\" rel=\"noopener\">Inglise keele vanas\u00f5nad, k\u00f5nek\u00e4\u00e4nud ja idiomaatilised v\u00e4ljendid<\/a>\u00a0(tase B1\/B2-C1) (Kristina Mullamaa)<\/strong>\n<\/p>\n<p style=\"padding-left: 30px\">\n\t\u00d5ppemoodul sisaldab inglise keele vanas\u00f5nasid, k\u00f5nek\u00e4\u00e4nde ning idiomaatilisi v\u00e4ljendeid B1\/B2 keeletasemel kinnistada aitavaid harjutusi 5 minimooduli raames.\n<\/p>\n<p>\n\t<strong><a href=\"http:\/\/dspace.utlib.ee\/dspace\/bitstream\/handle\/10062\/22666\/index.html?sequence=123\" target=\"_blank\" rel=\"noopener\">Interaktiivsed muuseumid ja teemapargid Eestis<\/a>\u00a0(Tiina Tamm)<\/strong>\n<\/p>\n<p style=\"padding-left: 30px\">\n\t<span>Eesti turismigeograafia \u00f5ppimiseks m\u00f5eldud \u00f5ppemoodulis k\u00e4sitletakse interaktiivseid muuseume ja teemaparke Eestis. Muuseumid on r\u00fchmitatud nelja kategooriasse: p\u00f5llumajandus, lastele, tehnika ja ajalugu. Teemaparkide osas keskendutakse kirjandusparkidele.<\/span>\n<\/p>\n<p>\n\t<strong><a href=\"http:\/\/dspace.utlib.ee\/dspace\/bitstream\/handle\/10062\/29171\/index.html?sequence=12\" target=\"_blank\" rel=\"noopener\">Kaotus ja lein<\/a>\u00a0(Karmel Tall)<\/strong>\n<\/p>\n<p style=\"padding-left: 30px\">\n\t<span>Antakse \u00fclevaade kaotuse erinevatest vormidest ja leinaprotsessist. L\u00fchidalt tutvustatakse leinava inimese toetamist ja leinaprotsessiga toimetulekut.<\/span>\n<\/p>\n<p>\n\t<strong><a href=\"http:\/\/sisu.ut.ee\/kommunikatsioon\" target=\"_blank\" rel=\"noopener\">Kuidas parandada maailma? Kommunikatsioon sotsiaalsete muutuste kujundamisel<\/a>\u00a0(Triin Vihalemm, Margit Keller, Maie Kiisel)<\/strong>\n<\/p>\n<p style=\"padding-left: 30px\">\n\t\u00d5piku sihtr\u00fchmaks on alles \u00f5ppivad kui ka juba tegutsevad kommunikatsioonispetsialistid ja projektijuhid, kes tegelevad kampaaniate ja projektidega, mis p\u00fc\u00fcavad sihtr\u00fchmi panna teistmoodi m\u00f5tlema ja tegutsema. Rohkelt on k\u00fcsimusi ja \u00fclesandeid anal\u00fc\u00fcsiks\u00a0ning m\u00f5tlemiseks, mis aitavad kogu l\u00e4henemist samm-sammult omandada, samuti rakenduslikke juhiseid, kuidas oma sotsiaalse muutuse programmi \u00fcles ehitada.\n<\/p>\n<p>\n\t<strong><a href=\"http:\/\/dspace.utlib.ee\/dspace\/bitstream\/handle\/10062\/24125\/index.html?sequence=12\" style=\"background-color: #ffffff\" target=\"_blank\" rel=\"noopener\">L\u00e4hisuhtev\u00e4givald ja tervis<\/a>\u00a0(Made Laanpere)<\/strong>\n<\/p>\n<p style=\"padding-left: 30px\">\n\t<span>Teoreetilises osas antakse \u00fclevaade l\u00e4hisuhtev\u00e4givalla olemusest ning m\u00f5just tervisele. Praktiline osa sisaldab n\u00f5uandeid, kuidas patsiendis v\u00e4givalla ohvrit \u00e4ra tunda, v\u00e4givalda dokumenteerida ja millist abi meedikul on v\u00f5imalik pakkuda.<\/span>\n<\/p>\n<p>\n\t<strong><a href=\"https:\/\/sisu.ut.ee\/kohvikus\" target=\"_blank\" rel=\"noopener\">L\u00e4hme kohvikusse<\/a>\u00a0(Linda P\u00fcssa)<\/strong>\n<\/p>\n<p style=\"padding-left: 30px\">\n\tAntakse \u00fclevaade baass\u00f5navarast ja -grammatikast, et algaja keelekasutaja saaks\u00a0kohvikus\u00a0eesti keeles hakkama. Sihtr\u00fchmaks on eesti keelt v\u00f5\u00f5rkeelena \u00f5ppijad (A1 keeletase).\n<\/p>\n<p>\n\t<strong><a href=\"http:\/\/sisu.ut.ee\/kaltsunukk\" target=\"_blank\" rel=\"noopener\">Metoodiliste \u00f5ppevahendite valmistamine: kaltsunukk<\/a>\u00a0(Karin Kiss)<\/strong>\n<\/p>\n<p style=\"padding-left: 30px\">\n\t<span>Kaltsunukud on v\u00e4ga head m\u00e4nguasjad, mis toetavad laste loovuse ning sotsiaalsete oskuste arengut, \u00f5petavad tekstiilmaterjalide taaskasutamist ning on heaks \u00f5ppevahendiks t\u00f6\u00f6s erivajadustega lastega. Lisatud on ka lihtsamate kaltsunukkude valmistamise \u00f5petused.\u00a0<\/span>\n<\/p>\n<p>\n\t<strong><a href=\"http:\/\/dspace.utlib.ee\/dspace\/bitstream\/handle\/10062\/16203\/index.html?sequence=49\" target=\"_blank\" rel=\"noopener\">Metoodiliste \u00f5ppevahendite valmistamine koolieelses lasteasutuses: l\u00f5nga- ja n\u00f6\u00f6rinukud\u00a0<\/a>(Karin Kiss)<\/strong>\n<\/p>\n<p style=\"padding-left: 30px\">\n\t<span>\u00d5ppemoodul l\u00f5nga- ja n\u00f6\u00f6rinukkude valmistamisest \u00f5petab koolieelsete lasteasutuste \u00f5petajatele jt huvilistele tekstiilmaterjalist metoodiliste \u00f5ppevahendite valmistamist. Lisatud on tegevusk\u00e4ike kirjeldavaid fotode ja joonistustega illustreeritud t\u00f6\u00f6juhendid.<\/span>\n<\/p>\n<p>\n\t<strong><a href=\"http:\/\/dspace.utlib.ee\/dspace\/bitstream\/handle\/10062\/22560\/index.html?sequence=54\" target=\"_blank\" rel=\"noopener\">Positsioonilised arvus\u00fcsteemid<\/a>\u00a0(Mirjam Paales, Anne Villems)<\/strong>\n<\/p>\n<p style=\"padding-left: 30px\">\n\t\u00d5ppemoodul sisaldab kolme teemat: arvus\u00fcsteemid, kahends\u00fcsteemid ning kaheksand- ja kuueteistk\u00fcmnends\u00fcsteemid. Selgitatakse s\u00fcsteemide olemust, vaadatakse s\u00fcsteemide liike ja teisendamisv\u00f5imalusi.\u00a0\n<\/p>\n<p>\n\t<strong><a href=\"https:\/\/sisu.ut.ee\/turunduskommunikatsioon2\" target=\"_blank\" rel=\"noopener\">Veebip\u00f5hised turunduskommunikatsioonikanalid<\/a>\u00a0(Triin Vihalemm, Peeter Kruusvall)<\/strong>\n<\/p>\n<p style=\"padding-left: 30px\">\n\t<span>Antakse \u00fclevaade turunduskommunikatsiooni olulistest kanalitest. Teemad: turunduskommunikatsioon online kanalites, koduleht\/kampaanialeht, uudiskiri ja e-post, blogi, foorum, mikroblogi, sotsiaalv\u00f5rgustikud, fotode ja videote jagamise keskkonnad, b\u00e4nnerid.<\/span><\/p>\n","protected":false},"excerpt":{"rendered":"<p>Tartu \u00dclikooli\u00a0oppemoodulid paiknevad p\u00f5hiliselt: T\u00dc Raamatukogu repositooriumi DSpace\u00a0\u00f5piobjektide kollektsioonis Veebilehestike loomise vahendis (Sisu@UT) J\u00e4rgnevalt on toodud valik \u00f5ppemooduleid, millega on k\u00f5igil soovijatel suurep\u00e4rane v\u00f5imalus tasuta tutvuda: Eesti keele harjutusvara \u2013 s\u00f5nade \u2018tulema\u2019, \u2018minema\u2019, \u2018k\u00e4ima\u2019 kasutamine (Aurika Komsaare) \u00d5ppemoodul on m\u00f5eldud &#8230;<\/p>\n","protected":false},"author":6,"featured_media":0,"parent":0,"menu_order":0,"comment_status":"closed","ping_status":"closed","template":"","meta":{"_acf_changed":false,"inline_featured_image":false,"footnotes":""},"class_list":["post-8","page","type-page","status-publish","hentry"],"acf":[],"_links":{"self":[{"href":"https:\/\/sisu.ut.ee\/epaev\/wp-json\/wp\/v2\/pages\/8","targetHints":{"allow":["GET"]}}],"collection":[{"href":"https:\/\/sisu.ut.ee\/epaev\/wp-json\/wp\/v2\/pages"}],"about":[{"href":"https:\/\/sisu.ut.ee\/epaev\/wp-json\/wp\/v2\/types\/page"}],"author":[{"embeddable":true,"href":"https:\/\/sisu.ut.ee\/epaev\/wp-json\/wp\/v2\/users\/6"}],"replies":[{"embeddable":true,"href":"https:\/\/sisu.ut.ee\/epaev\/wp-json\/wp\/v2\/comments?post=8"}],"version-history":[{"count":1,"href":"https:\/\/sisu.ut.ee\/epaev\/wp-json\/wp\/v2\/pages\/8\/revisions"}],"predecessor-version":[{"id":118,"href":"https:\/\/sisu.ut.ee\/epaev\/wp-json\/wp\/v2\/pages\/8\/revisions\/118"}],"wp:attachment":[{"href":"https:\/\/sisu.ut.ee\/epaev\/wp-json\/wp\/v2\/media?parent=8"}],"curies":[{"name":"wp","href":"https:\/\/api.w.org\/{rel}","templated":true}]}}