{"id":6,"date":"2024-04-04T02:50:15","date_gmt":"2024-04-03T23:50:15","guid":{"rendered":"https:\/\/sisu.ut.ee\/epaev\/moocid\/"},"modified":"2024-04-04T02:50:31","modified_gmt":"2024-04-03T23:50:31","slug":"moocid","status":"publish","type":"page","link":"https:\/\/sisu.ut.ee\/epaev\/moocid\/","title":{"rendered":"MOOCid"},"content":{"rendered":"<p>\n\t<img loading=\"lazy\" decoding=\"async\" width=\"412\" height=\"120\" class=\"alignnone wp-image-32\" src=\"https:\/\/sisu.ut.ee\/wp-content\/uploads\/sites\/175\/mooc-est1_s.jpeg\" title=\"mooc-est1_s.jpeg\" alt=\"MOOC ehk vaba juurdep\u00e4\u00e4suga e-kursus b\u00e4nner\" srcset=\"https:\/\/sisu.ut.ee\/wp-content\/uploads\/sites\/175\/mooc-est1_s.jpeg 412w, https:\/\/sisu.ut.ee\/wp-content\/uploads\/sites\/175\/mooc-est1_s-300x87.jpeg 300w\" sizes=\"auto, (max-width: 412px) 100vw, 412px\">\n<\/p>\n<p>\n\tMOOC ehk vaba juurdep\u00e4\u00e4suga e-kursus (ingl\u00a0<em>massive open online course<\/em>) on avatud registreerimisega t\u00e4ielikult veebip\u00f5hine t\u00e4iendus\u00f5ppekursus, millel\u00a0<strong>k\u00f5ik soovijad<\/strong>\u00a0saavad\u00a0<strong>tasuta<\/strong>\u00a0osaleda.\u00a0Vaba juurdep\u00e4\u00e4suga e-kursuste eesm\u00e4rk on eri sihtr\u00fchmadele k\u00f5rgharidusele juurdep\u00e4\u00e4su v\u00f5imaldamine ning \u00fclikooli \u00f5ppimisv\u00f5imaluste tutvustamine ja mitmekesistamine.\n<\/p>\n<p>\n\tTartu \u00dclikoolis on 19\u00a0ingliskeelset ja 16\u00a0eestikeelset\u00a0MOOCi.\u00a0\n<\/p>\n<p>\n\tMOOCi<strong>\u00a0<\/strong>l\u00e4bimise n\u00f5uded t\u00e4itnud osalejatele v\u00e4ljastatakse\u00a0<strong>Tartu \u00dclikooli digitaalne tunnistus<\/strong>.\n<\/p>\n<p>\n\tLehelt\u00a0<a href=\"https:\/\/www.ut.ee\/et\/oppimine\/moocid\" target=\"_blank\" rel=\"noopener\">https:\/\/moocs.ut.ee<\/a>\u00a0leiate alati v\u00e4rske MOOCide pakkumise.<\/p>\n","protected":false},"excerpt":{"rendered":"<p>MOOC ehk vaba juurdep\u00e4\u00e4suga e-kursus (ingl\u00a0massive open online course) on avatud registreerimisega t\u00e4ielikult veebip\u00f5hine t\u00e4iendus\u00f5ppekursus, millel\u00a0k\u00f5ik soovijad\u00a0saavad\u00a0tasuta\u00a0osaleda.\u00a0Vaba juurdep\u00e4\u00e4suga e-kursuste eesm\u00e4rk on eri sihtr\u00fchmadele k\u00f5rgharidusele juurdep\u00e4\u00e4su v\u00f5imaldamine ning \u00fclikooli \u00f5ppimisv\u00f5imaluste tutvustamine ja mitmekesistamine. Tartu \u00dclikoolis on 19\u00a0ingliskeelset ja 16\u00a0eestikeelset\u00a0MOOCi.\u00a0 MOOCi\u00a0l\u00e4bimise n\u00f5uded &#8230;<\/p>\n","protected":false},"author":6,"featured_media":0,"parent":0,"menu_order":0,"comment_status":"closed","ping_status":"closed","template":"","meta":{"_acf_changed":false,"inline_featured_image":false,"footnotes":""},"class_list":["post-6","page","type-page","status-publish","hentry"],"acf":[],"_links":{"self":[{"href":"https:\/\/sisu.ut.ee\/epaev\/wp-json\/wp\/v2\/pages\/6","targetHints":{"allow":["GET"]}}],"collection":[{"href":"https:\/\/sisu.ut.ee\/epaev\/wp-json\/wp\/v2\/pages"}],"about":[{"href":"https:\/\/sisu.ut.ee\/epaev\/wp-json\/wp\/v2\/types\/page"}],"author":[{"embeddable":true,"href":"https:\/\/sisu.ut.ee\/epaev\/wp-json\/wp\/v2\/users\/6"}],"replies":[{"embeddable":true,"href":"https:\/\/sisu.ut.ee\/epaev\/wp-json\/wp\/v2\/comments?post=6"}],"version-history":[{"count":1,"href":"https:\/\/sisu.ut.ee\/epaev\/wp-json\/wp\/v2\/pages\/6\/revisions"}],"predecessor-version":[{"id":120,"href":"https:\/\/sisu.ut.ee\/epaev\/wp-json\/wp\/v2\/pages\/6\/revisions\/120"}],"wp:attachment":[{"href":"https:\/\/sisu.ut.ee\/epaev\/wp-json\/wp\/v2\/media?parent=6"}],"curies":[{"name":"wp","href":"https:\/\/api.w.org\/{rel}","templated":true}]}}