{"id":18,"date":"2024-04-04T02:50:16","date_gmt":"2024-04-03T23:50:16","guid":{"rendered":"https:\/\/sisu.ut.ee\/epaev\/e-ga-paremini-e-oppe-kogemusseminar\/"},"modified":"2024-04-04T02:50:30","modified_gmt":"2024-04-03T23:50:30","slug":"e-ga-paremini-e-oppe-kogemusseminar","status":"publish","type":"page","link":"https:\/\/sisu.ut.ee\/epaev\/e-ga-paremini-e-oppe-kogemusseminar\/","title":{"rendered":"E-ga paremini! E-\u00f5ppe kogemusseminar"},"content":{"rendered":"<p>\n\t<strong>16. oktoobril 2019<\/strong>\u00a0toimus\u00a0\u00fclikooli raamatukogu konverentsisaalis <strong>\u201cE-ga paremini! E-\u00f5ppe kogemusseminar\u201d<\/strong>.\u00a0\n<\/p>\n<p>\n\tKogemusseminari eesm\u00e4rk oli\u00a0jagada \u00fclikooli e-\u00f5ppe h\u00e4id kogemusi ning innustada \u00f5ppej\u00f5ude enam e-\u00f5ppe v\u00f5imalusi kasutama.\n<\/p>\n<p>\n\tArutleti, milline on kvaliteetne e-kursus ning kuidas e-\u00f5pe aitab \u00fcli\u00f5pilaste, \u00f5ppej\u00f5udude ja programmijuhtide hinnangul \u00f5ppe kvaliteeti t\u00f5sta. Seminari juhis\u00a0\u00f5ppeprorektor Aune Valk.\n<\/p>\n<h3>\n\tVaata seminari videosalvestust<br>\n<\/h3>\n<p>\n\t(ettekannete sisukorraga vaate n\u00e4gemiseks kl\u00f5psa paremal alumises nurgas oleva noole peal)<br>\u00a0\n<\/p>\n<p>\n\t<\/p><div class=\"ratio ratio-16x9 mb-3\"><div class=\"video-placeholder-wrapper video-placeholder-wrapper--16x9\">\n\t\t\t    <div class=\"video-placeholder d-flex justify-content-center align-items-center\">\n\t\t\t        <div class=\"overlay text-white p-2 w-100 text-center d-block justify-content-center align-items-center\">\n\t\t\t            <div>Kolmandate osapoolte sisu n\u00e4gemiseks palun n\u00f5ustu k\u00fcpsistega.<\/div>\n\t\t\t            <button class=\"btn btn-secondary btn-sm mt-1 consent-change\">Muuda n\u00f5usolekut<\/button>\n\t\t\t        <\/div>\n\t\t\t    <\/div>\n\t\t\t<\/div>\n<\/div>\n\n<h3>\n\tKava:<br>\n<\/h3>\n<table class=\"table table-hover\" border=\"1\" cellpadding=\"1\" cellspacing=\"1\" style=\"width: 100%\">\n<tbody>\n<tr>\n<td style=\"width: 110px\">\n\t\t\t\t9.30 \u2013 10.00\n\t\t\t<\/td>\n<td>\n\t\t\t\tKohv\n\t\t\t<\/td>\n<\/tr>\n<tr>\n<td style=\"width: 110px\">\n\t\t\t\t10.00 \u2013 10.20\n\t\t\t<\/td>\n<td>\n\t\t\t\t\u00d5ppeprorektori avas\u00f5nad\n\t\t\t<\/td>\n<\/tr>\n<tr>\n<td style=\"width: 110px\">\n\t\t\t\t10.20 \u2013 10.50\n\t\t\t<\/td>\n<td>\n\t\t\t\tE-kursuse kvaliteedim\u00e4rgi protsessist. Toomas Plank, f\u00fc\u00fcsika instituudi direktor\n\t\t\t<\/td>\n<\/tr>\n<tr>\n<td style=\"width: 110px\">\n\t\t\t\t10.50 \u2013 11.10\n\t\t\t<\/td>\n<td>\n\t\t\t\tVeebikursusest \u201cEstimation of Measurement Uncertainty in Chemical Analysis<em>\u201c.\u00a0<\/em>Ivo Leito, keemia instituudi anal\u00fc\u00fctilise keemia professor\n\t\t\t<\/td>\n<\/tr>\n<tr>\n<td style=\"width: 110px\">\n\t\t\t\t11.10 \u2013 11.30\n\t\t\t<\/td>\n<td>\n\t\t\t\tTeekond kaosest aasta e-kursuse tiitlini. Marika Saar, farmaatsia instituudi kliinilise farmaatsia assistent\n\t\t\t<\/td>\n<\/tr>\n<tr>\n<td style=\"width: 110px\">\n\t\t\t\t11.30 \u2013 11.50\n\t\t\t<\/td>\n<td>\n\t\t\t\tKui ilma Moodle\u2019ita ei saa. Katri K\u00fctt, haridusteaduste instituudi \u00f5petajahariduse assistent\n\t\t\t<\/td>\n<\/tr>\n<tr>\n<td style=\"width: 110px\">\n\t\t\t\t11.50 \u2013 12.10\n\t\t\t<\/td>\n<td>\n\t\t\t\tKuidas e-\u00f5pe alandas minu stressitaset. Age V\u00e4rv, \u00f5igusteaduskonna asedirektor\n\t\t\t<\/td>\n<\/tr>\n<tr>\n<td style=\"width: 110px\">\n\t\t\t\t12.10 \u2013 12.30\n\t\t\t<\/td>\n<td>\n\t\t\t\tRahvusvahelise haridustehnoloogia magistri\u00f5ppekava k\u00e4ivitamine. Margus Pedaste, haridusteaduste instituudi haridustehnoloogia professor\n\t\t\t<\/td>\n<\/tr>\n<tr>\n<td style=\"width: 110px\">\n\t\t\t\t12.30 \u2013 13.15\n\t\t\t<\/td>\n<td>\n\t\t\t\tL\u00f5una\n\t\t\t<\/td>\n<\/tr>\n<tr>\n<td style=\"width: 110px\">\n\t\t\t\t13.15 \u2013 13.45\n\t\t\t<\/td>\n<td>\n\t\t\t\tE-kursuste kvaliteedist \u00fcli\u00f5pilase pilguga. Arutelu juhib Margus Pedaste. Osalevad: Allan Aksiim (SV), Mona S\u00f5ukand (SV), Helo Liis Soodla (SV).\n\t\t\t<\/td>\n<\/tr>\n<tr>\n<td style=\"width: 110px\">\n\t\t\t\t13.45 \u2013 15.00\n\t\t\t<\/td>\n<td>\n\t\t\t\tE-\u00f5ppe v\u00f5imalused \u00f5ppekvaliteedi t\u00f5stmiseks. Programmijuhtide ja \u00f5ppej\u00f5udude arutelu. Arutelu juhib Age V\u00e4rv. Osalevad: Anti Kalda (MV), Johann Langemets (LT), Monika Kumm (SV), Riina Reinsalu (HV), Anneli Lorenz (SV).\n\t\t\t<\/td>\n<\/tr>\n<\/tbody>\n<\/table>\n<p>\n\t<br><img loading=\"lazy\" decoding=\"async\" width=\"300\" height=\"173\" class=\"alignnone wp-image-24\" style=\"width:250px;height:144px;margin-left:5px;margin-right:5px\" src=\"https:\/\/sisu.ut.ee\/wp-content\/uploads\/sites\/175\/erf_logo.jpg\" title=\"erf_logo.jpg\" alt=\"erf logo\"><br>Seminari toimumist toetas\u00a0Euroopa Regionaalarengu Fond ASTRA projekti PER ASPERA raames.<\/p>\n","protected":false},"excerpt":{"rendered":"<p>16. oktoobril 2019\u00a0toimus\u00a0\u00fclikooli raamatukogu konverentsisaalis \u201cE-ga paremini! E-\u00f5ppe kogemusseminar\u201d.\u00a0 Kogemusseminari eesm\u00e4rk oli\u00a0jagada \u00fclikooli e-\u00f5ppe h\u00e4id kogemusi ning innustada \u00f5ppej\u00f5ude enam e-\u00f5ppe v\u00f5imalusi kasutama. Arutleti, milline on kvaliteetne e-kursus ning kuidas e-\u00f5pe aitab \u00fcli\u00f5pilaste, \u00f5ppej\u00f5udude ja programmijuhtide hinnangul \u00f5ppe kvaliteeti t\u00f5sta. &#8230;<\/p>\n","protected":false},"author":6,"featured_media":0,"parent":0,"menu_order":0,"comment_status":"closed","ping_status":"closed","template":"","meta":{"_acf_changed":false,"inline_featured_image":false,"footnotes":""},"class_list":["post-18","page","type-page","status-publish","hentry"],"acf":[],"_links":{"self":[{"href":"https:\/\/sisu.ut.ee\/epaev\/wp-json\/wp\/v2\/pages\/18","targetHints":{"allow":["GET"]}}],"collection":[{"href":"https:\/\/sisu.ut.ee\/epaev\/wp-json\/wp\/v2\/pages"}],"about":[{"href":"https:\/\/sisu.ut.ee\/epaev\/wp-json\/wp\/v2\/types\/page"}],"author":[{"embeddable":true,"href":"https:\/\/sisu.ut.ee\/epaev\/wp-json\/wp\/v2\/users\/6"}],"replies":[{"embeddable":true,"href":"https:\/\/sisu.ut.ee\/epaev\/wp-json\/wp\/v2\/comments?post=18"}],"version-history":[{"count":1,"href":"https:\/\/sisu.ut.ee\/epaev\/wp-json\/wp\/v2\/pages\/18\/revisions"}],"predecessor-version":[{"id":108,"href":"https:\/\/sisu.ut.ee\/epaev\/wp-json\/wp\/v2\/pages\/18\/revisions\/108"}],"wp:attachment":[{"href":"https:\/\/sisu.ut.ee\/epaev\/wp-json\/wp\/v2\/media?parent=18"}],"curies":[{"name":"wp","href":"https:\/\/api.w.org\/{rel}","templated":true}]}}