{"id":10,"date":"2024-04-04T02:50:16","date_gmt":"2024-04-03T23:50:16","guid":{"rendered":"https:\/\/sisu.ut.ee\/epaev\/arvamused\/"},"modified":"2024-04-04T02:50:30","modified_gmt":"2024-04-03T23:50:30","slug":"arvamused","status":"publish","type":"page","link":"https:\/\/sisu.ut.ee\/epaev\/arvamused\/","title":{"rendered":"Arvamused"},"content":{"rendered":"<h4><strong>\u00d5ppej\u00f5u arvamus<\/strong><\/h4>\n<p>T\u00dc haridusteaduste instituudi alg\u00f5petuse dotsent Krista Uibu on kasutanud e-taiendusopet juba mitmeid aastaid. Kuulake, mida Krista Uibu e-t\u00e4iendus\u00f5ppest arvab ja millist tagasisidet on ta oma e-kursustel \u00f5ppijatelt saanud.<\/p>\n<p>\u00a0<\/p>\n<p><\/p><div class=\"ratio ratio-16x9 mb-3\"><div class=\"video-placeholder-wrapper video-placeholder-wrapper--16x9\">\n\t\t\t    <div class=\"video-placeholder d-flex justify-content-center align-items-center\">\n\t\t\t        <div class=\"overlay text-white p-2 w-100 text-center d-block justify-content-center align-items-center\">\n\t\t\t            <div>Kolmandate osapoolte sisu n\u00e4gemiseks palun n\u00f5ustu k\u00fcpsistega.<\/div>\n\t\t\t            <button class=\"btn btn-secondary btn-sm mt-1 consent-change\">Muuda n\u00f5usolekut<\/button>\n\t\t\t        <\/div>\n\t\t\t    <\/div>\n\t\t\t<\/div>\n<\/div>\n<h4><strong>\u00a0<\/strong><\/h4>\n<h4><strong>V\u00e4ljav\u00f5tteid e-t\u00e4iendus\u00f5ppekursustel osalejate tagasisidest:<\/strong><\/h4>\n<div class=\"valem-x\">\n<div>\n<blockquote><p>E-t\u00e4iendus\u00f5pe on v\u00e4ga hea neile, kel on kas ajutine v\u00f5i p\u00fcsiv elukorraldus, mis v\u00e4ga palju ringiliikumist ei v\u00f5imalda. Muidugi ka t\u00f6\u00f6 k\u00f5rvalt \u00f5ppimise puhul on see hea valik. Alguses kahtlesin, kuidas on v\u00f5imalik just praktilist osa \u00f5ppeainest veebis l\u00e4bida, aga selgus, et see on v\u00e4ga h\u00e4sti korraldatud ja juhendatud. Ja ma vaidlen kindlasti vastu neile, kes arvavad, et e-\u00f5pe on lihtsam kui loengutes k\u00e4imine. Enesedistsipliini n\u00f5uab see kindlasti samapalju, sest \u00f5ppet\u00f6\u00f6 k\u00e4ib enamasti moodulite kaupa ja hea tulemuse saamiseks tuleb teha \u00fcsna palju iseseisvat t\u00f6\u00f6d.<\/p><\/blockquote>\n<\/div>\n<div>\n<blockquote><p>Alguses tundus, et olen valesse kohta sattunud. Foorumites suhtlesin ettevaatlikult, j\u00e4lgisin teiste s\u00f5nav\u00f5tte. Julgus tuli tasapisi. N\u00fc\u00fcd v\u00f5in \u00f6elda, et oli v\u00e4ga m\u00f5nus kogemus. Teistega oli tore suhelda, m\u00f5tteid vahetada, k\u00fcsimuste korral oli alati keegi, kes n\u00f5uga appi tuli v\u00f5i midagi tunnustavat \u00fctles. Ait\u00e4h! Olen v\u00e4ga rahul.<\/p><\/blockquote>\n<\/div>\n<div class=\"entry-content\">\n<blockquote><p>Kursuse algus oli meeldivaks \u00fcllatuseks \u2013 selge \u00fclesehitus, t\u00e4psed juhendid ja ajakavad, korrektsed materjalid jne.<\/p><\/blockquote>\n<\/div>\n<div class=\"entry-content\">\n<blockquote><p>K\u00f5ik sujus. Kui oli probleeme, siis lahendasime need nii juhendaja kui aktiivsete kaas\u00f5ppijatega.<\/p><\/blockquote>\n<\/div>\n<div class=\"entry-content\">\n<blockquote><p>P\u00e4rast ehmatavat algust l\u00e4ks aina paremaks. Tekkis hasart oma t\u00f6id teha ja nendega nobedasti\u00a0ning ladusasti v\u00f5imalikult kiiresti valmis saada, unustamata t\u00f6\u00f6de sisukust ja tuumakust.<\/p><\/blockquote>\n<\/div>\n<div class=\"entry-content\">\n<blockquote><p>Sain v\u00e4ga palju uusi teadmisi ja oskusi. Tundsin suurt r\u00f5\u00f5mu, kui t\u00f6\u00f6 \u00f5nnestus, sest mitmel korral oli m\u00f5te nupule \u201cKustuta mind kursuse nimekirjast\u201d kl\u00f5psata.<\/p><\/blockquote>\n<\/div>\n<div class=\"entry-content\">\n<blockquote><p>Meeldis erinevate arvamuste paljusus, v\u00f5imalus avatult s\u00f5na sekka \u00f6elda ja kursuse juhtimist l\u00e4biv toetav heatahtlikkus.\u00a0 Mina sain palju infot nii oma \u00f5ppeasutuse kui ka valdkonna kohta. V\u00f5imaldas kaasa- ja edasim\u00f5tlemist!<\/p><\/blockquote>\n<\/div>\n<div class=\"entry-content\">\n<blockquote><p>\u00d5ppematerjalid olid sisukad ja informatiivsed. Kahjuks ei j\u00f5udnud k\u00f5iki materjale l\u00e4bi lugeda. Lugesin valikuliselt, olulisemad tr\u00fckkisin v\u00e4lja ja k\u00f6itsin portfooliosse.<\/p><\/blockquote>\n<\/div>\n<div class=\"entry-content\">\n<blockquote><p>\u00dcldised kohustuslikud \u00f5ppematerjalid olid k\u00f5ik v\u00e4ga huvitavad ja head. Aga enim oli mul tegelikult kasu hoopis lisamaterjalidest \u2013 viited artiklitele jms.<\/p><\/blockquote>\n<\/div>\n<div>\n<blockquote><p>Minule kursus v\u00e4ga meeldis. P\u00f5hjused:\u00a0sain \u00fcksi endale sobivas r\u00fctmis \u00f5ppida;\u00a0palju videoid, milles nii h\u00e4id kui halbu n\u00e4iteid;\u00a0konkreetsed \u00fclesanded, mida t\u00e4ita;\u00a0r\u00fchmat\u00f6\u00f6 kulges valutumalt kui mul varasematel kordadel on juhtunud (hea aktiivne r\u00fchm).<\/p><\/blockquote>\n<\/div>\n<div class=\"entry-content\">\n<blockquote><p>Kursus oli p\u00e4ris huvitav, kuna sain v\u00e4ga h\u00e4id linke teistelt osalejatelt.<\/p><\/blockquote>\n<\/div>\n<div class=\"entry-content\">\n<blockquote><p>Mulle oli see v\u00e4ga vajalik ja edasiviiv kursus.<\/p><\/blockquote>\n<\/div>\n<\/div>\n","protected":false},"excerpt":{"rendered":"<p>\u00d5ppej\u00f5u arvamus T\u00dc haridusteaduste instituudi alg\u00f5petuse dotsent Krista Uibu on kasutanud e-taiendusopet juba mitmeid aastaid. Kuulake, mida Krista Uibu e-t\u00e4iendus\u00f5ppest arvab ja millist tagasisidet on ta oma e-kursustel \u00f5ppijatelt saanud. \u00a0 Kolmandate osapoolte sisu n\u00e4gemiseks palun n\u00f5ustu k\u00fcpsistega. Muuda n\u00f5usolekut &#8230;<\/p>\n","protected":false},"author":6,"featured_media":0,"parent":0,"menu_order":0,"comment_status":"closed","ping_status":"closed","template":"","meta":{"_acf_changed":false,"inline_featured_image":false,"footnotes":""},"class_list":["post-10","page","type-page","status-publish","hentry"],"acf":[],"_links":{"self":[{"href":"https:\/\/sisu.ut.ee\/epaev\/wp-json\/wp\/v2\/pages\/10","targetHints":{"allow":["GET"]}}],"collection":[{"href":"https:\/\/sisu.ut.ee\/epaev\/wp-json\/wp\/v2\/pages"}],"about":[{"href":"https:\/\/sisu.ut.ee\/epaev\/wp-json\/wp\/v2\/types\/page"}],"author":[{"embeddable":true,"href":"https:\/\/sisu.ut.ee\/epaev\/wp-json\/wp\/v2\/users\/6"}],"replies":[{"embeddable":true,"href":"https:\/\/sisu.ut.ee\/epaev\/wp-json\/wp\/v2\/comments?post=10"}],"version-history":[{"count":1,"href":"https:\/\/sisu.ut.ee\/epaev\/wp-json\/wp\/v2\/pages\/10\/revisions"}],"predecessor-version":[{"id":116,"href":"https:\/\/sisu.ut.ee\/epaev\/wp-json\/wp\/v2\/pages\/10\/revisions\/116"}],"wp:attachment":[{"href":"https:\/\/sisu.ut.ee\/epaev\/wp-json\/wp\/v2\/media?parent=10"}],"curies":[{"name":"wp","href":"https:\/\/api.w.org\/{rel}","templated":true}]}}