{"id":4,"date":"2024-04-04T06:16:45","date_gmt":"2024-04-04T03:16:45","guid":{"rendered":"https:\/\/sisu.ut.ee\/eoppija\/oppimine-e-kursusel-moodle\/"},"modified":"2025-08-29T12:12:58","modified_gmt":"2025-08-29T09:12:58","slug":"oppimine-e-kursusel-moodle","status":"publish","type":"page","link":"https:\/\/sisu.ut.ee\/eoppija\/oppimine-e-kursusel-moodle\/","title":{"rendered":"\u00d5ppimine e-kursusel Moodle\u2019is"},"content":{"rendered":"<h5>T\u00dc ametlik e-\u00f5ppe keskkond on Moodle, mis\u00a0asub aadressil\u00a0<a title=\"\" href=\"https:\/\/moodle.ut.ee\/\" target=\"_blank\" rel=\"noopener\" data-url=\"https:\/\/moodle.ut.ee\/\">https:\/\/moodle.ut.ee<\/a>.<\/h5>\n<p>Enamikul sinu \u00f5ppeainetest on <strong>Moodle\u2019i \u00f5pikeskkonnas<\/strong> (<a title=\"\" href=\"https:\/\/moodle.ut.ee\/\" target=\"_blank\" rel=\"noopener\" data-url=\"https:\/\/moodle.ut.ee\/\">https:\/\/moodle.ut.ee<\/a>) e-kursus. Info selle kohta, kas \u00f5ppeaine on t\u00e4ielikult veebip\u00f5hine (auditoorseid kohtumisi polegi v\u00f5i ei pea neil osalema) v\u00f5i osaliselt (tuleb osaleda ka auditoorsetel kohtumistel), on \u00d5ISi ainekavas. E-kursustel on enamasti olemas kursuse \u00fcldine info, \u00f5ppematerjalid, foorumid suhtlemiseks (nt k\u00fcsimuste esitamiseks), testid enda teadmiste kontrollimiseks v\u00f5i kontrollt\u00f6\u00f6\/arvestuse\/eksami sooritamiseks, vahendid \u00fclesannete esitamiseks, r\u00fchmat\u00f6\u00f6ks, veebiseminarideks\/praktikumideks.<\/p>\n<h3 id=\"id-12.Juhised\u00f5ppijale-2.Kursustegaliitumine\">Kursustega liitumine<\/h3>\n<p>\u00d5ISis ainele registreerunud \u00f5ppijad lisab \u00f5ppej\u00f5ud tavaliselt Moodle\u2019isse e-kursusele \u00d5ISi kaudu, kui kursus algab. Sinu e-posti aadressile tuleb aadressilt <em>noreply@moodle.ut.ee<\/em> teade kursusele lisamise kohta. Kui saad sellise teate, kuid sul puudub siiski kursusele juurdep\u00e4\u00e4s, siis p\u00f6\u00f6rdu \u00f5ppej\u00f5u poole \u2013 \u00f5ppej\u00f5ud v\u00f5ib olla unustanud kursuse Moodle\u2019is \u00f5ppijatele avada.<\/p>\n<p>M\u00f5ningatel juhtudel v\u00f5ib \u00f5ppej\u00f5ud paluda sul Moodle\u2019is e-kursusele iseregistreerumisega siseneda, teatades eelnevalt iseregistreerumiseks vajaliku parooli (v\u00f5tme). Samuti v\u00f5ib olla e-kursus avatud k\u00fclalisele (v\u00f5tmega v\u00f5i ilma), kes ei peagi Moodle\u2019isse sisse logima.<\/p>\n<h5>Kui sinu Moodle\u2019i t\u00f6\u00f6laual on \u00fcleliigsed (juba l\u00e4bitud vm) e-kursused, kuid sa ei soovi, et sul neile juurdep\u00e4\u00e4s oleks, siis p\u00f6\u00f6rdu kursuse \u00f5ppej\u00f5u poole.<\/h5>\n<h3 id=\"id-12.Juhised\u00f5ppijale-3.Endaeemaldaminee-kursuselt\">Enda eemaldamine e-kursuselt<\/h3>\n<ul>\n<li>\u00d5ppijad ei saa ennast ise Moodle\u2019i e-kursustelt eemaldada.<\/li>\n<li>Kui \u00f5ppej\u00f5ud on \u00d5ISis vastavalt seadistanud ning sa registreerid ennast \u00d5ISis ainelt maha, eemaldatakse sind j\u00e4rgneval \u00f6\u00f6l automaatselt ka e-kursuselt.<\/li>\n<li>P\u00e4rast kursuse l\u00f5ppu v\u00f5i hiljemalt enne j\u00e4rgmise kursuse algust t\u00fchjendab \u00f5ppej\u00f5ud e-kursuse k\u00f5igist \u00f5ppijatest. Seejuures kustutatakse e-kursuselt ka kogu \u00f5ppijatega seotud info.<\/li>\n<li>Vajadusel saab \u00f5ppej\u00f5ud \u00f5ppija kursuselt eemaldada ka k\u00e4sitsi.<\/li>\n<\/ul>\n<h3 id=\"id-12.Juhised\u00f5ppijale-4.Moodle'iavaleht-Minukodu\">Moodle\u2019i avaleht \u2013 T\u00f6\u00f6laud<\/h3>\n<p>P\u00e4rast Moodle\u2019isse sisenemist n\u00e4ed t\u00f6\u00f6laua \u00fclaosas kursuste otsingut, viimati k\u00fclastatud kursuste nimekirja ja selle all k\u00f5ikide e-kursuste nimekirja, millega sa \u00f5ppijana v\u00f5i muus rollis\u00a0seotud oled.\u00a0Vaikimisi n\u00e4ed sa kursuste nimekirjas k\u00f5iki kursusi, kuid v\u00f5imalik on kuvada kursusi mitmete\u00a0filtrite abil: K\u00f5ik, Hetkel toimuvad, Varasemad, Esilet\u00f5stetud, Peidetud. Kui sa oled seotud rohkem kui 12 kursusega, siis on kursuste nimekirja all olevast rippmen\u00fc\u00fcst v\u00f5imalik valida, kas n\u00e4idatakse 12, 24, 48, 96 v\u00f5i k\u00f5iki kursusi.<\/p>\n<h3>Kursuste esilet\u00f5stmine<\/h3>\n<h5>Kursuste nimekirjas olevaid kursusi on v\u00f5imalik esilet\u00f5stmiseks t\u00e4rniga t\u00e4histada.<\/h5>\n<p>Kursuste nimekirjas olevaid kursusi on v\u00f5imalik\u00a0<strong>esilet\u00f5stmiseks t\u00e4rniga t\u00e4histada<\/strong>.\u00a0Kursuse t\u00e4rniga t\u00e4histamiseks kl\u00f5psake kursuse nime j\u00e4rel oleval kolmel t\u00e4pil ja valige\u00a0<em>T\u00f5sta kursus esile<\/em>. Esilet\u00f5stmise eemaldamiseks kl\u00f5psake kursuse nime taga kolmel t\u00e4rnil ja valige\u00a0<em>Eemalda esilet\u00f5stmine.<\/em><\/p>\n<h3>Kursuse peitmine vaatest<\/h3>\n<p>Kui sinu kursuste nimekirjas on vanu l\u00e4bitud kursusi ja sa ei soovi, et neid su kursuste nimekirjas kuvatakse, siis on hea kasutada kursuste vaatest peitmise v\u00f5imalust.<\/p>\n<p>Kursuse peitmiseks vaatest kl\u00f5psa kursuse nime j\u00e4rel oleval kolmel t\u00e4pil ja vali <em>Peida vaatest<\/em>. Peidetud kursusi saad n\u00e4ha filtri <em>Peidetud<\/em> abil. Kursuse n\u00e4htavaks tegemiseks kl\u00f5psa kolmel t\u00e4pil ja vali k\u00e4sk <em>N\u00e4ita seda kursust<\/em>.<\/p>\n<p>T\u00f6\u00f6laual olevaid plokke v\u00f5id soovi korral peita, kustutada v\u00f5i \u00fcmber paigutada. Selleks tuleb l\u00fclitada t\u00f6\u00f6laud muutmisre\u017eiimi (nupp\u00a0<em>Luba muutmine<\/em>), teha muudatused ning salvestada need (nupp <em>Salvesta muudatused<\/em>).<\/p>\n<h3>Ajajoon t\u00f6\u00f6laual<\/h3>\n<p>Moodle\u2019i t\u00f6\u00f6laua paremas veerus on ajajoone plokk, kus kuvatakse sinu e-kursuste tegevuste t\u00e4htajad, mille \u00f5ppej\u00f5ud on tegevuse seadetes m\u00e4\u00e4ranud ning sul on v\u00f5imalik tegevuse nimel kl\u00f5psates kohe vastava tegevuse juurde j\u00f5uda. Ajajoone plokis saad sa ise m\u00e4\u00e4rata, mitut elementi seal kuvatakse (N\u00e4ita 5, 10 v\u00f5i 25).<\/p>\n<p>Ajajoone plokis saad tegevusi sorteerida nende\u00a0t\u00e4htaja v\u00f5i kursuste j\u00e4rgi ning filtreerida\u00a0t\u00e4htaja j\u00e4rgi.<\/p>\n<h3 id=\"id-12.Juhised\u00f5ppijale-5.Endakasutajaandmete(s.h.nime)muutmine\">Enda kasutajaandmete (s.h. e-posti aadressi) ja eelistuste muutmine<\/h3>\n<h5>Kui on muutunud su ees ja\/v\u00f5i perekonnanimi, p\u00f6\u00f6rdu esmalt dekanaati.<\/h5>\n<p>Moodle\u2019is on sinu kasutajakonto seotud sinu ut.ee e-posti aadressiga.<\/p>\n<p>P\u00e4rast Moodle\u2019isse sisenemist saad muuta osasid enda kasutajaandmeid. Sa ei saa Moodle\u2019is muuta oma nime.\u00a0Kui \u00d5ISis on nimi muudetud ja see ei muutu automaatselt Moodle\u2019is, siis saada nime muutmise palve aadressile\u00a0<a class=\"external-link\" href=\"mailto:eope@ut.ee\" target=\"_blank\" rel=\"nofollow noopener\" data-ext-link-init=\"true\">eope@ut.ee<\/a>.<\/p>\n<p>Oluline, et kasutajaandmetes olev e-posti aadress oleks \u00f5ige, kuna sellele saadetakse k\u00f5ik Moodle\u2019iga seotud teavitused ja postitused.<\/p>\n<p><strong>Sinu Moodle\u2019i kontole kantakse \u00d5ISist \u00fcle sinu ut.ee e-posti aadress ning seda ei saa ise Moodle\u2019is muuta.\u00a0<\/strong>Moodle\u2019i foorumipostituste edastused ning teavitused saadetakse seega sinu ut.ee e-posti aadressile.<\/p>\n<p><img loading=\"lazy\" decoding=\"async\" width=\"504\" height=\"816\" class=\"alignnone wp-image-41\" style=\"width: 250px; height: 405px; float: right;\" title=\"screenshot_2023-08-01_at_08.47.35.png\" src=\"https:\/\/sisu.ut.ee\/wp-content\/uploads\/sites\/445\/screenshot_2023-08-01_at_08.47.35.png\" alt=\"Eelistused\" srcset=\"https:\/\/sisu.ut.ee\/wp-content\/uploads\/sites\/445\/screenshot_2023-08-01_at_08.47.35.png 504w, https:\/\/sisu.ut.ee\/wp-content\/uploads\/sites\/445\/screenshot_2023-08-01_at_08.47.35-185x300.png 185w\" sizes=\"auto, (max-width: 504px) 100vw, 504px\">Teine v\u00f5imalus on teha muudatus Moodle\u2019i teavituste eelistuste lehel ning lasta saata foorumipostituste koopiad ja teavitused oma isiklikule e-posti aadressile. Selleks kl\u00f5psa Moodle\u2019is paremal \u00fclemises nurgas kasutajaprofiili men\u00fc\u00fcs\u00a0<em>Eelistused<\/em>, seej\u00e4rel vali\u00a0<em>Teavituste eelistused<\/em>, kl\u00f5psa\u00a0lingil\u00a0<em>Teavitus e-kirjana<\/em>\u00a0ning sisesta\u00a0avanevas seadete aknas oma isiklik e-posti aadress ja salvesta\u00a0andmed.<\/p>\n<p>Oma kasutajaprofiili on soovitatav lisada enda pilt.<\/p>\n<p><strong>Oma andmete muutmiseks:<\/strong><\/p>\n<ol>\n<li>kl\u00f5psa ekraani paremas \u00fclanurgas enda nimel\u00a0ja vali sealt\u00a0<em>Profiil<\/em><\/li>\n<li>kl\u00f5psa kasutaja detailide plokis lingil\u00a0<em>Muuda profiili<\/em><\/li>\n<li>sisesta enda kohta tutvustus lahtrisse\u00a0<em>Kirjeldus<\/em><\/li>\n<li>lisa enda foto<\/li>\n<li>lisa soovi korral veel andmeid<\/li>\n<li>kl\u00f5psa nupul\u00a0<em>V\u00e4rskenda kasutaja andmeid<\/em><\/li>\n<\/ol>\n<p><strong>Teavituste eelistuste muutmiseks:<\/strong><\/p>\n<ol>\n<li>kl\u00f5psa ekraani paremas \u00fclanurgas enda nimel\u00a0ja vali sealt\u00a0<em>Eelistused<\/em><\/li>\n<li>kl\u00f5psa kasutajakonto plokis lingil\u00a0<em><em>Teavituste eelistused<\/em><\/em><\/li>\n<\/ol>\n<p>Saad valida, milliseid teateid sulle e-kirjana edastatakse.\u00a0Need valikud pole seotud \u00fchegi konkreetse kursusega, vaid kehtivad \u00fcle kogu Moodle\u2019i keskkonna.<\/p>\n<h3 id=\"id-12.Juhised\u00f5ppijale-Foorumid\">Foorumid<\/h3>\n<h5>Kontrolli, et sinu e-posti aadress Moodle\u2019is oleks \u00f5ige, et saada e-kirjaga Moodle\u2019ist foorumipostitusi, s\u00f5numeid ning meeldetuletusi.<\/h5>\n<p>E-kursusel toimub suhtlemine tavaliselt foorumite kaudu \u2013 suhtlemiseks, murede ja k\u00fcsimuste ning kodut\u00f6\u00f6de jaoks on kursusel erinevad foorumid. \u00d5ppej\u00f5ud otsustab, milleks ja milliseid foorumeid ta oma e-kursusel kasutab. \u00d5ppej\u00f5ud m\u00e4\u00e4rab ka selle, kas postitusi n\u00e4evad k\u00f5ik \u00f5ppijad v\u00f5i ainult r\u00fchmaliikmed v\u00f5i need, kes on ise enda postituse sinna foorumisse juba teinud, mitu v\u00f5i kui pikka postitust saab \u00f5ppija foorumisse saata.<\/p>\n<p>Foorumisse\u00a0<em>Teated \u00f5ppijatele (uudistefoorum)<\/em>\u00a0saadavad \u00f5ppej\u00f5ud olulisi s\u00f5numeid. Selles foorumis saavad \u00f5ppijad vaid \u00f5ppej\u00f5u postitusele vastata.<\/p>\n<p>Kui j\u00e4\u00e4d kursusel h\u00e4tta (ei saa aru, mida tuleb teha, ei oska, ei j\u00f5ua vm), kirjuta foorumisse esimesel v\u00f5imalusel, sest ainult nii saab sind aidata.\u00a0Nii saavad ka teised \u00f5ppijad sarnaste probleemide puhul abi.<\/p>\n<p>Ise\u00a0<strong>foorumisse kirjutamiseks<\/strong>\u00a0kl\u00f5psa foorumi nimel \u2013 avaneb vastav foorum. Kl\u00f5psa nupul\u00a0<em>Lisa uus aruteluteema<\/em>. Sisesta kirja <em>teema\u00a0<\/em>ning\u00a0<em>s\u00f5num<\/em>\u00a0suurde aknasse. Faili lisamiseks (<em>Manus<\/em>) kliki nupul\u00a0<em>Lisa<\/em>, otsi soovitud fail v\u00f5i lohista see lihtsalt manuse aknasse. Kirja saatmiseks kl\u00f5psa nupul\u00a0<em>Postita foorumisse<\/em>.<\/p>\n<p>\u00d5ppej\u00f5ud m\u00e4\u00e4rab, kas liitumine foorumiga on valikuline, sunnitud, automaatne v\u00f5i pole v\u00f5imalik.\u00a0Kui oled foorumiga liitunud, saadetaksegi sulle foorumipostituste koopiad e-kirjaga. Valikulise liitumise puhul saad ise foorumis m\u00e4\u00e4rata, kas liituda v\u00f5i mitte. Automaatse liitumise puhul liitud alati, kui oled foorumisse m\u00f5ne kirja postitanud.<\/p>\n<p>Kui soovid, et foorumisse saadetud <strong>postitused saadetaks sulle edasi tavalise e-kirjaga<\/strong> v\u00e4lisesse e-postkasti,\u00a0<b>pead esmalt ise selle foorumiga liituma<\/b>. Foorumiga liitumiseks ava foorum ja kl\u00f5psa selle pealkirja v\u00f5i kirjelduse all nuppu\u00a0<em>Liitu selle foorumiga<\/em>.\u00a0 Kui sa oled foorumiga liitunud, siis on v\u00f5imalik koopiate saatmist e-kirjaga foorumipostituste l\u00f5imede kaupa t\u00fchistada v\u00f5i vastupidi \u2013 kui sa ei ole foorumiga liitunud, siis on v\u00f5imalik l\u00f5imede kaupa postituste koopiaid e-postile tellida, kl\u00f5psates sisse <em>Telli <\/em>veerus oleva nupu.<\/p>\n<p><strong>Kui sa ei soovi <\/strong>\u00fchestki foorumist \u00fchtegi postituse koopiat oma e-postkasti saada, tuleks foorumipostituste teavitus e-kirjaga t\u00fchistada (<em>Enda nimi \u2013 Eelistused\u00a0<em>\u2013 \u00a0S\u00f5numivahetus<\/em><\/em><em>).<\/em>\u00a0Kui soovid loobuda vaid konkreetse e-kursuse konkreetse foorumi postituste koopiatest ja \u00f5ppej\u00f5ud on vastava foorumi seadetes nii lubanud, pead t\u00fchistama konkreetse foorumiga liitumise\u00a0(kl\u00f5psa foorumi nimel \u2013 vasakus servas seadistuste plokis link <em>T\u00fchista liitumine selle foorumiga<\/em>).<\/p>\n<p>Foorumipostitusi saad foorumis enda jaoks t\u00e4rniga esile t\u00f5sta.<\/p>\n<h3 id=\"id-12.Juhised\u00f5ppijale-S\u00f5numid\">S\u00f5numid<\/h3>\n<h5>\u00d5ppej\u00f5uga suhtlemiseks eelista alati e-kursuse foorumit, mitte s\u00f5numeid.<\/h5>\n<p>S\u00f5numid on m\u00f5eldud privaatsete teadete vahetamiseks ja neid on v\u00f5imalik saata nendele kaas\u00f5ppijatele, kes osalevad Moodle\u2019is sinuga samal kursusel.\u00a0S\u00f5numite ploki saad avada sinisest \u00fclamen\u00fc\u00fcst jutumullist.<\/p>\n<p style=\"text-align: center;\"><img loading=\"lazy\" decoding=\"async\" width=\"932\" height=\"98\" class=\"alignnone wp-image-42\" style=\"width: 400px; height: 42px;\" title=\"screenshot_2023-08-23_at_09.41.30.png\" src=\"https:\/\/sisu.ut.ee\/wp-content\/uploads\/sites\/445\/screenshot_2023-08-23_at_09.41.30.png\" alt=\"S\u00f5num\" srcset=\"https:\/\/sisu.ut.ee\/wp-content\/uploads\/sites\/445\/screenshot_2023-08-23_at_09.41.30.png 932w, https:\/\/sisu.ut.ee\/wp-content\/uploads\/sites\/445\/screenshot_2023-08-23_at_09.41.30-300x32.png 300w, https:\/\/sisu.ut.ee\/wp-content\/uploads\/sites\/445\/screenshot_2023-08-23_at_09.41.30-768x81.png 768w\" sizes=\"auto, (max-width: 932px) 100vw, 932px\"><\/p>\n<p><strong>S\u00f5numi saatmiseks<\/strong>\u00a0kl\u00f5psa e-kursusel suvalises kohas inimese nimel v\u00f5i profiilipildil ning avaneval lehel lingil\u00a0<em>Saada s\u00f5num<\/em>.<\/p>\n<p>Sulle\u00a0<strong>saadetud s\u00f5numite avamiseks<\/strong>\u00a0kliki jutumullil v\u00f5i s\u00f5numite arvul. Siis n\u00e4ed sulle saadetud s\u00f5numit ja saad sellele ka kohe vastata.<\/p>\n<p><img loading=\"lazy\" decoding=\"async\" width=\"620\" height=\"474\" class=\"alignnone wp-image-43\" style=\"width: 250px; height: 191px; float: right;\" title=\"screenshot_2023-08-23_at_09.45.58.png\" src=\"https:\/\/sisu.ut.ee\/wp-content\/uploads\/sites\/445\/screenshot_2023-08-23_at_09.45.58.png\" alt=\"S\u00f5num\" srcset=\"https:\/\/sisu.ut.ee\/wp-content\/uploads\/sites\/445\/screenshot_2023-08-23_at_09.45.58.png 620w, https:\/\/sisu.ut.ee\/wp-content\/uploads\/sites\/445\/screenshot_2023-08-23_at_09.45.58-300x229.png 300w\" sizes=\"auto, (max-width: 620px) 100vw, 620px\">Kasutaja saab talle saadetud\u00a0<strong>s\u00f5numeid sorteerida ning ka otsida<\/strong>.\u00a0Kl\u00f5psates nupule\u00a0<em>Otsi<\/em>, saad nime j\u00e4rgi leida inimese, kellele soovid s\u00f5numit saata. S\u00f5numi saatmiseks kl\u00f5psa inimese nimel ja seej\u00e4rel kirjuta oma s\u00f5num avanevasse tekstilahtrisse ja kl\u00f5psa\u00a0<em>Saada s\u00f5num.<\/em><\/p>\n<p>Nime j\u00e4rel olevate kolme punktiga nupul kl\u00f5psates saad\u00a0<strong>lisada inimese oma kontaktide nimekirja<\/strong>, blokeerida v\u00f5i vaadata s\u00f5numeid, mida oled temaga juba vahetanud.<\/p>\n<p>Kord juba kontaktide nimekirja lisatud inimesele s\u00f5numi saatmiseks ei tule teda enam uuesti otsida, vaid saad kohe s\u00f5numi saata, kl\u00f5psates tema nimel.<\/p>\n<p>Oma s\u00f5numite \u00fcldseadete m\u00e4\u00e4ramine toimub ekraani paremast \u00fclanurgast\u00a0<em>Enda nimi \u2013 Eelistused\u00a0<em>\u2013 \u00a0S\u00f5numieelistused<\/em><\/em>. Sealt saad m\u00e4\u00e4rata, kuidas toimub s\u00f5numite edastamine.<\/p>\n<h3 id=\"id-12.Juhised\u00f5ppijale-Meeldetuletused\">Meeldetuletused<\/h3>\n<p>Moodle saadab kursuse \u00f5ppijatele meeldetuletusi \u00f5ppej\u00f5u poolt ajaliselt seadistatud tegevuste (testid, \u00fclesanded jm) t\u00e4htaegade (avanemine ja sulgumine) kohta\u00a0\u2013\u00a0<strong>24 tundi enne t\u00e4htaja saabumist<\/strong>.\u00a0Iga kasutaja saab ise enda s\u00f5numivahetuse lehel m\u00e4\u00e4rata\u00a0(<em>Enda nimi \u2013 Eelistused\u00a0<em>\u2013 \u00a0Teavituste eelistused<\/em><\/em><em>)<\/em>, kas ja millises vormis ta neid meeldetuletusi saada soovib. Need seaded kehtivad \u00fcle terve Moodle\u2019i, mitte ainult konkreetsel kursusel.<\/p>\n<h3>Kalender<\/h3>\n<p>Moodle\u2019i kalendris kuvatakse \u00f5pikeskkonna, kategooria, kursuste, r\u00fchmade ja kasutaja s\u00fcndmusi ning samuti \u00fclesannete, testide jm tegevuste t\u00e4htaegu. Erineval tasemel sissekanded on erinevate v\u00e4rvidega t\u00e4histatud ning kalendrisissekandeid on v\u00f5imalik tasemete kaupa peita ja uuesti n\u00e4htavaks muuta. Kui kalender paikneb t\u00f6\u00f6laual, siis kuvatakse seal k\u00f5ikide kursuste s\u00fcndmused ja t\u00e4htajad. Kui kalender paikneb teatud kursusel, siis kuvatakse seal vaid vastava kursuse s\u00fcndmused ja t\u00e4htajad.<\/p>\n<p>Sa saad ka ise kalendrisse enda jaoks sissekandeid teha.<\/p>\n<p><span data-teams=\"true\">Kalendri sissekanded imporditakse automaatselt \u00d5ISi kalendrisse ning neid saab eksportida .ics formaadis ja importida ka teistesse kalendri rakendustesse (Google\u2019i ning Outlooki kalender).<\/span><\/p>\n<h3>Testid<\/h3>\n<p>Testid v\u00f5ivad olla e-kursusel enesekontrolliks v\u00f5i ka teadmiste hindamiseks. Enesekontrolliteste saab reeglina sooritada mitu korda v\u00f5i piiramatult ja \u00f5pijuhises on kirjas, kas ja mil moel nende tulemusi arvestatakse. Hinnatavad testid avanevad tavaliselt konkreetsetel kuup\u00e4evadel ja kellaaegadel kindlaks ajaks. Sel juhul peate veenduma, et j\u00f5uate testi viimasel lehel k\u00f5ik oma vastused salvestada ja esitada enne, kui testi sooritamiseks m\u00e4\u00e4ratud aeg (nt 30 minutit) ja testi sulgumise aeg m\u00f6\u00f6duvad.<\/p>\n<h3>Kodut\u00f6\u00f6de esitamine<\/h3>\n<p>Kodut\u00f6\u00f6de esitamiseks on e-kursusel mitmeid v\u00f5imalusi, millest \u00f5ppej\u00f5ud valib ja seadistab k\u00f5ige sobivamad. Enamasti saab kodut\u00f6id esitada \u00fche v\u00f5i mitme failina v\u00f5i veebitekstina. Failina esitades salvesta t\u00f6\u00f6 enne pdf-formaati ja kontrolli, et sel oleks kindlasti sinu nimi, aasta ja soovitavalt \u00f5ppeaine nimetus. Veebiteksti puhul saad enda vastuse kirjutada otse Moodle\u2019i tekstitoimetisse. Pikemate tekstide puhul on soovitatav t\u00f6\u00f6 esmalt enda arvutis valmis kirjutada ja siis e-kursusel veebiteksti tekstitoimetisse kopeerida. Siis on kindlam, et interneti\u00fchenduse katkemisel mahukas t\u00f6\u00f6 kaduma ei l\u00e4he.<\/p>\n<p>Tekstitoimetistes on nupud audio ja video salvestamiseks. Salvestamiseks peab sul olema veebikaamera ja mikrofon ning k\u00f5rvaklapid\/k\u00f5larid. Salvestada saad kuni 2-minutilisi klippe.<\/p>\n<p>Enamasti on kodut\u00f6\u00f6de esitamisel kindlad t\u00e4htajad. J\u00e4rgi t\u00e4pselt \u00f5pijuhiseid ja \u00e4ra j\u00e4ta t\u00f6\u00f6de esitamist viimasele hetkele! V\u00f5ib olla seadistatud, et kodut\u00f6\u00f6 esitamise vahend lukustub t\u00e4htaja m\u00f6\u00f6dudes automaatselt.<\/p>\n<p>P\u00e4rast kursuse l\u00f5ppu pole \u00f5ppej\u00f5ul kohustust \u00f5ppijate esitatud t\u00f6id s\u00e4ilitada. Vajadusel salvestage ise enda t\u00f6\u00f6d ja saadud tagasiside.<\/p>\n<h3 id=\"id-12.Juhised\u00f5ppijale-7.Hinded\">Hinded<\/h3>\n<p>Kui kodut\u00f6\u00f6de esitamine ja hindamine on \u00f5ppej\u00f5ul korraldatud e-kursusel, n\u00e4ed enda hindeid seadistuste plokis lingist <em>Hinded<\/em>. S\u00f5ltuvalt kursusest v\u00f5ivad hindetabelis olla punktid, s\u00f5nalised, t\u00e4helised v\u00f5i numbrilised hinded. Hindetabelis n\u00e4ed ka \u00fclesannetele antud tagasisidet. Foorumisse postitatud kodut\u00f6id kommenteerib \u00f5ppej\u00f5ud tavaliselt samas foorumis. Hinded ilmuvad hindetabelisse automaatselt (nt osade testide puhul) v\u00f5i p\u00e4rast seda, kui \u00f5ppej\u00f5ud on ise hinded sisestanud ja \u00f5ppijatele avalikustanud. Iga \u00f5ppija n\u00e4eb e-kursusel vaid enda hindeid. P\u00e4rast \u00d5ISis protokolli tegemist t\u00fchjendab \u00f5ppej\u00f5ud\u00a0e-kursuse k\u00f5igist \u00f5ppijatest ja nende andmetest, sh hinnetest. \u00d5ppej\u00f5ul pole kohustust p\u00e4rast e-kursuse l\u00f5ppu \u00f5ppijate infot (esitatud t\u00f6id, punkte, hindeid) s\u00e4ilitada.<\/p>\n<h3>Edenemise skaala<\/h3>\n<p>Kursuse avalehe \u00fches servas v\u00f5ib olla edenemise skaala (kui \u00f5ppej\u00f5ud on selle seadistanud). Seal n\u00e4ed v\u00e4rvilist \u00fclevaadet sellest, milliseid tegevusi oled sooritanud. Ideaalis v\u00f5iks kursuse l\u00f5puks olla selles plokis k\u00f5ik roheline. Kui edenemise skaala plokki pole, v\u00f5ib kursuse avalehel \u00f5ppematerjalide ja tegevuste (foorumid, testid, \u00fclesanded jm) paremas servas olla m\u00e4rkeruut, mis m\u00f5nel juhul m\u00e4rgitakse linnukesega \u00e4ra automaatselt (katkendlik piirjoon), kui see tegevus on vaadatud\/esitatud\/hinnatud v\u00f5i saate selle ise linnukesega \u00e4ra m\u00e4rkida (pidev piirjoon). Ideaalis on kursuse l\u00f5puks v\u00f5i etten\u00e4htud kuup\u00e4evaks k\u00f5ik m\u00e4rkeruudud linnukestega t\u00e4histatud.<\/p>\n<h3>Osalemiste m\u00e4rkimine<\/h3>\n<p><img loading=\"lazy\" decoding=\"async\" width=\"300\" height=\"300\" class=\"alignnone wp-image-40\" style=\"width: 200px; height: 200px; float: right;\" title=\"ut.png\" src=\"https:\/\/sisu.ut.ee\/wp-content\/uploads\/sites\/445\/ut.png\" alt=\"QR\" srcset=\"https:\/\/sisu.ut.ee\/wp-content\/uploads\/sites\/445\/ut.png 300w, https:\/\/sisu.ut.ee\/wp-content\/uploads\/sites\/445\/ut-150x150.png 150w\" sizes=\"auto, (max-width: 300px) 100vw, 300px\">Loengutes, seminarides ja praktikumides osalemise \u00fcle v\u00f5idakse pidada arvestust. Osalemisi v\u00f5ib sisse m\u00e4rkida \u00f5ppej\u00f5ud v\u00f5i palutakse seda teha \u00f5ppijail endil.<\/p>\n<p>Selleks\u00a0sisene esmalt loengu\/seminari alguses enda telefonis Moodle\u2019isse\u00a0(logi sisse). Kui registreerumine toimub QR-koodiga, n\u00e4itab \u00f5ppej\u00f5ud suurel ekraanil v\u00f5i paberil vastava loengu\/seminari\u00a0QR-koodi, mille sinu nutitelefon tuvastab ja vastavale lehele suunab.\u00a0M\u00e4rgi ennast sel lehel osalejaks. Tehniliste probleemide korral palu ennast KOHE \u00f5ppej\u00f5ul k\u00e4sitsi osalejaks m\u00e4rkida.<\/p>\n<p>Enda telefonis QR-koodi toimimise\u00a0testimiseks<b>\u00a0<\/b>kasuta k\u00f5rvalolevat QR-koodi, mis peaks viima sind Tartu \u00dclikooli avalehele. Kui sinu telefon ei suuda QR-koodi lugeda, peaksid paigaldama enda telefoni vastava \u00e4pi.<\/p>\n<p><strong>J\u00e4lgi, et sisened Moodle\u2019isse nutitelefoni vaikimisi avaneva veebilehitseja kaudu, sest just sellesse suunab sind QR-kood.<\/strong><\/p>\n<p>Registreerumine v\u00f5ib toimuda ka ilma QR-koodita ja sel juhul pead sisenema Moodle\u2019isse, minema \u00f5igele e-kursusele ja seal osalemiste lehele ning m\u00e4rkima ennast osalejaks.<\/p>\n<h3>Kellelt abi k\u00fcsida?<\/h3>\n<ul>\n<li>Kui oled kasutajatunnuse ja\/v\u00f5i salas\u00f5na unustanud, siis p\u00f6\u00f6rdu arvutiabi kasutajatoe telefonil 737 5500 v\u00f5i e-posti aadressil\u00a0<a class=\"external-link\" href=\"mailto:arvutiabi@ut.ee\" target=\"_blank\" rel=\"nofollow noopener\" data-ext-link-init=\"true\">arvutiabi@ut.ee<\/a>. Parooli saab ka ise vahetada aadressil <a title=\"\" href=\"https:\/\/parool.ut.ee\" target=\"_blank\" rel=\"noopener\" data-url=\"https:\/\/parool.ut.ee\">https:\/\/parool.ut.ee<\/a>.<\/li>\n<li>E-kursusi puudutavate sisuliste k\u00fcsimuste ja hindamisega seoses v\u00f5ta \u00fchendust \u00f5ppej\u00f5ududega.<\/li>\n<li>Moodle\u2019i kasutamisega seotud tehnilised probleemid edasta\u00a0<a class=\"external-link\" href=\"mailto:eope@ut.ee\" target=\"_blank\" rel=\"nofollow noopener\" data-ext-link-init=\"true\">eope@ut.ee<\/a>.<\/li>\n<\/ul>\n","protected":false},"excerpt":{"rendered":"<p>T\u00dc ametlik e-\u00f5ppe keskkond on Moodle, mis\u00a0asub aadressil\u00a0https:\/\/moodle.ut.ee. Enamikul sinu \u00f5ppeainetest on Moodle\u2019i \u00f5pikeskkonnas (https:\/\/moodle.ut.ee) e-kursus. Info selle kohta, kas \u00f5ppeaine on t\u00e4ielikult veebip\u00f5hine (auditoorseid kohtumisi polegi v\u00f5i ei pea neil osalema) v\u00f5i osaliselt (tuleb osaleda ka auditoorsetel kohtumistel), on &#8230;<\/p>\n","protected":false},"author":9,"featured_media":0,"parent":0,"menu_order":0,"comment_status":"closed","ping_status":"closed","template":"","meta":{"_acf_changed":false,"inline_featured_image":false,"footnotes":""},"class_list":["post-4","page","type-page","status-publish","hentry"],"acf":[],"_links":{"self":[{"href":"https:\/\/sisu.ut.ee\/eoppija\/wp-json\/wp\/v2\/pages\/4","targetHints":{"allow":["GET"]}}],"collection":[{"href":"https:\/\/sisu.ut.ee\/eoppija\/wp-json\/wp\/v2\/pages"}],"about":[{"href":"https:\/\/sisu.ut.ee\/eoppija\/wp-json\/wp\/v2\/types\/page"}],"author":[{"embeddable":true,"href":"https:\/\/sisu.ut.ee\/eoppija\/wp-json\/wp\/v2\/users\/9"}],"replies":[{"embeddable":true,"href":"https:\/\/sisu.ut.ee\/eoppija\/wp-json\/wp\/v2\/comments?post=4"}],"version-history":[{"count":4,"href":"https:\/\/sisu.ut.ee\/eoppija\/wp-json\/wp\/v2\/pages\/4\/revisions"}],"predecessor-version":[{"id":524,"href":"https:\/\/sisu.ut.ee\/eoppija\/wp-json\/wp\/v2\/pages\/4\/revisions\/524"}],"wp:attachment":[{"href":"https:\/\/sisu.ut.ee\/eoppija\/wp-json\/wp\/v2\/media?parent=4"}],"curies":[{"name":"wp","href":"https:\/\/api.w.org\/{rel}","templated":true}]}}