{"id":3,"date":"2024-04-04T06:16:45","date_gmt":"2024-04-04T03:16:45","guid":{"rendered":"https:\/\/sisu.ut.ee\/eoppija\/opioskused-e-oppeks\/"},"modified":"2024-04-18T11:57:22","modified_gmt":"2024-04-18T08:57:22","slug":"opioskused-e-oppeks","status":"publish","type":"page","link":"https:\/\/sisu.ut.ee\/eoppija\/opioskused-e-oppeks\/","title":{"rendered":"\u00d5pioskused e-\u00f5ppeks"},"content":{"rendered":"<h5>E-\u00f5pe n\u00f5uab digip\u00e4devust, motivatsiooni, oskust planeerida oma aega, enesedistsipliini ning julget pealehakkamist.<\/h5>\n<p>Vaata, mis on digip\u00e4devus: <a title=\"\" href=\"https:\/\/sisu.ut.ee\/digipadevus\" target=\"_blank\" rel=\"noopener\" data-url=\"https:\/\/sisu.ut.ee\/digipadevus\/%C3%B5piobjektid\">https:\/\/sisu.ut.ee\/digipadevus<\/a><\/p>\n<p>E-\u00f5pe annab sulle v\u00f5imaluse \u00f5ppida paindlikumalt \u2013 sobivas kohas ja ajal. Selleks, et e-\u00f5ppes edukalt toime tulla ning efektiivselt \u00f5ppida, vajad tehnilisi oskusi ning oskust oma aega planeerida, ennast juhtida, vajadusel \u00f5igel ajal \u00f5igest kohast abi k\u00fcsida.<\/p>\n<h3>Tutvumine<\/h3>\n<ul>\n<li>Enne \u00f5ppima asumist tutvu kursuse sisu, eesm\u00e4rkide, \u00fclesehituse, \u00fclesannete, ajakava, kohustuslike n\u00f5uete jm. See info on kirjas \u00d5ISis ainekavas ja\/v\u00f5i e-kursusel kursuse tutvustuses v\u00f5i \u00f5pijuhises. Uuri, kuidas luua kontakt \u00f5ppej\u00f5u ja kaas\u00f5ppijatega.<\/li>\n<li>Tee kindlaks, millised tehnilised vahendid on vajalikud e-kursusel osalemiseks. Kas sul on v\u00f5imalik kasutada arvutit oma t\u00f6\u00f6kohas, raamatukogus, arvutiklassis v\u00f5i kodus? Kas sul on vaja veebikaamerat, mikrofoni, k\u00f5rvaklappe\/k\u00f5lareid? Paljusid asju saab teha ka telefonis v\u00f5i tahvelarvutis. Kas sul on koht, kus segamatult \u00f5ppida, kuid kus on vajadusel elekter ja kiire internet k\u00e4ep\u00e4rast?<\/li>\n<\/ul>\n<h3>Ajaplaneerimine<\/h3>\n<ul>\n<li>Suhtu e-kursusel \u00f5ppimisse t\u00f5siselt. Veebip\u00f5hine \u00f5pikeskkond annab sulle k\u00fcll teatud vabaduse ja paindlikkuse, kuid n\u00f5uab enesedistsipliini, motivatsiooni, kohustuste \u00f5igeaegset t\u00e4itmist ning oskust planeerida oma aega.<\/li>\n<li>K\u00fclasta kursust regulaarselt v\u00e4hemalt vastavalt tunniplaanile v\u00f5i \u00f5pijuhisele. Siis oled kursis t\u00e4htaegade, arutelude ning muu olulise infoga.<\/li>\n<li>M\u00e4rgi kalendrisse t\u00e4htajad, millal pead t\u00e4itma \u00fclesanded, esitama essee, projekti v\u00f5i r\u00fchmat\u00f6\u00f6, sooritama testi v\u00f5i v\u00f5tma \u00fchendust \u00f5ppej\u00f5uga. Arvesta sellega, et kursuse alguses on alati rohkem aega kui kursuse l\u00f5pus. Kui oled juba kord teistest maha j\u00e4\u00e4nud, on raske taas j\u00e4rjele saada v\u00f5i oled lasknud k\u00e4est v\u00f5imaluse kursuse edukalt l\u00f5petada.<\/li>\n<li>\u00c4ra unusta ennast arvuti taha. Digivahendite tervislik kasutamine h\u00f5lmab aega puhkamiseks ning enda liigutamiseks.\u00a0Vaata v\u00f5imlemisharjutusi ja tee kaasa: <a title=\"\" href=\"https:\/\/sisu.ut.ee\/voimlemine\" target=\"_blank\" rel=\"noopener\" data-url=\"https:\/\/sisu.ut.ee\/voimlemine\">https:\/\/sisu.ut.ee\/voimlemine<\/a><\/li>\n<\/ul>\n<h3>Abi k\u00fcsimine<\/h3>\n<ul>\n<li>Kui sul tekivad kursusel osalemisega tehnilised probleemid v\u00f5i sul on k\u00fcsimusi kursuse sisu kohta, p\u00f6\u00f6rdu julgelt \u00f5ppej\u00f5u, tuutori v\u00f5i kaas\u00f5ppijate poole. Kui sa oma probleemidest ei r\u00e4\u00e4gi, ei saa keegi teada, et midagi on valesti. Kannatajaks oled aga sina. Kui kaas\u00f5ppija k\u00fcsib foorumis k\u00fcsimuse, millele sa ise vastata oskad, \u00e4ra j\u00e4\u00e4 ootama, kuni \u00f5ppej\u00f5ud v\u00f5i tuutor k\u00fcsimusele vastab, vaid tee seda ise. Kaaslaste toetus aitab s\u00e4ilitada vajalikku motivatsiooni. \u00d5ppej\u00f5ud ei ole kursusel ainus informatsiooni allikas \u2013 te v\u00f5ite \u00f5ppida ka \u00fcksteiselt.<\/li>\n<li>Kui oled kasutajatunnuse ja\/v\u00f5i salas\u00f5na unustanud, siis p\u00f6\u00f6rdu arvutiabi kasutajatoe telefonil 737 5500 v\u00f5i e-posti aadressil\u00a0<a href=\"mailto:arvutiabi@ut.ee\" target=\"_blank\" rel=\"nofollow noopener\">arvutiabi@ut.ee<\/a>. Parooli saab ka ise vahetada aadressil\u00a0<a title=\"\" href=\"https:\/\/parool.ut.ee\/\" target=\"_blank\" rel=\"noopener\">https:\/\/parool.ut.ee<\/a>.<\/li>\n<li>E-\u00f5ppega seotud tehnilised probleemid edasta\u00a0<a href=\"mailto:eope@ut.ee\" target=\"_blank\" rel=\"nofollow noopener\">eope@ut.ee<\/a>.<\/li>\n<\/ul>\n<h3>Suhtlus<\/h3>\n<ul>\n<li>Ole valmis kirjalikult suhtlema. Suhtlemine toimub e-kursustel suures osas kirjalikult. Seega on oluline, et oskaksid end kirjalikult v\u00e4ljendada. \u00dchtse \u00f5pper\u00fchma kujunemisele aitab kaasa nn seltskondlik vestlus jututoas v\u00f5i spetsiaalselt selle jaoks ette n\u00e4htud foorumis.<\/li>\n<li>Lisaks kirjalikult suhtlemisele v\u00f5ivad e-kursusel toimuda ka audio- v\u00f5i videokonverentsid (seminarid ja praktikumid). Selleks vajadki veebikaamerat, mikrofoni ja k\u00f5rvaklappe ning vaikset ruumi. Kui sa parajasti ei r\u00e4\u00e4gi, vaigista enda mikrofon. Veebikaamera l\u00fclita \u00f5ppej\u00f5u palve peale v\u00e4lja \u2013 siis koormad v\u00e4hem internetti. Kuna veebikaamera vaatev\u00e4li on v\u00e4iksem v\u00f5i on tegu audiokonverentsiga, pead olema t\u00e4helepanelikum ja j\u00e4rgima t\u00e4pselt \u00f5ppej\u00f5u kehtestatud reegleid, et k\u00f5ik saaks s\u00f5na, et ei r\u00e4\u00e4gitaks kordam\u00f6\u00f6da, et j\u00f5utaks soovitud tulemuseni.<\/li>\n<li>Ole oma kaas\u00f5ppijate suhtes viisakas ja lugupidav.<\/li>\n<\/ul>\n<h3>\u00d5ppimine<\/h3>\n<ul>\n<li>Loo endale \u00f5ppimiseks sobiv keskkond, kus pole k\u00f5rvalisi segavaid tegureid: oled \u00fcksi ruumis, vaigista telefon, v\u00e4lju sotsiaalmeediast jms.<\/li>\n<li>Loe kursusel olevaid materjale eesm\u00e4rgip\u00e4raselt, valmistudes lahendama teatud \u00fclesandeid, sooritama teste v\u00f5i osalema r\u00fchmat\u00f6\u00f6s.<\/li>\n<li>Ole valmis koost\u00f6\u00f6ks kaas\u00f5ppijatega r\u00fchmat\u00f6\u00f6de ning projektide tegemisel. \u00c4ra l\u00fckka k\u00f5iki kohustusi r\u00fchmakaaslaste \u00f5lgadele.<\/li>\n<li>Enne \u00f5ppima asumist m\u00f5tle, mida sa sellest teemast juba tead, p\u00fc\u00fca eristada olulist ja ebaolulist ning tee endale selgeks, kuidas \u00fches aines \u00f5pitu seostub mujal \u00f5pitavaga. P\u00fc\u00fca omandatud teadmisi koheselt rakendada oma igap\u00e4evases t\u00f6\u00f6s\/elus ning jaga saadud kogemusi kaas\u00f5ppijatega.<\/li>\n<li>Kui sa esitad kodut\u00f6\u00f6 faili, siis j\u00e4lgi, et seal oleks kindlasti tekstina sees ka sinu nimi ning aasta (enda autorlust tuleb kaitsta), \u00f5ppeaine nimi (et \u00f5ppej\u00f5ud teaks, mille raames t\u00f6\u00f6 on koostatatud) ning fail oleks pdf-formaadis (kerge avada ja raske muuta). <a href=\"https:\/\/sisu.ut.ee\/wp-content\/uploads\/sites\/445\/kodutoo.pdf\" target=\"_blank\" rel=\"noopener\" data-fid=\"54630\">Vaata n\u00e4idet<\/a>.<\/li>\n<li>Arvesta, et arvutiekraanilt tekstide lugemine on aeglasem kui paberilt lugemine, sinu silmad v\u00e4sivad kiiremini ja sa kipud lugema n\u00f6\u00a0diagonaalis. \u00d5ppematerjalides olevate linkide kaudu v\u00f5ib aga hoopis k\u00f5rvale eksida. V\u00f5imalusel reguleeri oma ekraani heledust silmas\u00f5bralikumaks, \u00e4ra \u00f5pi pimedas, tee \u00f5ppimisse pause ning harjutusi (ka silmadele).<\/li>\n<li>Kui videoloengud on pikemad kui 20-30 minutit, vaata neid mitmes osas, et t\u00e4helepanu ei hajuks. Pane video pausile, et seni kuuldu \u00fcle j\u00e4rele m\u00f5elda, konspekteerida v\u00f5i k\u00fcsimused \u00fcles kirjutada. Kui videoloengus on interaktiivsed v\u00f5i suulised \u00fclesanded, tee need kindlasti m\u00f5testatult l\u00e4bi.<\/li>\n<\/ul>\n<h3>Tagasiside andmine<\/h3>\n<ul>\n<li>Anna kursuse \u00f5ppej\u00f5ule konstruktiivset tagasisidet kursuse sisu, struktuuri, \u00fclesannete, ajakava ning \u00f5ppej\u00f5u\/tuutorite tegevuse kohta, et neil oleks v\u00f5imalik kursust edaspidi paremaks muuta.<\/li>\n<\/ul>\n<h3>Vaata lisaks<\/h3>\n<ul>\n<li>\u00d5ppimise hea tava:\u00a0<a title=\"\" href=\"https:\/\/tyye.ut.ee\/oppimise-hea-tava\/\" target=\"_blank\" rel=\"noopener\" data-url=\"https:\/\/tyye.ut.ee\/oppimise-hea-tava\/\">https:\/\/tyye.ut.ee\/oppimise-hea-tava\/<\/a><\/li>\n<\/ul>\n","protected":false},"excerpt":{"rendered":"<p>E-\u00f5pe n\u00f5uab digip\u00e4devust, motivatsiooni, oskust planeerida oma aega, enesedistsipliini ning julget pealehakkamist. Vaata, mis on digip\u00e4devus: https:\/\/sisu.ut.ee\/digipadevus E-\u00f5pe annab sulle v\u00f5imaluse \u00f5ppida paindlikumalt \u2013 sobivas kohas ja ajal. Selleks, et e-\u00f5ppes edukalt toime tulla ning efektiivselt \u00f5ppida, vajad tehnilisi oskusi &#8230;<\/p>\n","protected":false},"author":9,"featured_media":0,"parent":0,"menu_order":0,"comment_status":"closed","ping_status":"closed","template":"","meta":{"_acf_changed":false,"inline_featured_image":false,"footnotes":""},"class_list":["post-3","page","type-page","status-publish","hentry"],"acf":[],"_links":{"self":[{"href":"https:\/\/sisu.ut.ee\/eoppija\/wp-json\/wp\/v2\/pages\/3","targetHints":{"allow":["GET"]}}],"collection":[{"href":"https:\/\/sisu.ut.ee\/eoppija\/wp-json\/wp\/v2\/pages"}],"about":[{"href":"https:\/\/sisu.ut.ee\/eoppija\/wp-json\/wp\/v2\/types\/page"}],"author":[{"embeddable":true,"href":"https:\/\/sisu.ut.ee\/eoppija\/wp-json\/wp\/v2\/users\/9"}],"replies":[{"embeddable":true,"href":"https:\/\/sisu.ut.ee\/eoppija\/wp-json\/wp\/v2\/comments?post=3"}],"version-history":[{"count":2,"href":"https:\/\/sisu.ut.ee\/eoppija\/wp-json\/wp\/v2\/pages\/3\/revisions"}],"predecessor-version":[{"id":323,"href":"https:\/\/sisu.ut.ee\/eoppija\/wp-json\/wp\/v2\/pages\/3\/revisions\/323"}],"wp:attachment":[{"href":"https:\/\/sisu.ut.ee\/eoppija\/wp-json\/wp\/v2\/media?parent=3"}],"curies":[{"name":"wp","href":"https:\/\/api.w.org\/{rel}","templated":true}]}}