{"id":5,"date":"2024-04-03T23:11:06","date_gmt":"2024-04-03T20:11:06","guid":{"rendered":"https:\/\/sisu.ut.ee\/enwebjuhend\/kirjete-salvestamine-ja-endnotewebi-lisamine\/"},"modified":"2026-02-12T12:50:35","modified_gmt":"2026-02-12T10:50:35","slug":"kirjete-salvestamine-ja-endnotewebi-lisamine","status":"publish","type":"page","link":"https:\/\/sisu.ut.ee\/enwebjuhend\/kirjete-salvestamine-ja-endnotewebi-lisamine\/","title":{"rendered":"Kirjete salvestamine ja Endnote Online&#8217;i lisamine"},"content":{"rendered":"<p>Enamikest andmebaasidest tuleb valitud kirjed k\u00f5igepealt arvutisse salvestada ning seej\u00e4rel EndNote\u2019i importida. Sageli toimib siiski ka mugavam v\u00f5imalus kasutada<em> Capture Reference<\/em> nuppu.\u00a0(vt eelmine peat\u00fckk)<br>\nN\u00e4iteks <em>Cambridge Journals Online<\/em> andmebaasis valige kirjed ning seej\u00e4rel vasakult\u00a0<strong>Export citations<\/strong>. Valige formaat (antud n\u00e4ites\u00a0<strong>RIS, <\/strong>mis sobib paljudest andmebaasidest eksportimisel). Sobivad valikud andmebaasides \u00a0on RIS ja Reference Manager. \u00a0Rohkem erinevatest andmebaasidest eksportimise juhiseid leiate End Note\u2019i veebilehelt<a href=\"\/\/www.myendnoteweb.com\/help\/en_us\/ENW\/hsr_importformat.htm\" target=\"_blank\" rel=\"noopener\">\u00a0http:\/\/www.myendnoteweb.com\/help\/en_us\/ENW\/hsr_importformat.htm<\/a><\/p>\n<p>EndNote\u2019is valige sakk <strong>Collect -&gt; Import References<\/strong>. Nupuga <strong>Choose file<\/strong>\u00a0valige arvutist sinna salvestatud fail ning avage. J\u00e4rgmises lahtris <em>Import References <\/em>all<em>\u00a0<\/em>(<strong>Import Option<\/strong>) valige importimiseks filter (antud n\u00e4ite puhul on see <strong><em>RefMan RIS)<\/em><\/strong>. Valige kaust, kuhu kirjed importida ning kl\u00f5psake <strong><em>Import<\/em><\/strong>.<\/p>\n<p><img loading=\"lazy\" decoding=\"async\" width=\"550\" height=\"320\" class=\"alignnone wp-image-13\" title=\"2020-02-07_11_37_32-2020-02-07_11_36_35-endnote.png\" src=\"https:\/\/sisu.ut.ee\/wp-content\/uploads\/sites\/26\/2020-02-07_11_37_32-2020-02-07_11_36_35-endnote.png\" alt=\"g\" srcset=\"https:\/\/sisu.ut.ee\/wp-content\/uploads\/sites\/26\/2020-02-07_11_37_32-2020-02-07_11_36_35-endnote.png 550w, https:\/\/sisu.ut.ee\/wp-content\/uploads\/sites\/26\/2020-02-07_11_37_32-2020-02-07_11_36_35-endnote-300x175.png 300w\" sizes=\"auto, (max-width: 550px) 100vw, 550px\"><\/p>\n<p><em style=\"line-height: 1.6em;\">Kirjete lisamine eelneva salvestamisega.<\/em><\/p>\n<p><strong>Google Scholarist<\/strong> kirjete eksportimiseks End Note\u2019i tuleb enne see v\u00f5imalus otsingutulemustesse lisada.<br>\nGoogle Scholari\u2019s kl\u00f5psake \u00fcleval vasakul kolme triibuga nupul ja valige k\u00f5ige alt\u00a0<strong>Settings<\/strong>, <strong>Bibliography manager<\/strong> all m\u00e4rkige \u00e4ra <strong>Show links to import citations into<\/strong>, valige <strong>End Note<\/strong> ja salvestage see valik.<br>\nN\u00fc\u00fcd kuvatakse otsingutulemustes kirjete all linki <strong>Import into End Note<\/strong>.\u00a0 Kl\u00f5psake sellel\u00a0 ja salvestage fail arvutisse. N\u00fc\u00fcd tuleb see EndNote\u2019i importida. Selleks valige EndNote\u2019is <strong>Collect <\/strong>\u2013 <strong>Import References<\/strong>\u00a0 ja\u00a0 <strong>Import Option<\/strong> all filter <strong>EndNote Import.\u00a0<\/strong><\/p>\n<p>Google Scholarist toimib ka Capture Reference v\u00f5imalus. (vt eelmine peat\u00fckk)<\/p>\n","protected":false},"excerpt":{"rendered":"<p>Enamikest andmebaasidest tuleb valitud kirjed k\u00f5igepealt arvutisse salvestada ning seej\u00e4rel EndNote\u2019i importida. Sageli toimib siiski ka mugavam v\u00f5imalus kasutada Capture Reference nuppu.\u00a0(vt eelmine peat\u00fckk) N\u00e4iteks Cambridge Journals Online andmebaasis valige kirjed ning seej\u00e4rel vasakult\u00a0Export citations. Valige formaat (antud n\u00e4ites\u00a0RIS, mis &#8230;<\/p>\n","protected":false},"author":5,"featured_media":0,"parent":0,"menu_order":0,"comment_status":"closed","ping_status":"closed","template":"","meta":{"_acf_changed":false,"inline_featured_image":false,"footnotes":""},"class_list":["post-5","page","type-page","status-publish","hentry"],"acf":[],"_links":{"self":[{"href":"https:\/\/sisu.ut.ee\/enwebjuhend\/wp-json\/wp\/v2\/pages\/5","targetHints":{"allow":["GET"]}}],"collection":[{"href":"https:\/\/sisu.ut.ee\/enwebjuhend\/wp-json\/wp\/v2\/pages"}],"about":[{"href":"https:\/\/sisu.ut.ee\/enwebjuhend\/wp-json\/wp\/v2\/types\/page"}],"author":[{"embeddable":true,"href":"https:\/\/sisu.ut.ee\/enwebjuhend\/wp-json\/wp\/v2\/users\/5"}],"replies":[{"embeddable":true,"href":"https:\/\/sisu.ut.ee\/enwebjuhend\/wp-json\/wp\/v2\/comments?post=5"}],"version-history":[{"count":3,"href":"https:\/\/sisu.ut.ee\/enwebjuhend\/wp-json\/wp\/v2\/pages\/5\/revisions"}],"predecessor-version":[{"id":81,"href":"https:\/\/sisu.ut.ee\/enwebjuhend\/wp-json\/wp\/v2\/pages\/5\/revisions\/81"}],"wp:attachment":[{"href":"https:\/\/sisu.ut.ee\/enwebjuhend\/wp-json\/wp\/v2\/media?parent=5"}],"curies":[{"name":"wp","href":"https:\/\/api.w.org\/{rel}","templated":true}]}}