{"id":4,"date":"2024-04-04T05:53:38","date_gmt":"2024-04-04T02:53:38","guid":{"rendered":"https:\/\/sisu.ut.ee\/emp422succ\/tutvustus\/"},"modified":"2024-04-04T05:53:58","modified_gmt":"2024-04-04T02:53:58","slug":"tutvustus","status":"publish","type":"page","link":"https:\/\/sisu.ut.ee\/emp422succ\/tutvustus\/","title":{"rendered":"Tutvustus"},"content":{"rendered":"<p>Antud projekti eesm\u00e4rk on v\u00e4lja t\u00f6\u00f6tada kiired ja efektiivsed meetodid mullamikroobide m\u00e4\u00e4ramiseks ja neid rakendada, et tuvastada maakasutuse ja kliimamuutuste m\u00f5ju mulla mikrobioomile, mulla s\u00fcsinikule ja kasvuhoonegaaside emissioonile. Projekti eesm\u00e4rgid on ka hinnata tundra-alade ja p\u00f5llumajandusmaa metsastumise m\u00f5ju kasvuhoonegaasidele ning v\u00e4lja t\u00f6\u00f6tada nii kliima kui ka produktsiooni seisukohalt optimaalsed metsakasvatuse viisid. Projekt annab hea \u00fclevaate kasvuhoonegaaside emissioonidest kliimamuutuste ajal ning pakub v\u00e4lja keskkonnas\u00f5bralikke lahendusi maakasutuse muutumisel, mis on v\u00e4ltimatu seoses linnastumise ja tundra-alade metsastumisega.<\/p>\n","protected":false},"excerpt":{"rendered":"<p>Antud projekti eesm\u00e4rk on v\u00e4lja t\u00f6\u00f6tada kiired ja efektiivsed meetodid mullamikroobide m\u00e4\u00e4ramiseks ja neid rakendada, et tuvastada maakasutuse ja kliimamuutuste m\u00f5ju mulla mikrobioomile, mulla s\u00fcsinikule ja kasvuhoonegaaside emissioonile. Projekti eesm\u00e4rgid on ka hinnata tundra-alade ja p\u00f5llumajandusmaa metsastumise m\u00f5ju kasvuhoonegaasidele ning &#8230;<\/p>\n","protected":false},"author":221,"featured_media":0,"parent":0,"menu_order":0,"comment_status":"closed","ping_status":"closed","template":"","meta":{"_acf_changed":false,"inline_featured_image":false,"footnotes":""},"class_list":["post-4","page","type-page","status-publish","hentry"],"acf":[],"_links":{"self":[{"href":"https:\/\/sisu.ut.ee\/emp422succ\/wp-json\/wp\/v2\/pages\/4","targetHints":{"allow":["GET"]}}],"collection":[{"href":"https:\/\/sisu.ut.ee\/emp422succ\/wp-json\/wp\/v2\/pages"}],"about":[{"href":"https:\/\/sisu.ut.ee\/emp422succ\/wp-json\/wp\/v2\/types\/page"}],"author":[{"embeddable":true,"href":"https:\/\/sisu.ut.ee\/emp422succ\/wp-json\/wp\/v2\/users\/221"}],"replies":[{"embeddable":true,"href":"https:\/\/sisu.ut.ee\/emp422succ\/wp-json\/wp\/v2\/comments?post=4"}],"version-history":[{"count":1,"href":"https:\/\/sisu.ut.ee\/emp422succ\/wp-json\/wp\/v2\/pages\/4\/revisions"}],"predecessor-version":[{"id":39,"href":"https:\/\/sisu.ut.ee\/emp422succ\/wp-json\/wp\/v2\/pages\/4\/revisions\/39"}],"wp:attachment":[{"href":"https:\/\/sisu.ut.ee\/emp422succ\/wp-json\/wp\/v2\/media?parent=4"}],"curies":[{"name":"wp","href":"https:\/\/api.w.org\/{rel}","templated":true}]}}