{"id":6,"date":"2025-09-22T12:36:13","date_gmt":"2025-09-22T09:36:13","guid":{"rendered":"https:\/\/sisu.ut.ee\/embl-eesti\/?page_id=6"},"modified":"2025-10-16T11:39:43","modified_gmt":"2025-10-16T08:39:43","slug":"euroopa-molekulaarbioloogia-laboratoorium-embl","status":"publish","type":"page","link":"https:\/\/sisu.ut.ee\/embl-eesti\/","title":{"rendered":"Euroopa Molekulaarbioloogia Laboratoorium (EMBL)"},"content":{"rendered":"<p><\/p>\n\n\n\n<p>Euroopa Molekulaarbioloogia Laboratoorium on \u00fcks juhtivaid rahvusvahelisi teadusasutusi, mis tegeleb eluteaduste tipptasemel uurimist\u00f6\u00f6ga nii Euroopas kui ka \u00fcle maailma. Organisatsiooni keskne asukoht on Heidelbergis, Saksamaal.<\/p>\n\n\n\n<p>Eesti Vabariik liitus EMBL-iga t\u00e4isliikmena 2023. aastal, avades Eesti teadlastele ligip\u00e4\u00e4su EMBL-i ulatuslikele v\u00f5imalustele ja v\u00f5rgustikele.<\/p>\n\n\n\n<p>EMBL-i uurimiskeskused asuvad mitmes Euroopa riigis, iga\u00fcks spetsialiseerudes kindlale teadusvaldkonnale:<\/p>\n\n\n\n<ul class=\"wp-block-list\">\n<li><strong>EMBL-Barcelona<\/strong> \u2013 kudede bioloogia ja haiguste mudelid<\/li>\n\n\n\n<li><strong>EMBL-Hamburg<\/strong> \u2013 struktuuribioloogia<\/li>\n\n\n\n<li><strong>EMBL-Heidelberg<\/strong> \u2013 peakorter<\/li>\n\n\n\n<li><strong>EMBL-Grenoble<\/strong> \u2013 struktuuribioloogia<\/li>\n\n\n\n<li><strong>EMBL-Rooma<\/strong> \u2013 epigeneetika ja neurobioloogia<\/li>\n\n\n\n<li><strong>EMBL-EBI (Hinxton, \u00dchendkuningriik)<\/strong> \u2013 bioinformaatika (Euroopa Bioinformaatika Instituut)<\/li>\n<\/ul>\n\n\n\n<p>EMBL viib l\u00e4bi k\u00f5rgetasemelist fundamentaalteadust, pakub rahvusvahelist teaduskoolitust ning osutab teenuseid oma tipplaborite ja -rajatiste kaudu.<\/p>\n\n\n\n<p><strong>K\u00e4imasoleva EMBL-Eesti projekti eesm\u00e4rk on luua Eestis tugistruktuur, mis toetab kohalike teadlaste osalemist EMBL-i teadustegevuses ja suurendab nende ligip\u00e4\u00e4su EMBL-i teadus- ja koolitusv\u00f5imalustele.<\/strong><\/p>\n\n\n<section class=\"page-cards-block page-section page-section--wide\">\n    <h2 class=\"visually-hidden\">Lehed<\/h2>\n    <div class=\"container-fluid g-0\">\n      <div class=\"row g-0\">\n                  <div class=\"col-md-4\">\n            <div class=\"page-card d-flex justify-content-center align-items-end w-100 position-relative\" style=\"background-image: url(https:\/\/sisu.ut.ee\/wp-content\/uploads\/sites\/951\/barcelona.jpg);\">\n  <div class=\"page-card__content text-center w-100 p-2 p-lg-4\">\n          <h3 class=\"h4 text-white mb-2\">Barcelona<\/h3>\n        <a href=\"https:\/\/www.embl.org\/sites\/barcelona\/\" class=\"btn btn-outline-light btn-icon\" target=\"_blank\">Loe l\u00e4hemalt<\/a>\n  <\/div>\n<\/div>\n          <\/div>\n                  <div class=\"col-md-4\">\n            <div class=\"page-card d-flex justify-content-center align-items-end w-100 position-relative\" style=\"background-image: url(https:\/\/sisu.ut.ee\/wp-content\/uploads\/sites\/951\/grenoble.jpg);\">\n  <div class=\"page-card__content text-center w-100 p-2 p-lg-4\">\n          <h3 class=\"h4 text-white mb-2\">Grenoble<\/h3>\n        <a href=\"https:\/\/www.embl.org\/sites\/grenoble\/\" class=\"btn btn-outline-light btn-icon\" target=\"_self\">Loe l\u00e4hemalt<\/a>\n  <\/div>\n<\/div>\n          <\/div>\n                  <div class=\"col-md-4\">\n            <div class=\"page-card d-flex justify-content-center align-items-end w-100 position-relative\" style=\"background-image: url(https:\/\/sisu.ut.ee\/wp-content\/uploads\/sites\/951\/hamburg.jpg);\">\n  <div class=\"page-card__content text-center w-100 p-2 p-lg-4\">\n          <h3 class=\"h4 text-white mb-2\">Hamburg<\/h3>\n        <a href=\"https:\/\/www.embl.org\/sites\/hamburg\/\" class=\"btn btn-outline-light btn-icon\" target=\"_self\">Loe l\u00e4hemalt<\/a>\n  <\/div>\n<\/div>\n          <\/div>\n              <\/div>\n    <\/div>\n  <\/section>\n\n\n<section class=\"page-cards-block page-section page-section--wide\">\n    <h2 class=\"visually-hidden\">Lehed<\/h2>\n    <div class=\"container-fluid g-0\">\n      <div class=\"row g-0\">\n                  <div class=\"col-md-4\">\n            <div class=\"page-card d-flex justify-content-center align-items-end w-100 position-relative\" style=\"background-image: url(https:\/\/sisu.ut.ee\/wp-content\/uploads\/sites\/951\/heidelberg-e1758277037926.jpg);\">\n  <div class=\"page-card__content text-center w-100 p-2 p-lg-4\">\n          <h3 class=\"h4 text-white mb-2\">Heidelberg<\/h3>\n        <a href=\"https:\/\/www.embl.org\/sites\/heidelberg\/\" class=\"btn btn-outline-light btn-icon\" target=\"_blank\">Loe l\u00e4hemalt<\/a>\n  <\/div>\n<\/div>\n          <\/div>\n                  <div class=\"col-md-4\">\n            <div class=\"page-card d-flex justify-content-center align-items-end w-100 position-relative\" style=\"background-image: url(https:\/\/sisu.ut.ee\/wp-content\/uploads\/sites\/951\/hinxton.jpg);\">\n  <div class=\"page-card__content text-center w-100 p-2 p-lg-4\">\n          <h3 class=\"h4 text-white mb-2\">Hinxton<\/h3>\n        <a href=\"https:\/\/www.ebi.ac.uk\/\" class=\"btn btn-outline-light btn-icon\" target=\"_blank\">Loe l\u00e4hemalt<\/a>\n  <\/div>\n<\/div>\n          <\/div>\n                  <div class=\"col-md-4\">\n            <div class=\"page-card d-flex justify-content-center align-items-end w-100 position-relative\" style=\"background-image: url(https:\/\/sisu.ut.ee\/wp-content\/uploads\/sites\/951\/rome.jpg);\">\n  <div class=\"page-card__content text-center w-100 p-2 p-lg-4\">\n          <h3 class=\"h4 text-white mb-2\">Rooma<\/h3>\n        <a href=\"https:\/\/www.embl.org\/sites\/rome\/\" class=\"btn btn-outline-light btn-icon\" target=\"_self\">Loe l\u00e4hemalt<\/a>\n  <\/div>\n<\/div>\n          <\/div>\n              <\/div>\n    <\/div>\n  <\/section>\n\n\n\n<p><em>K\u00e4esoleva teadusprojekti l\u00e4biviimisel kasutatakse teadustaristut \u201cEuroopa Molekulaarbioloogia laborotoorium\u201d, mida rahastab Eesti Teadusagentuur (projekt TARISTU24-TK25).<\/em><\/p>\n\n\n\n<div class=\"wp-block-columns are-vertically-aligned-center is-layout-flex wp-container-core-columns-is-layout-9d6595d7 wp-block-columns-is-layout-flex\">\n<div class=\"wp-block-column is-vertically-aligned-center is-layout-flow wp-block-column-is-layout-flow\">\n<figure class=\"wp-block-image aligncenter size-medium is-resized\"><img loading=\"lazy\" decoding=\"async\" width=\"300\" height=\"100\" src=\"https:\/\/sisu.ut.ee\/wp-content\/uploads\/sites\/951\/eestikeelne_kompaktlogo_lk9_0-768x256-1-300x100.png\" alt=\"\" class=\"wp-image-33\" style=\"width:155px;height:auto\" srcset=\"https:\/\/sisu.ut.ee\/wp-content\/uploads\/sites\/951\/eestikeelne_kompaktlogo_lk9_0-768x256-1-300x100.png 300w, https:\/\/sisu.ut.ee\/wp-content\/uploads\/sites\/951\/eestikeelne_kompaktlogo_lk9_0-768x256-1.png 768w\" sizes=\"auto, (max-width: 300px) 100vw, 300px\"><\/figure>\n<\/div>\n\n\n\n<div class=\"wp-block-column is-vertically-aligned-center is-layout-flow wp-block-column-is-layout-flow\">\n<figure class=\"wp-block-image aligncenter size-medium\"><img loading=\"lazy\" decoding=\"async\" width=\"300\" height=\"115\" src=\"https:\/\/sisu.ut.ee\/wp-content\/uploads\/sites\/951\/TLU-logo-pilt-vrv-suur-300x115.jpg\" alt=\"\" class=\"wp-image-34\" srcset=\"https:\/\/sisu.ut.ee\/wp-content\/uploads\/sites\/951\/TLU-logo-pilt-vrv-suur-300x115.jpg 300w, https:\/\/sisu.ut.ee\/wp-content\/uploads\/sites\/951\/TLU-logo-pilt-vrv-suur-768x295.jpg 768w, https:\/\/sisu.ut.ee\/wp-content\/uploads\/sites\/951\/TLU-logo-pilt-vrv-suur.jpg 840w\" sizes=\"auto, (max-width: 300px) 100vw, 300px\"><\/figure>\n<\/div>\n\n\n\n<div class=\"wp-block-column is-vertically-aligned-center is-layout-flow wp-block-column-is-layout-flow\">\n<figure class=\"wp-block-image aligncenter size-large is-resized\"><img loading=\"lazy\" decoding=\"async\" width=\"1024\" height=\"307\" src=\"https:\/\/sisu.ut.ee\/wp-content\/uploads\/sites\/951\/EMY_LOGO_HOR_RGB_EST_ROHELINE-1024x307.gif\" alt=\"\" class=\"wp-image-36\" style=\"width:200px;height:auto\" srcset=\"https:\/\/sisu.ut.ee\/wp-content\/uploads\/sites\/951\/EMY_LOGO_HOR_RGB_EST_ROHELINE-1024x307.gif 1024w, https:\/\/sisu.ut.ee\/wp-content\/uploads\/sites\/951\/EMY_LOGO_HOR_RGB_EST_ROHELINE-300x90.gif 300w, https:\/\/sisu.ut.ee\/wp-content\/uploads\/sites\/951\/EMY_LOGO_HOR_RGB_EST_ROHELINE-768x230.gif 768w, https:\/\/sisu.ut.ee\/wp-content\/uploads\/sites\/951\/EMY_LOGO_HOR_RGB_EST_ROHELINE-1536x460.gif 1536w, https:\/\/sisu.ut.ee\/wp-content\/uploads\/sites\/951\/EMY_LOGO_HOR_RGB_EST_ROHELINE-1920x576.gif 1920w\" sizes=\"auto, (max-width: 1024px) 100vw, 1024px\"><\/figure>\n<\/div>\n\n\n\n<div class=\"wp-block-column is-vertically-aligned-center is-layout-flow wp-block-column-is-layout-flow\">\n<figure class=\"wp-block-image aligncenter size-thumbnail is-resized\"><img loading=\"lazy\" decoding=\"async\" width=\"150\" height=\"150\" src=\"https:\/\/sisu.ut.ee\/wp-content\/uploads\/sites\/951\/Logo_veeb_esitlus_png-150x150.png\" alt=\"\" class=\"wp-image-35\" style=\"width:90px;height:auto\"><\/figure>\n<\/div>\n\n\n\n<div class=\"wp-block-column is-vertically-aligned-center is-layout-flow wp-block-column-is-layout-flow\">\n<figure class=\"wp-block-image aligncenter size-large is-resized\"><img loading=\"lazy\" decoding=\"async\" width=\"1024\" height=\"243\" src=\"https:\/\/sisu.ut.ee\/wp-content\/uploads\/sites\/951\/Logo-taisplokk_eesti-1024x243.jpg\" alt=\"\" class=\"wp-image-94\" style=\"width:214px;height:auto\" srcset=\"https:\/\/sisu.ut.ee\/wp-content\/uploads\/sites\/951\/Logo-taisplokk_eesti-1024x243.jpg 1024w, https:\/\/sisu.ut.ee\/wp-content\/uploads\/sites\/951\/Logo-taisplokk_eesti-300x71.jpg 300w, https:\/\/sisu.ut.ee\/wp-content\/uploads\/sites\/951\/Logo-taisplokk_eesti-768x182.jpg 768w, https:\/\/sisu.ut.ee\/wp-content\/uploads\/sites\/951\/Logo-taisplokk_eesti.jpg 1502w\" sizes=\"auto, (max-width: 1024px) 100vw, 1024px\"><\/figure>\n<\/div>\n<\/div>\n\n\n\n<div class=\"wp-block-columns are-vertically-aligned-center is-layout-flex wp-container-core-columns-is-layout-9d6595d7 wp-block-columns-is-layout-flex\">\n<div class=\"wp-block-column is-vertically-aligned-center is-layout-flow wp-block-column-is-layout-flow\">\n<figure class=\"wp-block-image aligncenter size-large is-resized\"><img loading=\"lazy\" decoding=\"async\" width=\"1024\" height=\"576\" src=\"https:\/\/sisu.ut.ee\/wp-content\/uploads\/sites\/951\/CELVIA-1024x576.png\" alt=\"\" class=\"wp-image-98\" style=\"width:134px;height:auto\" srcset=\"https:\/\/sisu.ut.ee\/wp-content\/uploads\/sites\/951\/CELVIA-1024x576.png 1024w, https:\/\/sisu.ut.ee\/wp-content\/uploads\/sites\/951\/CELVIA-300x169.png 300w, https:\/\/sisu.ut.ee\/wp-content\/uploads\/sites\/951\/CELVIA-768x432.png 768w, https:\/\/sisu.ut.ee\/wp-content\/uploads\/sites\/951\/CELVIA-1536x864.png 1536w, https:\/\/sisu.ut.ee\/wp-content\/uploads\/sites\/951\/CELVIA.png 1920w\" sizes=\"auto, (max-width: 1024px) 100vw, 1024px\"><\/figure>\n<\/div>\n\n\n\n<div class=\"wp-block-column is-vertically-aligned-center is-layout-flow wp-block-column-is-layout-flow\">\n<figure class=\"wp-block-image aligncenter size-large is-resized\"><img loading=\"lazy\" decoding=\"async\" width=\"1024\" height=\"589\" src=\"https:\/\/sisu.ut.ee\/wp-content\/uploads\/sites\/951\/TAI_logo_eesti_k_RGB_0_0-1024x589.jpg\" alt=\"\" class=\"wp-image-95\" style=\"width:186px;height:auto\" srcset=\"https:\/\/sisu.ut.ee\/wp-content\/uploads\/sites\/951\/TAI_logo_eesti_k_RGB_0_0-1024x589.jpg 1024w, https:\/\/sisu.ut.ee\/wp-content\/uploads\/sites\/951\/TAI_logo_eesti_k_RGB_0_0-300x173.jpg 300w, https:\/\/sisu.ut.ee\/wp-content\/uploads\/sites\/951\/TAI_logo_eesti_k_RGB_0_0-768x442.jpg 768w, https:\/\/sisu.ut.ee\/wp-content\/uploads\/sites\/951\/TAI_logo_eesti_k_RGB_0_0.jpg 1484w\" sizes=\"auto, (max-width: 1024px) 100vw, 1024px\"><\/figure>\n<\/div>\n\n\n\n<div class=\"wp-block-column is-vertically-aligned-center is-layout-flow wp-block-column-is-layout-flow\">\n<figure class=\"wp-block-image aligncenter size-large is-resized\"><img decoding=\"async\" src=\"https:\/\/sisu.ut.ee\/wp-content\/uploads\/sites\/951\/Icosagen_logo_RGB.svg\" alt=\"\" class=\"wp-image-96\" style=\"width:162px;height:auto\"><\/figure>\n<\/div>\n\n\n\n<div class=\"wp-block-column is-vertically-aligned-center is-layout-flow wp-block-column-is-layout-flow\">\n<figure class=\"wp-block-image aligncenter size-large is-resized\"><img loading=\"lazy\" decoding=\"async\" width=\"1024\" height=\"774\" src=\"https:\/\/sisu.ut.ee\/wp-content\/uploads\/sites\/951\/TFTAK-logo-black-png-transparent-1024x774.png\" alt=\"\" class=\"wp-image-97\" style=\"width:118px;height:auto\" srcset=\"https:\/\/sisu.ut.ee\/wp-content\/uploads\/sites\/951\/TFTAK-logo-black-png-transparent-1024x774.png 1024w, https:\/\/sisu.ut.ee\/wp-content\/uploads\/sites\/951\/TFTAK-logo-black-png-transparent-300x227.png 300w, https:\/\/sisu.ut.ee\/wp-content\/uploads\/sites\/951\/TFTAK-logo-black-png-transparent-768x581.png 768w, https:\/\/sisu.ut.ee\/wp-content\/uploads\/sites\/951\/TFTAK-logo-black-png-transparent-1536x1161.png 1536w, https:\/\/sisu.ut.ee\/wp-content\/uploads\/sites\/951\/TFTAK-logo-black-png-transparent-2048x1548.png 2048w, https:\/\/sisu.ut.ee\/wp-content\/uploads\/sites\/951\/TFTAK-logo-black-png-transparent-1920x1451.png 1920w\" sizes=\"auto, (max-width: 1024px) 100vw, 1024px\"><\/figure>\n<\/div>\n\n\n\n<div class=\"wp-block-column is-vertically-aligned-center is-layout-flow wp-block-column-is-layout-flow\">\n<figure class=\"wp-block-image aligncenter size-large is-resized\"><img loading=\"lazy\" decoding=\"async\" width=\"1024\" height=\"321\" src=\"https:\/\/sisu.ut.ee\/wp-content\/uploads\/sites\/951\/Eesti-Teadusagentuur-logo-color_RGB-1024x321.webp\" alt=\"\" class=\"wp-image-37\" style=\"width:212px;height:auto\" srcset=\"https:\/\/sisu.ut.ee\/wp-content\/uploads\/sites\/951\/Eesti-Teadusagentuur-logo-color_RGB-1024x321.webp 1024w, https:\/\/sisu.ut.ee\/wp-content\/uploads\/sites\/951\/Eesti-Teadusagentuur-logo-color_RGB-300x94.webp 300w, https:\/\/sisu.ut.ee\/wp-content\/uploads\/sites\/951\/Eesti-Teadusagentuur-logo-color_RGB-768x240.webp 768w, https:\/\/sisu.ut.ee\/wp-content\/uploads\/sites\/951\/Eesti-Teadusagentuur-logo-color_RGB-1536x481.webp 1536w, https:\/\/sisu.ut.ee\/wp-content\/uploads\/sites\/951\/Eesti-Teadusagentuur-logo-color_RGB.webp 1920w\" sizes=\"auto, (max-width: 1024px) 100vw, 1024px\"><\/figure>\n<\/div>\n<\/div>\n\n\n\n<p><\/p>\n","protected":false},"excerpt":{"rendered":"<p>Euroopa Molekulaarbioloogia Laboratoorium on \u00fcks juhtivaid rahvusvahelisi teadusasutusi, mis tegeleb eluteaduste tipptasemel uurimist\u00f6\u00f6ga nii Euroopas kui ka \u00fcle maailma. Organisatsiooni keskne asukoht on Heidelbergis, Saksamaal. Eesti Vabariik liitus EMBL-iga t\u00e4isliikmena 2023. aastal, avades Eesti teadlastele ligip\u00e4\u00e4su EMBL-i ulatuslikele v\u00f5imalustele ja &#8230;<\/p>\n","protected":false},"author":911,"featured_media":42,"parent":0,"menu_order":0,"comment_status":"closed","ping_status":"closed","template":"","meta":{"_acf_changed":false,"inline_featured_image":false,"footnotes":""},"class_list":["post-6","page","type-page","status-publish","has-post-thumbnail","hentry"],"acf":[],"_links":{"self":[{"href":"https:\/\/sisu.ut.ee\/embl-eesti\/wp-json\/wp\/v2\/pages\/6","targetHints":{"allow":["GET"]}}],"collection":[{"href":"https:\/\/sisu.ut.ee\/embl-eesti\/wp-json\/wp\/v2\/pages"}],"about":[{"href":"https:\/\/sisu.ut.ee\/embl-eesti\/wp-json\/wp\/v2\/types\/page"}],"author":[{"embeddable":true,"href":"https:\/\/sisu.ut.ee\/embl-eesti\/wp-json\/wp\/v2\/users\/911"}],"replies":[{"embeddable":true,"href":"https:\/\/sisu.ut.ee\/embl-eesti\/wp-json\/wp\/v2\/comments?post=6"}],"version-history":[{"count":30,"href":"https:\/\/sisu.ut.ee\/embl-eesti\/wp-json\/wp\/v2\/pages\/6\/revisions"}],"predecessor-version":[{"id":354,"href":"https:\/\/sisu.ut.ee\/embl-eesti\/wp-json\/wp\/v2\/pages\/6\/revisions\/354"}],"wp:featuredmedia":[{"embeddable":true,"href":"https:\/\/sisu.ut.ee\/embl-eesti\/wp-json\/wp\/v2\/media\/42"}],"wp:attachment":[{"href":"https:\/\/sisu.ut.ee\/embl-eesti\/wp-json\/wp\/v2\/media?parent=6"}],"curies":[{"name":"wp","href":"https:\/\/api.w.org\/{rel}","templated":true}]}}