{"id":375,"date":"2025-10-17T13:03:13","date_gmt":"2025-10-17T10:03:13","guid":{"rendered":"https:\/\/sisu.ut.ee\/embl-eesti\/?page_id=375"},"modified":"2026-02-10T12:58:31","modified_gmt":"2026-02-10T10:58:31","slug":"eestit-toimuvad-koolitud","status":"publish","type":"page","link":"https:\/\/sisu.ut.ee\/embl-eesti\/eestit-toimuvad-koolitud\/","title":{"rendered":"Eestis toimuvad koolitused"},"content":{"rendered":"<p><\/p>\n\n\n\n<p><strong>\u00a0<u>5.\u20137. mail<\/u>\u00a02026\u00a0toimub <strong><u>Tartus<\/u>\u00a0<\/strong> EMBL\/EMBO koolitus (inglise keeles).<\/strong><\/p>\n\n\n\n<p>Tegemist on 3-p\u00e4evase\u00a0<em>Lab Leadership course<\/em>\u00a0kursusega, mida pakub <em>EMBO Solutions<\/em> ja millest saab osa v\u00f5tta kuni 16 inimest. Koolitus on m\u00f5eldud eelk\u00f5ige oma uurimisgruppi loovatele teadlastele, et arendada erinevaid inimeste ja uurimisgrupi juhtimisega esile kerkida v\u00f5ivaid oskusi.<\/p>\n\n\n\n<p>Koolitust viivad l\u00e4bi kaks koolitajat allolevast nimekirjast: <a href=\"Https:\/\/www.embolableadership.org\/about-us\/\">https:\/\/www.embolableadership.org\/about-us\/<\/a><\/p>\n\n\n\n<p><strong>Koolitusele kandideerimine eeldused:<\/strong><\/p>\n\n\n\n<ul class=\"wp-block-list\">\n<li>doktorikraad ja soovituslikult j\u00e4reldoktorantuur l\u00e4bitud<\/li>\n<\/ul>\n\n\n\n<p><strong>Kandideerimiseks:<\/strong><\/p>\n\n\n\n<ul class=\"wp-block-list\">\n<li>CV (ingliskeelne)<\/li>\n\n\n\n<li>Ingliskeelne motivatsioonikiri (maksimaalselt 1,5 lk)<\/li>\n<\/ul>\n\n\n\n<p><strong>Oma kandideerimisdokumendid palun saada Maikki Moosusele (maikki.moosus@ut.ee) hiljemalt 20.03.2026<\/strong><\/p>\n\n\n\n<figure class=\"wp-block-image size-large\"><img loading=\"lazy\" decoding=\"async\" width=\"709\" height=\"1024\" src=\"https:\/\/sisu.ut.ee\/wp-content\/uploads\/sites\/951\/Lab-Leadership-Tartu--709x1024.png\" alt=\"\" class=\"wp-image-444\" srcset=\"https:\/\/sisu.ut.ee\/wp-content\/uploads\/sites\/951\/Lab-Leadership-Tartu--709x1024.png 709w, https:\/\/sisu.ut.ee\/wp-content\/uploads\/sites\/951\/Lab-Leadership-Tartu--208x300.png 208w, https:\/\/sisu.ut.ee\/wp-content\/uploads\/sites\/951\/Lab-Leadership-Tartu-.png 720w\" sizes=\"auto, (max-width: 709px) 100vw, 709px\"><\/figure>\n","protected":false},"excerpt":{"rendered":"<p>\u00a05.\u20137. mail\u00a02026\u00a0toimub Tartus\u00a0 EMBL\/EMBO koolitus (inglise keeles). Tegemist on 3-p\u00e4evase\u00a0Lab Leadership course\u00a0kursusega, mida pakub EMBO Solutions ja millest saab osa v\u00f5tta kuni 16 inimest. Koolitus on m\u00f5eldud eelk\u00f5ige oma uurimisgruppi loovatele teadlastele, et arendada erinevaid inimeste ja uurimisgrupi juhtimisega esile &#8230;<\/p>\n","protected":false},"author":911,"featured_media":0,"parent":0,"menu_order":0,"comment_status":"closed","ping_status":"closed","template":"","meta":{"_acf_changed":false,"inline_featured_image":false,"footnotes":""},"class_list":["post-375","page","type-page","status-publish","hentry"],"acf":[],"_links":{"self":[{"href":"https:\/\/sisu.ut.ee\/embl-eesti\/wp-json\/wp\/v2\/pages\/375","targetHints":{"allow":["GET"]}}],"collection":[{"href":"https:\/\/sisu.ut.ee\/embl-eesti\/wp-json\/wp\/v2\/pages"}],"about":[{"href":"https:\/\/sisu.ut.ee\/embl-eesti\/wp-json\/wp\/v2\/types\/page"}],"author":[{"embeddable":true,"href":"https:\/\/sisu.ut.ee\/embl-eesti\/wp-json\/wp\/v2\/users\/911"}],"replies":[{"embeddable":true,"href":"https:\/\/sisu.ut.ee\/embl-eesti\/wp-json\/wp\/v2\/comments?post=375"}],"version-history":[{"count":6,"href":"https:\/\/sisu.ut.ee\/embl-eesti\/wp-json\/wp\/v2\/pages\/375\/revisions"}],"predecessor-version":[{"id":446,"href":"https:\/\/sisu.ut.ee\/embl-eesti\/wp-json\/wp\/v2\/pages\/375\/revisions\/446"}],"wp:attachment":[{"href":"https:\/\/sisu.ut.ee\/embl-eesti\/wp-json\/wp\/v2\/media?parent=375"}],"curies":[{"name":"wp","href":"https:\/\/api.w.org\/{rel}","templated":true}]}}