{"id":58,"date":"2024-04-04T05:55:43","date_gmt":"2024-04-04T02:55:43","guid":{"rendered":"https:\/\/sisu.ut.ee\/eluarengmaal\/paljasseemnetaimed\/"},"modified":"2024-04-04T05:56:25","modified_gmt":"2024-04-04T02:56:25","slug":"paljasseemnetaimed","status":"publish","type":"page","link":"https:\/\/sisu.ut.ee\/eluarengmaal\/paljasseemnetaimed\/","title":{"rendered":"Paljasseemnetaimed"},"content":{"rendered":"<p><b>Paljasseemnetaimed<\/b>\u00a0(<i>Pinophyta<\/i>, vana nimetus\u00a0<i>Gymnospermae<\/i>) olid\u00a0<a data-url=\"https:\/\/sisu.ut.ee\/eluarengmaal\/mesosoikum\" href=\"https:\/\/sisu.ut.ee\/eluarengmaal\/mesosoikum\" target=\"_blank\" title=\"\" rel=\"noopener\">Mesosoikumis<\/a>\u00a0ehk Keskaegkonnas valdavateks taimedeks. Paljasseemnetaimedel asetsevad seemnealgmed (hiljem seemned) katmatult seemnesoomustel. Isas- ja emasorganid on enamasti \u00fchesugulistes, kuivades v\u00f5i lihakais lihtk\u00e4bides v\u00f5i urvataolistes liitk\u00e4bides. Paljasseemnetaimed on enamuses tuultolmlejad. T\u00e4nap\u00e4eval on nendest s\u00e4ilinud k\u00f5ige rohkem\u00a0<a data-url=\"https:\/\/sisu.ut.ee\/eluarengmaal\/okaspuud\" href=\"https:\/\/sisu.ut.ee\/eluarengmaal\/okaspuud\" target=\"_blank\" title=\"\" rel=\"noopener\">okaspuid<\/a>, j\u00e4\u00e4nukeina leidub\u00a0<a data-url=\"https:\/\/sisu.ut.ee\/eluarengmaal\/h%C3%B5lmikpuud\" href=\"https:\/\/sisu.ut.ee\/eluarengmaal\/h%C3%B5lmikpuud\" target=\"_blank\" title=\"\" rel=\"noopener\">h\u00f5lmikpuid<\/a>, v\u00e4heseid\u00a0<a data-url=\"https:\/\/sisu.ut.ee\/eluarengmaal\/palmlehikud\" href=\"https:\/\/sisu.ut.ee\/eluarengmaal\/palmlehikud\" target=\"_blank\" title=\"\" rel=\"noopener\">palmlehikuid<\/a>\u00a0ja ebaselget p\u00e4ritolu ebaokaspuid (efedra jt).<br><img decoding=\"async\" border=\"0\" src=\"http:\/\/www.ut.ee\/BGGM\/eluareng\/pinecone.gif\"><\/p>\n","protected":false},"excerpt":{"rendered":"<p>Paljasseemnetaimed\u00a0(Pinophyta, vana nimetus\u00a0Gymnospermae) olid\u00a0Mesosoikumis\u00a0ehk Keskaegkonnas valdavateks taimedeks. Paljasseemnetaimedel asetsevad seemnealgmed (hiljem seemned) katmatult seemnesoomustel. Isas- ja emasorganid on enamasti \u00fchesugulistes, kuivades v\u00f5i lihakais lihtk\u00e4bides v\u00f5i urvataolistes liitk\u00e4bides. Paljasseemnetaimed on enamuses tuultolmlejad. T\u00e4nap\u00e4eval on nendest s\u00e4ilinud k\u00f5ige rohkem\u00a0okaspuid, j\u00e4\u00e4nukeina leidub\u00a0h\u00f5lmikpuid, v\u00e4heseid\u00a0palmlehikuid\u00a0ja &#8230;<\/p>\n","protected":false},"author":226,"featured_media":0,"parent":0,"menu_order":0,"comment_status":"closed","ping_status":"closed","template":"","meta":{"_acf_changed":false,"inline_featured_image":false,"footnotes":""},"class_list":["post-58","page","type-page","status-publish","hentry"],"acf":[],"_links":{"self":[{"href":"https:\/\/sisu.ut.ee\/eluarengmaal\/wp-json\/wp\/v2\/pages\/58","targetHints":{"allow":["GET"]}}],"collection":[{"href":"https:\/\/sisu.ut.ee\/eluarengmaal\/wp-json\/wp\/v2\/pages"}],"about":[{"href":"https:\/\/sisu.ut.ee\/eluarengmaal\/wp-json\/wp\/v2\/types\/page"}],"author":[{"embeddable":true,"href":"https:\/\/sisu.ut.ee\/eluarengmaal\/wp-json\/wp\/v2\/users\/226"}],"replies":[{"embeddable":true,"href":"https:\/\/sisu.ut.ee\/eluarengmaal\/wp-json\/wp\/v2\/comments?post=58"}],"version-history":[{"count":1,"href":"https:\/\/sisu.ut.ee\/eluarengmaal\/wp-json\/wp\/v2\/pages\/58\/revisions"}],"predecessor-version":[{"id":445,"href":"https:\/\/sisu.ut.ee\/eluarengmaal\/wp-json\/wp\/v2\/pages\/58\/revisions\/445"}],"wp:attachment":[{"href":"https:\/\/sisu.ut.ee\/eluarengmaal\/wp-json\/wp\/v2\/media?parent=58"}],"curies":[{"name":"wp","href":"https:\/\/api.w.org\/{rel}","templated":true}]}}