{"id":52,"date":"2024-04-04T05:55:43","date_gmt":"2024-04-04T02:55:43","guid":{"rendered":"https:\/\/sisu.ut.ee\/eluarengmaal\/meriliiliad\/"},"modified":"2024-04-04T05:56:25","modified_gmt":"2024-04-04T02:56:25","slug":"meriliiliad","status":"publish","type":"page","link":"https:\/\/sisu.ut.ee\/eluarengmaal\/meriliiliad\/","title":{"rendered":"Meriliiliad"},"content":{"rendered":"<p>\n\t<font face=\"Arial\"><font style=\"medium;font-style:normal;font-weight:400;letter-spacing:normal;text-align:start;text-indent:0px;text-transform:none\"><b>Meriliiliad<\/b>\u00a0on p\u00e4hikust ehk napast (joonis) ja sellest \u00fclepoole \u00fclatuvatest k\u00e4sihaarmetest koosneva lehvikutaolise kehaga\u00a0<\/font><\/font><a data-url=\"https:\/\/sisu.ut.ee\/eluarengmaal\/okasnahksed\" href=\"https:\/\/sisu.ut.ee\/eluarengmaal\/okasnahksed\" target=\"_blank\" title=\"\" rel=\"noopener\">okasnahksed<\/a><font face=\"Arial\"><font style=\"medium;font-style:normal;font-weight:400;letter-spacing:normal;text-align:start;text-indent:0px;text-transform:none\">. Osadel on ka vars (joonis), millega meriliilia kinnitus p\u00f5hjale, varretud olid v\u00f5imelised ujuma ja roomama. Pikkus koos varrega on kuni 1 meeter, v\u00e4ljasurnud liikidel kuni 2 meetrit. Vanimad meriliiliate kivistised on leitud\u00a0<\/font><\/font><a data-url=\"https:\/\/sisu.ut.ee\/eluarengmaal\/ordoviitsium\" href=\"https:\/\/sisu.ut.ee\/eluarengmaal\/ordoviitsium\" target=\"_blank\" title=\"\" rel=\"noopener\">Alam-Ordoviitsiumist<\/a><font face=\"Arial\"><font style=\"medium;font-style:normal;font-weight:400;letter-spacing:normal;text-align:start;text-indent:0px;text-transform:none\">.<\/font><\/font><br><img loading=\"lazy\" decoding=\"async\" width=\"73\" height=\"120\" class=\"alignnone wp-image-252\" src=\"https:\/\/sisu.ut.ee\/wp-content\/uploads\/sites\/426\/krinoid1a.gif\" title=\"krinoid1a.gif\" alt=\"krinoid\"><br><font face=\"Arial\"><font style=\"medium;font-style:normal;font-weight:400;letter-spacing:normal;text-align:start;text-indent:0px;text-transform:none\">Joonis. Meriliilia rekonstruktsioon<\/font><\/font><br><img loading=\"lazy\" decoding=\"async\" width=\"111\" height=\"120\" class=\"alignnone wp-image-253\" src=\"https:\/\/sisu.ut.ee\/wp-content\/uploads\/sites\/426\/ok_10a.jpg\" title=\"ok_10a.jpg\" alt=\"ok10\"><br><font face=\"Arial\"><font style=\"medium;font-style:normal;font-weight:400;letter-spacing:normal;text-align:start;text-indent:0px;text-transform:none\">Foto 1. Meriliilia, Undva pank, Silur, Jaani lade<\/font><\/font><br><img loading=\"lazy\" decoding=\"async\" width=\"59\" height=\"120\" class=\"alignnone wp-image-254\" src=\"https:\/\/sisu.ut.ee\/wp-content\/uploads\/sites\/426\/ok22a.jpg\" title=\"ok22a.jpg\" alt=\"ok22\"><br><font face=\"Arial\"><font style=\"medium;font-style:normal;font-weight:400;letter-spacing:normal;text-align:start;text-indent:0px;text-transform:none\">Foto 2.\u00a0<i>Calceocrinidae<\/i>\u00a0sp., Ohesaare, Silur, Ohesaare lade<\/font><\/font>\n<\/p>\n<p style=\"text-align:start\">\n\t<br><span><span style=\"color:#000000\"><span><span style=\"font-style:normal\"><span><span><span style=\"font-weight:400\"><span style=\"letter-spacing:normal\"><span><span style=\"text-transform:none\"><span><span><span><span><span>Koostanud ja fotografeerinud \u00a9 2003 Mare Isakar<\/span><\/span><\/span><\/span><\/span><\/span><\/span><\/span><\/span><\/span><\/span><\/span><\/span><\/span><\/span><\/p>\n","protected":false},"excerpt":{"rendered":"<p>Meriliiliad\u00a0on p\u00e4hikust ehk napast (joonis) ja sellest \u00fclepoole \u00fclatuvatest k\u00e4sihaarmetest koosneva lehvikutaolise kehaga\u00a0okasnahksed. Osadel on ka vars (joonis), millega meriliilia kinnitus p\u00f5hjale, varretud olid v\u00f5imelised ujuma ja roomama. Pikkus koos varrega on kuni 1 meeter, v\u00e4ljasurnud liikidel kuni 2 meetrit. &#8230;<\/p>\n","protected":false},"author":226,"featured_media":0,"parent":0,"menu_order":0,"comment_status":"closed","ping_status":"closed","template":"","meta":{"_acf_changed":false,"inline_featured_image":false,"footnotes":""},"class_list":["post-52","page","type-page","status-publish","hentry"],"acf":[],"_links":{"self":[{"href":"https:\/\/sisu.ut.ee\/eluarengmaal\/wp-json\/wp\/v2\/pages\/52","targetHints":{"allow":["GET"]}}],"collection":[{"href":"https:\/\/sisu.ut.ee\/eluarengmaal\/wp-json\/wp\/v2\/pages"}],"about":[{"href":"https:\/\/sisu.ut.ee\/eluarengmaal\/wp-json\/wp\/v2\/types\/page"}],"author":[{"embeddable":true,"href":"https:\/\/sisu.ut.ee\/eluarengmaal\/wp-json\/wp\/v2\/users\/226"}],"replies":[{"embeddable":true,"href":"https:\/\/sisu.ut.ee\/eluarengmaal\/wp-json\/wp\/v2\/comments?post=52"}],"version-history":[{"count":1,"href":"https:\/\/sisu.ut.ee\/eluarengmaal\/wp-json\/wp\/v2\/pages\/52\/revisions"}],"predecessor-version":[{"id":439,"href":"https:\/\/sisu.ut.ee\/eluarengmaal\/wp-json\/wp\/v2\/pages\/52\/revisions\/439"}],"wp:attachment":[{"href":"https:\/\/sisu.ut.ee\/eluarengmaal\/wp-json\/wp\/v2\/media?parent=52"}],"curies":[{"name":"wp","href":"https:\/\/api.w.org\/{rel}","templated":true}]}}