{"id":8,"date":"2024-04-04T07:14:53","date_gmt":"2024-04-04T04:14:53","guid":{"rendered":"https:\/\/sisu.ut.ee\/elm\/elm-sari-jatkub-taas\/"},"modified":"2024-04-04T07:15:09","modified_gmt":"2024-04-04T04:15:09","slug":"elm-sari-jatkub-taas","status":"publish","type":"page","link":"https:\/\/sisu.ut.ee\/elm\/elm-sari-jatkub-taas\/","title":{"rendered":"ELM sari j\u00e4tkub taas!"},"content":{"rendered":"<p>\n\tMeil on hea meel teatada, et p\u00e4rast keerulist koroonaaega j\u00e4tkub taas Eesti Looduse M\u00f5ttekoja (ELM) sari! 5. mail kell 15.30\u00a0esines\u00a0LUSi saalis (Struve 2)\u00a0Ardi Tampuu\u00a0ettekandega oma Tartu \u00dclikooli Arvutiteaduse Instituudis 2020. aasta oktoobris kaitstud doktorit\u00f6\u00f6st\u00a0 \u201c\u201eTehisn\u00e4rviv\u00f5rgud\u00a0bioloogiliste andmete anal\u00fc\u00fcsimiseks\u201c.\u00a0\n<\/p>\n<p>\n\tEttekannet saab j\u00e4rgi vaadata siin:\u00a0\u00a0<a data-auth=\"NotApplicable\" data-linkindex=\"1\" href=\"https:\/\/www.uttv.ee\/naita?id=33165\" rel=\"noopener noreferrer\" target=\"_blank\">https:\/\/www.uttv.ee\/naita?id=33165<\/a><\/p>\n","protected":false},"excerpt":{"rendered":"<p>Meil on hea meel teatada, et p\u00e4rast keerulist koroonaaega j\u00e4tkub taas Eesti Looduse M\u00f5ttekoja (ELM) sari! 5. mail kell 15.30\u00a0esines\u00a0LUSi saalis (Struve 2)\u00a0Ardi Tampuu\u00a0ettekandega oma Tartu \u00dclikooli Arvutiteaduse Instituudis 2020. aasta oktoobris kaitstud doktorit\u00f6\u00f6st\u00a0 \u201c\u201eTehisn\u00e4rviv\u00f5rgud\u00a0bioloogiliste andmete anal\u00fc\u00fcsimiseks\u201c.\u00a0 Ettekannet saab j\u00e4rgi &#8230;<\/p>\n","protected":false},"author":256,"featured_media":0,"parent":0,"menu_order":0,"comment_status":"closed","ping_status":"closed","template":"","meta":{"_acf_changed":false,"inline_featured_image":false,"footnotes":""},"class_list":["post-8","page","type-page","status-publish","hentry"],"acf":[],"_links":{"self":[{"href":"https:\/\/sisu.ut.ee\/elm\/wp-json\/wp\/v2\/pages\/8","targetHints":{"allow":["GET"]}}],"collection":[{"href":"https:\/\/sisu.ut.ee\/elm\/wp-json\/wp\/v2\/pages"}],"about":[{"href":"https:\/\/sisu.ut.ee\/elm\/wp-json\/wp\/v2\/types\/page"}],"author":[{"embeddable":true,"href":"https:\/\/sisu.ut.ee\/elm\/wp-json\/wp\/v2\/users\/256"}],"replies":[{"embeddable":true,"href":"https:\/\/sisu.ut.ee\/elm\/wp-json\/wp\/v2\/comments?post=8"}],"version-history":[{"count":1,"href":"https:\/\/sisu.ut.ee\/elm\/wp-json\/wp\/v2\/pages\/8\/revisions"}],"predecessor-version":[{"id":83,"href":"https:\/\/sisu.ut.ee\/elm\/wp-json\/wp\/v2\/pages\/8\/revisions\/83"}],"wp:attachment":[{"href":"https:\/\/sisu.ut.ee\/elm\/wp-json\/wp\/v2\/media?parent=8"}],"curies":[{"name":"wp","href":"https:\/\/api.w.org\/{rel}","templated":true}]}}