{"id":10,"date":"2024-04-04T07:14:53","date_gmt":"2024-04-04T04:14:53","guid":{"rendered":"https:\/\/sisu.ut.ee\/elm\/ants-tull\/"},"modified":"2024-04-04T07:15:09","modified_gmt":"2024-04-04T04:15:09","slug":"ants-tull","status":"publish","type":"page","link":"https:\/\/sisu.ut.ee\/elm\/ants-tull\/","title":{"rendered":"Ants Tull &#8220;Kodu- ja metsloomadega levivad zoonootilised siseparasiidid Eestis&#8221;"},"content":{"rendered":"<p>\n\t<strong>23. novembril 2022 kell 15:30\u00a0W. Struwe 2, Tartu, Loodusuurijate Seltsi saalis<\/strong><\/p>\n<p>Lemmikloomade ja inimese vaheline side on t\u00e4nap\u00e4eval kujunenud enneolematult sotsiaalseks. Enamik suhtub koertesse-kassidesse nagu pereliikmesse, kellega jagatakse eluruumi ja toitu, paraku jagatakse ka samu patogeene, n\u00e4iteks zoonootilisi siseparasiite, kes levivad ulukitelt (nt punarebane, \u0161aakal, hunt) looduses hulkuvatele lemmikloomadele ja edasi inimesele. \u00a0\n<\/p>\n<p>\n\tK\u00e4esoleva doktorit\u00f6\u00f6 eesm\u00e4rk oli uurida metsloomade ja kasside-koertega levivaid nugilisi maa- ja linnakeskkonnas ning nende peamisi levikuteid m\u00f5jutavaid tegureid. Hinnati, kui suur osa loomadest on nakatunud ning milliseid (zoonootilisi) siseparasiite esineb. Lisaks v\u00f5rreldi linna- ja maakasside ning koerte parasitofaunat, samuti selle kattuvust koertel ja ulukkiskjalistel ning vaadeldi toitumise m\u00f5ju nakkusele.\u00a0\n<\/p>\n<p>\n\tSelgus, et Eestis on nakkusrisk nugilistega madalaim suurlinnades, suurem v\u00e4ikelinnades ning suurim nakkusrisk on maapiirkondades. Leiti, et lemmik- ja metsloomad on suurel m\u00e4\u00e4ral nakatunud zoonootiliste helmintidega (paelussid, solkmed). Maapiirkonna koerad olid \u00fcheksa korda enam nakatunud parasiitidega kui linnakoerad, \u00a0ja neil oli ka suur nugiliste kattuvus ulukkoerlastega, eriti \u0161aakaliga. Varjupaiga kassidest olid nakatunud \u00a050% \u2013 riskir\u00fchmas olid noored ja koduootel kassid, kes olid nakatunud ohtliku kassisolkmega. Erinevate kiskjaliste nakatumisel m\u00e4ngib olulist rolli s\u00f6\u00f6dav toit (n\u00e4rilised, toores ulukiliha).\u00a0\n<\/p>\n<p>\n\tKokkuv\u00f5tvalt selgus, et lemmik- ja metsloomad on zoonootiliste siseparasiitide levitajad ja nakatutakse eelk\u00f5ige \u00a0loodusest p\u00fc\u00fctud toidust v\u00f5i pinnase kaudu, mis on saastunud parasiidi munadega. K\u00f5rge nakkuse t\u00f5ttu on oht, et ulukitelt levivad zoonootilised siseparasiidid koduloomadele, neilt edasi inimesele \u2013 seda ohtu on senini alahinnatud. Seega on m\u00f5istlik parasiteerituse v\u00e4hendamiseks piirata hulkuvate lemmikloomade juurdep\u00e4\u00e4su looduslikele aladele, kuid nakatumise korral m\u00e4\u00e4rata parasiidiliik ja seej\u00e4rel konkreetne ravi.\u00a0\n<\/p>\n<p>\n\t\u00a0<\/p>\n","protected":false},"excerpt":{"rendered":"<p>23. novembril 2022 kell 15:30\u00a0W. Struwe 2, Tartu, Loodusuurijate Seltsi saalis Lemmikloomade ja inimese vaheline side on t\u00e4nap\u00e4eval kujunenud enneolematult sotsiaalseks. Enamik suhtub koertesse-kassidesse nagu pereliikmesse, kellega jagatakse eluruumi ja toitu, paraku jagatakse ka samu patogeene, n\u00e4iteks zoonootilisi siseparasiite, kes &#8230;<\/p>\n","protected":false},"author":256,"featured_media":0,"parent":0,"menu_order":0,"comment_status":"closed","ping_status":"closed","template":"","meta":{"_acf_changed":false,"inline_featured_image":false,"footnotes":""},"class_list":["post-10","page","type-page","status-publish","hentry"],"acf":[],"_links":{"self":[{"href":"https:\/\/sisu.ut.ee\/elm\/wp-json\/wp\/v2\/pages\/10","targetHints":{"allow":["GET"]}}],"collection":[{"href":"https:\/\/sisu.ut.ee\/elm\/wp-json\/wp\/v2\/pages"}],"about":[{"href":"https:\/\/sisu.ut.ee\/elm\/wp-json\/wp\/v2\/types\/page"}],"author":[{"embeddable":true,"href":"https:\/\/sisu.ut.ee\/elm\/wp-json\/wp\/v2\/users\/256"}],"replies":[{"embeddable":true,"href":"https:\/\/sisu.ut.ee\/elm\/wp-json\/wp\/v2\/comments?post=10"}],"version-history":[{"count":1,"href":"https:\/\/sisu.ut.ee\/elm\/wp-json\/wp\/v2\/pages\/10\/revisions"}],"predecessor-version":[{"id":85,"href":"https:\/\/sisu.ut.ee\/elm\/wp-json\/wp\/v2\/pages\/10\/revisions\/85"}],"wp:attachment":[{"href":"https:\/\/sisu.ut.ee\/elm\/wp-json\/wp\/v2\/media?parent=10"}],"curies":[{"name":"wp","href":"https:\/\/api.w.org\/{rel}","templated":true}]}}