{"id":61,"date":"2024-04-04T03:04:48","date_gmt":"2024-04-04T00:04:48","guid":{"rendered":"https:\/\/sisu.ut.ee\/elektroonika\/8-mootorid\/"},"modified":"2024-04-04T03:05:53","modified_gmt":"2024-04-04T00:05:53","slug":"8-mootorid","status":"publish","type":"page","link":"https:\/\/sisu.ut.ee\/elektroonika\/8-mootorid\/","title":{"rendered":"8. Mootorid"},"content":{"rendered":"<p><span>Elektrimootor on elektromehhaaniline seade, mis muundab elektrienergia mehhaaniliseks t\u00f6\u00f6ks. Elektromagnetismi n\u00e4htusel p\u00f5hinevates mootorites tekib liikumapanev j\u00f5ud magnetv\u00e4lja ja vooluga juhtme vahel.<\/span><\/p>\n<p><span id=\"docs-internal-guid-5797e69e-28ae-578c-8996-98ea7452484b\"><span>Elektrimootoreid on v\u00e4ga palju erinevaid t\u00fc\u00fcpe. K\u00f5igepealt jagatakse elektrimootorid kaheks p\u00f5hililiseks t\u00fc\u00fcbiks kasutatava voolu j\u00e4rgi \u2013 alalisvoolumootorid ja vahelduvvoolumootorid. Selles kursuses k\u00e4sitletakse ja v\u00f5rreldakse omavahel ainult alalisvoolumootoreid.<\/span><\/span><\/p>\n","protected":false},"excerpt":{"rendered":"<p>Elektrimootor on elektromehhaaniline seade, mis muundab elektrienergia mehhaaniliseks t\u00f6\u00f6ks. Elektromagnetismi n\u00e4htusel p\u00f5hinevates mootorites tekib liikumapanev j\u00f5ud magnetv\u00e4lja ja vooluga juhtme vahel. Elektrimootoreid on v\u00e4ga palju erinevaid t\u00fc\u00fcpe. K\u00f5igepealt jagatakse elektrimootorid kaheks p\u00f5hililiseks t\u00fc\u00fcbiks kasutatava voolu j\u00e4rgi \u2013 alalisvoolumootorid ja vahelduvvoolumootorid. &#8230;<\/p>\n","protected":false},"author":93,"featured_media":0,"parent":0,"menu_order":0,"comment_status":"closed","ping_status":"closed","template":"","meta":{"_acf_changed":false,"inline_featured_image":false,"footnotes":""},"class_list":["post-61","page","type-page","status-publish","hentry"],"acf":[],"_links":{"self":[{"href":"https:\/\/sisu.ut.ee\/elektroonika\/wp-json\/wp\/v2\/pages\/61","targetHints":{"allow":["GET"]}}],"collection":[{"href":"https:\/\/sisu.ut.ee\/elektroonika\/wp-json\/wp\/v2\/pages"}],"about":[{"href":"https:\/\/sisu.ut.ee\/elektroonika\/wp-json\/wp\/v2\/types\/page"}],"author":[{"embeddable":true,"href":"https:\/\/sisu.ut.ee\/elektroonika\/wp-json\/wp\/v2\/users\/93"}],"replies":[{"embeddable":true,"href":"https:\/\/sisu.ut.ee\/elektroonika\/wp-json\/wp\/v2\/comments?post=61"}],"version-history":[{"count":1,"href":"https:\/\/sisu.ut.ee\/elektroonika\/wp-json\/wp\/v2\/pages\/61\/revisions"}],"predecessor-version":[{"id":203,"href":"https:\/\/sisu.ut.ee\/elektroonika\/wp-json\/wp\/v2\/pages\/61\/revisions\/203"}],"wp:attachment":[{"href":"https:\/\/sisu.ut.ee\/elektroonika\/wp-json\/wp\/v2\/media?parent=61"}],"curies":[{"name":"wp","href":"https:\/\/api.w.org\/{rel}","templated":true}]}}