{"id":57,"date":"2024-04-04T03:04:47","date_gmt":"2024-04-04T00:04:47","guid":{"rendered":"https:\/\/sisu.ut.ee\/elektroonika\/2-takisti\/"},"modified":"2024-04-04T03:05:53","modified_gmt":"2024-04-04T00:05:53","slug":"2-takisti","status":"publish","type":"page","link":"https:\/\/sisu.ut.ee\/elektroonika\/2-takisti\/","title":{"rendered":"2. Takisti"},"content":{"rendered":"<p><span>Takisti on \u00fcks olulisemaid elektroonikakomponente ning seda kasutatakse elektrivoolu v\u00e4hendamiseks. Selles peat\u00fckis \u00f5pime kasutama Ohmi seadust, mis m\u00e4\u00e4rab pinge, voolu ja takistuse omavahelise s\u00f5ltuvuse. \u00d5pime m\u00f5\u00f5tma elektroonikakomponente iseloomustavat pinge-voolu graafikut takisti n\u00e4itel ning takisti takistust multimeetriga. Lisaks arvutame ja m\u00f5\u00f5dame takistite paralleel\u00fchendust, jada\u00fchendust ning jada\u00fchenduse erivarianti pingejaguri n\u00e4ol. V\u00f5imsuse loengus arvutame ja m\u00f5\u00f5dame elektrilist v\u00f5imsust ning vaatame, mis juhtub, kui lubatud v\u00f5imsus \u00fcletada. Takistite v\u00e4rvikoodide loengus \u00f5pime takisti v\u00e4\u00e4rtust m\u00e4\u00e4rama ilma m\u00f5\u00f5tevahendideta, tehes seda takistite peal olevate triipude j\u00e4rgi.<\/span><\/p>\n<p><span>\u00d5ige v\u00e4\u00e4rtuse ja omadustega takisti valimise oskus on vajalik selleks, et n\u00e4iteks korrektselt p\u00f5lema panna valgusdiood v\u00f5i valida m\u00f5nele teisele elektroonikakomponendile temale etten\u00e4htud voolutugevus. Takistite erinevate \u00fchendusviiside tundma \u00f5ppimine annab meile v\u00f5imaluse kombineerida olemasolevaid takisteid selliselt, et saada soovitud kogutakistus ning samuti n\u00e4eme, kuidas erinevate elektroonikakomponentide kokku \u00fchendamine kogutakistust muudab.<\/span>\u00a0<\/p>\n","protected":false},"excerpt":{"rendered":"<p>Takisti on \u00fcks olulisemaid elektroonikakomponente ning seda kasutatakse elektrivoolu v\u00e4hendamiseks. Selles peat\u00fckis \u00f5pime kasutama Ohmi seadust, mis m\u00e4\u00e4rab pinge, voolu ja takistuse omavahelise s\u00f5ltuvuse. \u00d5pime m\u00f5\u00f5tma elektroonikakomponente iseloomustavat pinge-voolu graafikut takisti n\u00e4itel ning takisti takistust multimeetriga. Lisaks arvutame ja m\u00f5\u00f5dame &#8230;<\/p>\n","protected":false},"author":93,"featured_media":0,"parent":0,"menu_order":0,"comment_status":"closed","ping_status":"closed","template":"","meta":{"_acf_changed":false,"inline_featured_image":false,"footnotes":""},"class_list":["post-57","page","type-page","status-publish","hentry"],"acf":[],"_links":{"self":[{"href":"https:\/\/sisu.ut.ee\/elektroonika\/wp-json\/wp\/v2\/pages\/57","targetHints":{"allow":["GET"]}}],"collection":[{"href":"https:\/\/sisu.ut.ee\/elektroonika\/wp-json\/wp\/v2\/pages"}],"about":[{"href":"https:\/\/sisu.ut.ee\/elektroonika\/wp-json\/wp\/v2\/types\/page"}],"author":[{"embeddable":true,"href":"https:\/\/sisu.ut.ee\/elektroonika\/wp-json\/wp\/v2\/users\/93"}],"replies":[{"embeddable":true,"href":"https:\/\/sisu.ut.ee\/elektroonika\/wp-json\/wp\/v2\/comments?post=57"}],"version-history":[{"count":1,"href":"https:\/\/sisu.ut.ee\/elektroonika\/wp-json\/wp\/v2\/pages\/57\/revisions"}],"predecessor-version":[{"id":228,"href":"https:\/\/sisu.ut.ee\/elektroonika\/wp-json\/wp\/v2\/pages\/57\/revisions\/228"}],"wp:attachment":[{"href":"https:\/\/sisu.ut.ee\/elektroonika\/wp-json\/wp\/v2\/media?parent=57"}],"curies":[{"name":"wp","href":"https:\/\/api.w.org\/{rel}","templated":true}]}}