{"id":45,"date":"2024-04-04T03:04:47","date_gmt":"2024-04-04T00:04:47","guid":{"rendered":"https:\/\/sisu.ut.ee\/elektroonika\/soovitused\/"},"modified":"2024-04-04T03:05:53","modified_gmt":"2024-04-04T00:05:53","slug":"soovitused","status":"publish","type":"page","link":"https:\/\/sisu.ut.ee\/elektroonika\/soovitused\/","title":{"rendered":"Soovitused"},"content":{"rendered":"<p>1. Valmistada makettplaadi juhtmed. Komplektis on 8 umbes meetripikkust traadijuppi, need tuleb l\u00f5igata l\u00fchikesteks jupikesteks ja puhastada otsad isolatsioonist. M\u00f5istlik oleks neid valmistada vastavalt vajadusele, pole m\u00f5tet korraga palju valmis teha.\u00a0<\/p>\n<p>Makettplaadi juhtmed peaks v\u00e4lja n\u00e4gema umbes niisugused:<\/p>\n<p><img loading=\"lazy\" decoding=\"async\" src=\"\/wp-content\/uploads\/sites\/189\/traadid1.png\" width=\"421\" height=\"331\">\u00a0<\/p>\n<p>Juhtmete puhastamise \u00f5petusi on YouTubes k\u00fcllalt.\u00a0Vaata n\u00e4iteks j\u00e4rgmisi v\u00f5i otsi m\u00e4rks\u00f5nadega \u201cwire stripping\u201d.<\/p>\n<ul>\n<li><a href=\"https:\/\/www.youtube.com\/watch?v=auMRad-8ssE\" target=\"_blank\" rel=\"noopener\">https:\/\/www.youtube.com\/watch?v=auMRad-8ssE<\/a><\/li>\n<li><a href=\"https:\/\/www.youtube.com\/watch?v=NtJmAlxHrnI\" target=\"_blank\" rel=\"noopener\">https:\/\/www.youtube.com\/watch?v=NtJmAlxHrnI<\/a><\/li>\n<li><a href=\"https:\/\/www.youtube.com\/watch?v=NWLhnqxdM7k\" target=\"_blank\" rel=\"noopener\">https:\/\/www.youtube.com\/watch?v=NWLhnqxdM7k<\/a><\/li>\n<\/ul>\n<p>\u00c4ra kasuta selleks oma majapidamise parimat nuga v\u00f5i k\u00e4\u00e4re.<\/p>\n<p>2. Selleks ajaks, kui potentsiomeetrit vaja l\u00e4heb, tuleb \u00e4ra painutada potentsiomeetrite plekk-kinnitused, nagu n\u00e4idatud j\u00e4rgmisel pildil. Seda saab teha tangidega v\u00f5i lihtsalt s\u00f5rmede vahel, vastu lauda.<\/p>\n<p><img loading=\"lazy\" decoding=\"async\" src=\"\/wp-content\/uploads\/sites\/189\/potesarved1.png\" width=\"468\" height=\"437\"><\/p>\n<p>3. Multimeetri juhtmeid on h\u00f5lpsam makettplaadi k\u00fclge kinnitada, kui neile lisada l\u00fchikesed peenest traadist pikendused:<\/p>\n<p id=\"yui_3_15_0_3_1491483486598_645\"><img loading=\"lazy\" decoding=\"async\" style=\"border: 2px solid black\" src=\"\/wp-content\/uploads\/sites\/189\/testrijuhtmed4.png\" width=\"363\" height=\"242\"><\/p>\n","protected":false},"excerpt":{"rendered":"<p>1. Valmistada makettplaadi juhtmed. Komplektis on 8 umbes meetripikkust traadijuppi, need tuleb l\u00f5igata l\u00fchikesteks jupikesteks ja puhastada otsad isolatsioonist. M\u00f5istlik oleks neid valmistada vastavalt vajadusele, pole m\u00f5tet korraga palju valmis teha.\u00a0 Makettplaadi juhtmed peaks v\u00e4lja n\u00e4gema umbes niisugused: \u00a0 Juhtmete &#8230;<\/p>\n","protected":false},"author":93,"featured_media":0,"parent":0,"menu_order":0,"comment_status":"closed","ping_status":"closed","template":"","meta":{"_acf_changed":false,"inline_featured_image":false,"footnotes":""},"class_list":["post-45","page","type-page","status-publish","hentry"],"acf":[],"_links":{"self":[{"href":"https:\/\/sisu.ut.ee\/elektroonika\/wp-json\/wp\/v2\/pages\/45","targetHints":{"allow":["GET"]}}],"collection":[{"href":"https:\/\/sisu.ut.ee\/elektroonika\/wp-json\/wp\/v2\/pages"}],"about":[{"href":"https:\/\/sisu.ut.ee\/elektroonika\/wp-json\/wp\/v2\/types\/page"}],"author":[{"embeddable":true,"href":"https:\/\/sisu.ut.ee\/elektroonika\/wp-json\/wp\/v2\/users\/93"}],"replies":[{"embeddable":true,"href":"https:\/\/sisu.ut.ee\/elektroonika\/wp-json\/wp\/v2\/comments?post=45"}],"version-history":[{"count":1,"href":"https:\/\/sisu.ut.ee\/elektroonika\/wp-json\/wp\/v2\/pages\/45\/revisions"}],"predecessor-version":[{"id":216,"href":"https:\/\/sisu.ut.ee\/elektroonika\/wp-json\/wp\/v2\/pages\/45\/revisions\/216"}],"wp:attachment":[{"href":"https:\/\/sisu.ut.ee\/elektroonika\/wp-json\/wp\/v2\/media?parent=45"}],"curies":[{"name":"wp","href":"https:\/\/api.w.org\/{rel}","templated":true}]}}