{"id":44,"date":"2024-04-04T03:04:47","date_gmt":"2024-04-04T00:04:47","guid":{"rendered":"https:\/\/sisu.ut.ee\/elektroonika\/tehnilised-vahendid-0\/"},"modified":"2024-04-04T03:05:53","modified_gmt":"2024-04-04T00:05:53","slug":"tehnilised-vahendid-0","status":"publish","type":"page","link":"https:\/\/sisu.ut.ee\/elektroonika\/tehnilised-vahendid-0\/","title":{"rendered":"Tehnilised vahendid"},"content":{"rendered":"<p>Kursuse l\u00e4bimiseks vajad multimeetrit ning elektroonikadetailide komplekti. Sa v\u00f5id k\u00f5ik detailid hankida ise, kas kauplusest v\u00f5i m\u00f5ne tuttava k\u00e4est, aga v\u00f5id ka kogu komplekti osta kauplusest LEMONA Electronics hinnaga ca 30\u20ac + postikulud.<\/p>\n<h4><strong>NB!<\/strong> Ainukeseks tarneviisiks on DPD pakipood v\u00f5i DPD pakiautomaat.<\/h4>\n<p>L\u00e4hima v\u00f5i sobivaima DPD pakiautomaadi asukoha leiad siit: <a href=\"https:\/\/www.dpd.com\/ee\/avaleht\/pickup_pakiautomaadid_ja_pakipoed\" target=\"_blank\" rel=\"noopener\">https:\/\/www.dpd.com\/ee\/avaleht\/pickup_pakiautomaadid_ja_pakipoed<\/a><\/p>\n<p>Komplekti tellimiseks tuleb saata e-mailiga aadressile lemona@lemona.ee allj\u00e4rgnev tellimisvorm:<\/p>\n<p style=\"padding-left: 60px\">=======================<\/p>\n<p style=\"padding-left: 60px\">Teema (Subject) : Tartu \u00dclikooli elektroonikakursus<\/p>\n<p style=\"padding-left: 60px\">=======================<\/p>\n<p style=\"padding-left: 60px\">Soovin osta kursuse \u201cElektroonikast \u2013 puust ja punaseks\u201d detailide komplekti.<\/p>\n<p style=\"padding-left: 60px\">Kogus: (mitu komplekti)<\/p>\n<p style=\"padding-left: 60px\">Saaja: (nimi)<\/p>\n<p style=\"padding-left: 60px\">Postiaadress: (DPD pakiautomaat)<\/p>\n<p style=\"padding-left: 60px\">Arve saaja: (nimi v\u00f5i asutus)<\/p>\n<p style=\"padding-left: 60px\"><span>Mobiiltelefon: (DPD paki teate jaoks)<\/span><\/p>\n<p style=\"padding-left: 60px\">Arve palun saata e-mailiga: (meiliaadress)<\/p>\n<p style=\"padding-left: 60px\">=======================<\/p>\n<p>Komplekte j\u00e4tkub k\u00f5igile, kuid tellimine, maksmine ja saatmine v\u00f5tavad \u00fcksjagu aega. Seep\u00e4rast palun tellimist mitte j\u00e4tta viimasteks p\u00e4evadeks.<\/p>\n<p>Vajaminevate komponentide nimekiri on allj\u00e4rgnevas tabelis.<\/p>\n<table class=\"table table-hover\" border=\"1\" align=\"center\" cellpadding=\"0\" cellspacing=\"0\">\n<tbody>\n<tr style=\"background-color: #eeeeee\">\n<td align=\"center\" valign=\"top\">\n<p><strong>\u00a0Jrk nr<\/strong><\/p>\n<\/td>\n<td valign=\"top\">\n<p style=\"text-align: center\"><strong>Komponent<\/strong><\/p>\n<\/td>\n<td align=\"center\" valign=\"top\">\n<p><strong>Vajalik kogus<\/strong><\/p>\n<\/td>\n<td valign=\"top\">\n<p><strong>Lemona tootenumber<\/strong><\/p>\n<\/td>\n<\/tr>\n<tr>\n<td align=\"center\" valign=\"top\">\n<p>1<\/p>\n<\/td>\n<td valign=\"top\">\n<p>Keraamiline kondensaator 33 nF<\/p>\n<\/td>\n<td align=\"center\" valign=\"top\">\n<p>1<\/p>\n<\/td>\n<td valign=\"top\">\n<p>CM33NF50V Y5V<\/p>\n<\/td>\n<\/tr>\n<tr>\n<td align=\"center\" valign=\"top\">\n<p>2<\/p>\n<\/td>\n<td valign=\"top\">\n<p>Keraamiline kondensaator 10 nF<\/p>\n<\/td>\n<td align=\"center\" valign=\"top\">\n<p>3<\/p>\n<\/td>\n<td valign=\"top\">\n<p>CM10NF50V X7R<\/p>\n<\/td>\n<\/tr>\n<tr>\n<td align=\"center\" valign=\"top\">\n<p>3<\/p>\n<\/td>\n<td valign=\"top\">\n<p>Keraamiline kondensaator 100 nF<\/p>\n<\/td>\n<td align=\"center\" valign=\"top\">\n<p>4<\/p>\n<\/td>\n<td valign=\"top\">\n<p>CM100NF50V<\/p>\n<\/td>\n<\/tr>\n<tr>\n<td align=\"center\" valign=\"top\">\n<p>4<\/p>\n<\/td>\n<td valign=\"top\">\n<p>Keraamiline kondensaator 1 \u00b5F<\/p>\n<\/td>\n<td align=\"center\" valign=\"top\">\n<p>1<\/p>\n<\/td>\n<td valign=\"top\">\n<p>CM1UF50V Y5V<\/p>\n<\/td>\n<\/tr>\n<tr>\n<td align=\"center\" valign=\"top\">\n<p>5<\/p>\n<\/td>\n<td valign=\"top\">\n<p>Elektrol\u00fc\u00fctkondensaator 1000 \u00b5F<\/p>\n<\/td>\n<td align=\"center\" valign=\"top\">\n<p>1<\/p>\n<\/td>\n<td valign=\"top\">\n<p>1000\/16V<\/p>\n<\/td>\n<\/tr>\n<tr>\n<td align=\"center\" valign=\"top\">\n<p>6<\/p>\n<\/td>\n<td valign=\"top\">\n<p>Elektrol\u00fc\u00fctkondensaator 100 \u00b5F<\/p>\n<\/td>\n<td align=\"center\" valign=\"top\">\n<p>1<\/p>\n<\/td>\n<td valign=\"top\">\n<p>100\/16V<\/p>\n<\/td>\n<\/tr>\n<tr>\n<td align=\"center\" valign=\"top\">\n<p>7<\/p>\n<\/td>\n<td valign=\"top\">\n<p>Elektrol\u00fc\u00fctkondensaator 10 \u00b5F<\/p>\n<\/td>\n<td align=\"center\" valign=\"top\">\n<p>1<\/p>\n<\/td>\n<td valign=\"top\">\n<p>1\/100V<\/p>\n<\/td>\n<\/tr>\n<tr>\n<td align=\"center\" valign=\"top\">\n<p>8<\/p>\n<\/td>\n<td valign=\"top\">\n<p>Elektrol\u00fc\u00fctkondensaator 1 \u00b5F<\/p>\n<\/td>\n<td align=\"center\" valign=\"top\">\n<p>1<\/p>\n<\/td>\n<td valign=\"top\">\n<p>10\/63V<\/p>\n<\/td>\n<\/tr>\n<tr>\n<td align=\"center\" valign=\"top\">\n<p>9<\/p>\n<\/td>\n<td valign=\"top\">\n<p>Elektrol\u00fc\u00fctkondensaator 470 \u00b5F<\/p>\n<\/td>\n<td align=\"center\" valign=\"top\">\n<p>1<\/p>\n<\/td>\n<td valign=\"top\">\n<p>470\/16V<\/p>\n<\/td>\n<\/tr>\n<tr>\n<td align=\"center\" valign=\"top\">\n<p>10<\/p>\n<\/td>\n<td valign=\"top\">\n<p>Takisti 0,25W, 1 M\u2126<\/p>\n<\/td>\n<td align=\"center\" valign=\"top\">\n<p>2<\/p>\n<\/td>\n<td valign=\"top\">\n<p>\u00a0<\/p>\n<\/td>\n<\/tr>\n<tr>\n<td align=\"center\" valign=\"top\">\n<p>11<\/p>\n<\/td>\n<td valign=\"top\">\n<p>Takisti 0,25W, 100 k\u2126<\/p>\n<\/td>\n<td align=\"center\" valign=\"top\">\n<p>1<\/p>\n<\/td>\n<td valign=\"top\">\n<p>\u00a0<\/p>\n<\/td>\n<\/tr>\n<tr>\n<td align=\"center\" valign=\"top\">\n<p>12<\/p>\n<\/td>\n<td valign=\"top\">\n<p>Takisti 0,25W, 47 k\u2126<\/p>\n<\/td>\n<td align=\"center\" valign=\"top\">\n<p>1<\/p>\n<\/td>\n<td valign=\"top\">\n<p>\u00a0<\/p>\n<\/td>\n<\/tr>\n<tr>\n<td align=\"center\" valign=\"top\">\n<p>13<\/p>\n<\/td>\n<td valign=\"top\">\n<p>Takisti 0,25W, 22 k\u2126<\/p>\n<\/td>\n<td align=\"center\" valign=\"top\">\n<p>1<\/p>\n<\/td>\n<td valign=\"top\">\n<p>\u00a0<\/p>\n<\/td>\n<\/tr>\n<tr>\n<td align=\"center\" valign=\"top\">\n<p>14<\/p>\n<\/td>\n<td valign=\"top\">\n<p>Takisti 0,25W, 15 k\u2126<\/p>\n<\/td>\n<td align=\"center\" valign=\"top\">\n<p>1<\/p>\n<\/td>\n<td valign=\"top\">\n<p>\u00a0<\/p>\n<\/td>\n<\/tr>\n<tr>\n<td align=\"center\" valign=\"top\">\n<p>15<\/p>\n<\/td>\n<td valign=\"top\">\n<p>Takisti 0,25W, 10 k\u2126<\/p>\n<\/td>\n<td align=\"center\" valign=\"top\">\n<p>7<\/p>\n<\/td>\n<td valign=\"top\">\n<p>\u00a0<\/p>\n<\/td>\n<\/tr>\n<tr>\n<td align=\"center\" valign=\"top\">\n<p>16<\/p>\n<\/td>\n<td valign=\"top\">\n<p>Takisti 0,25W, 4,7 k\u2126<\/p>\n<\/td>\n<td align=\"center\" valign=\"top\">\n<p>1<\/p>\n<\/td>\n<td valign=\"top\">\n<p>\u00a0<\/p>\n<\/td>\n<\/tr>\n<tr>\n<td align=\"center\" valign=\"top\">\n<p>17<\/p>\n<\/td>\n<td valign=\"top\">\n<p>Takisti 0,25W, 3,9 k\u2126<\/p>\n<\/td>\n<td align=\"center\" valign=\"top\">\n<p>2<\/p>\n<\/td>\n<td valign=\"top\">\n<p>\u00a0<\/p>\n<\/td>\n<\/tr>\n<tr>\n<td align=\"center\" valign=\"top\">\n<p>18<\/p>\n<\/td>\n<td valign=\"top\">\n<p>Takisti 0,25W, 2,2 k\u2126<\/p>\n<\/td>\n<td align=\"center\" valign=\"top\">\n<p>3<\/p>\n<\/td>\n<td valign=\"top\">\n<p>\u00a0<\/p>\n<\/td>\n<\/tr>\n<tr>\n<td align=\"center\" valign=\"top\">\n<p>19<\/p>\n<\/td>\n<td valign=\"top\">\n<p>Takisti 0,25W, 1 k\u2126<\/p>\n<\/td>\n<td align=\"center\" valign=\"top\">\n<p>3<\/p>\n<\/td>\n<td valign=\"top\">\n<p>\u00a0<\/p>\n<\/td>\n<\/tr>\n<tr>\n<td align=\"center\" valign=\"top\">\n<p>20<\/p>\n<\/td>\n<td valign=\"top\">\n<p>Takisti 0,25W, 560 \u2126<\/p>\n<\/td>\n<td align=\"center\" valign=\"top\">\n<p>2<\/p>\n<\/td>\n<td valign=\"top\">\n<p>\u00a0<\/p>\n<\/td>\n<\/tr>\n<tr>\n<td align=\"center\" valign=\"top\">\n<p>21<\/p>\n<\/td>\n<td valign=\"top\">\n<p>Takisti 0,25W, 10 \u2126<\/p>\n<\/td>\n<td align=\"center\" valign=\"top\">\n<p>7<\/p>\n<\/td>\n<td valign=\"top\">\n<p>\u00a0<\/p>\n<\/td>\n<\/tr>\n<tr>\n<td align=\"center\" valign=\"top\">\n<p>22<\/p>\n<\/td>\n<td valign=\"top\">\n<p>Takisti 0,25W, 2,2 \u2126<\/p>\n<\/td>\n<td align=\"center\" valign=\"top\">\n<p>2<\/p>\n<\/td>\n<td valign=\"top\">\n<p>\u00a0<\/p>\n<\/td>\n<\/tr>\n<tr>\n<td align=\"center\" valign=\"top\">\n<p>23<\/p>\n<\/td>\n<td valign=\"top\">\n<p>Takisti 0,25W, 1,5 \u2126<\/p>\n<\/td>\n<td align=\"center\" valign=\"top\">\n<p>10<\/p>\n<\/td>\n<td valign=\"top\">\n<p>\u00a0<\/p>\n<\/td>\n<\/tr>\n<tr>\n<td align=\"center\" valign=\"top\">\n<p>24<\/p>\n<\/td>\n<td valign=\"top\">\n<p>Takisti 2W, 4,7 \u2126<\/p>\n<\/td>\n<td align=\"center\" valign=\"top\">\n<p>2<\/p>\n<\/td>\n<td valign=\"top\">\n<p>\u00a0<\/p>\n<\/td>\n<\/tr>\n<tr>\n<td align=\"center\" valign=\"top\">\n<p>25<\/p>\n<\/td>\n<td valign=\"top\">\n<p>Takisti 1W, 100 \u2126<\/p>\n<\/td>\n<td align=\"center\" valign=\"top\">\n<p>1<\/p>\n<\/td>\n<td valign=\"top\">\n<p>\u00a0<\/p>\n<\/td>\n<\/tr>\n<tr>\n<td align=\"center\" valign=\"top\">\n<p>26<\/p>\n<\/td>\n<td valign=\"top\">\n<p>Potentsiomeeter, 100 k\u2126<\/p>\n<\/td>\n<td align=\"center\" valign=\"top\">\n<p>2<\/p>\n<\/td>\n<td valign=\"top\">\n<p>6PMO 100K<\/p>\n<\/td>\n<\/tr>\n<tr>\n<td align=\"center\" valign=\"top\">\n<p>27<\/p>\n<\/td>\n<td valign=\"top\">\n<p>Mikroskeem CD40106B<\/p>\n<\/td>\n<td align=\"center\" valign=\"top\">\n<p>1<\/p>\n<\/td>\n<td valign=\"top\">\n<p>CD40106<\/p>\n<\/td>\n<\/tr>\n<tr>\n<td align=\"center\" valign=\"top\">\n<p>28<\/p>\n<\/td>\n<td valign=\"top\">\n<p>Mikroskeem LM555CN<\/p>\n<\/td>\n<td align=\"center\" valign=\"top\">\n<p>2<\/p>\n<\/td>\n<td valign=\"top\">\n<p>LM555CN<\/p>\n<\/td>\n<\/tr>\n<tr>\n<td align=\"center\" valign=\"top\">\n<p>29<\/p>\n<\/td>\n<td valign=\"top\">\n<p>Transistor NPN BC547<\/p>\n<\/td>\n<td align=\"center\" valign=\"top\">\n<p>2<\/p>\n<\/td>\n<td valign=\"top\">\n<p>BC547C<\/p>\n<\/td>\n<\/tr>\n<tr>\n<td align=\"center\" valign=\"top\">\n<p>30<\/p>\n<\/td>\n<td valign=\"top\">\n<p>Transistor PNP BC557<\/p>\n<\/td>\n<td align=\"center\" valign=\"top\">\n<p>1<\/p>\n<\/td>\n<td valign=\"top\">\n<p>BC557C<\/p>\n<\/td>\n<\/tr>\n<tr>\n<td align=\"center\" valign=\"top\">\n<p>31<\/p>\n<\/td>\n<td valign=\"top\">\n<p>Punane valgusdiood 2mA<\/p>\n<\/td>\n<td align=\"center\" valign=\"top\">\n<p>2<\/p>\n<\/td>\n<td valign=\"top\">\n<p>HLMP-4700<\/p>\n<\/td>\n<\/tr>\n<tr>\n<td align=\"center\" valign=\"top\">\n<p>32<\/p>\n<\/td>\n<td valign=\"top\">\n<p>Roheline valgusdiood 2mA<\/p>\n<\/td>\n<td align=\"center\" valign=\"top\">\n<p>1<\/p>\n<\/td>\n<td valign=\"top\">\n<p>HLMP-1790<\/p>\n<\/td>\n<\/tr>\n<tr>\n<td align=\"center\" valign=\"top\">\n<p>33<\/p>\n<\/td>\n<td valign=\"top\">\n<p>Infrapuna valgusdiood 940nm<\/p>\n<\/td>\n<td align=\"center\" valign=\"top\">\n<p>1<\/p>\n<\/td>\n<td valign=\"top\">\n<p>IR\/LED5<\/p>\n<\/td>\n<\/tr>\n<tr>\n<td align=\"center\" valign=\"top\">\n<p>34<\/p>\n<\/td>\n<td valign=\"top\">\n<p>Fototransistor 940nm<\/p>\n<\/td>\n<td align=\"center\" valign=\"top\">\n<p>1<\/p>\n<\/td>\n<td valign=\"top\">\n<p>LTR4206<\/p>\n<\/td>\n<\/tr>\n<tr>\n<td align=\"center\" valign=\"top\">\n<p>35<\/p>\n<\/td>\n<td valign=\"top\">\n<p>Fototakisti &gt; 100 k\u2126<\/p>\n<\/td>\n<td align=\"center\" valign=\"top\">\n<p>1<\/p>\n<\/td>\n<td valign=\"top\">\n<p>316-8335<\/p>\n<\/td>\n<\/tr>\n<tr>\n<td align=\"center\" valign=\"top\">\n<p>36<\/p>\n<\/td>\n<td valign=\"top\">\n<p>H\u00f5\u00f5glamp<\/p>\n<\/td>\n<td align=\"center\" valign=\"top\">\n<p>1<\/p>\n<\/td>\n<td valign=\"top\">\n<p>133-65-079<\/p>\n<\/td>\n<\/tr>\n<tr>\n<td align=\"center\" valign=\"top\">\n<p>37<\/p>\n<\/td>\n<td valign=\"top\">\n<p>Diood 1N4004<\/p>\n<\/td>\n<td align=\"center\" valign=\"top\">\n<p>2<\/p>\n<\/td>\n<td valign=\"top\">\n<p>1N4004P<\/p>\n<\/td>\n<\/tr>\n<tr>\n<td align=\"center\" valign=\"top\">\n<p>38<\/p>\n<\/td>\n<td valign=\"top\">\n<p>Zeneri diood (stabilitron) 0,5W 3,3V<\/p>\n<\/td>\n<td align=\"center\" valign=\"top\">\n<p>1<\/p>\n<\/td>\n<td valign=\"top\">\n<p>0.4W 3V3<\/p>\n<\/td>\n<\/tr>\n<tr>\n<td align=\"center\" valign=\"top\">\n<p>39<\/p>\n<\/td>\n<td valign=\"top\">\n<p>Makettplaat v\u00e4hemalt 400 auku<\/p>\n<\/td>\n<td align=\"center\" valign=\"top\">\n<p>1<\/p>\n<\/td>\n<td valign=\"top\">\n<p>VTBB3<\/p>\n<\/td>\n<\/tr>\n<tr>\n<td align=\"center\" valign=\"top\">\n<p>40<\/p>\n<\/td>\n<td valign=\"top\">\n<p>Patareikarp 4 x AA<\/p>\n<\/td>\n<td align=\"center\" valign=\"top\">\n<p>1<\/p>\n<\/td>\n<td valign=\"top\">\n<p>HO\/BA-SN-18<\/p>\n<\/td>\n<\/tr>\n<tr>\n<td align=\"center\" valign=\"top\">\n<p>41<\/p>\n<\/td>\n<td valign=\"top\">\n<p>AA patarei<\/p>\n<\/td>\n<td align=\"center\" valign=\"top\">\n<p>4<\/p>\n<\/td>\n<td valign=\"top\">\n<p>\u00a0<\/p>\n<\/td>\n<\/tr>\n<tr>\n<td align=\"center\" valign=\"top\">\n<p>42<\/p>\n<\/td>\n<td valign=\"top\">\n<p>9V patarei<\/p>\n<\/td>\n<td align=\"center\" valign=\"top\">\n<p>1<\/p>\n<\/td>\n<td valign=\"top\">\n<p>\u00a0<\/p>\n<\/td>\n<\/tr>\n<tr>\n<td align=\"center\" valign=\"top\">\n<p>43<\/p>\n<\/td>\n<td valign=\"top\">\n<p>9V patarei klemmid juhtmega<\/p>\n<\/td>\n<td align=\"center\" valign=\"top\">\n<p>1<\/p>\n<\/td>\n<td valign=\"top\">\n<p>HO\/BA-9V<\/p>\n<\/td>\n<\/tr>\n<tr>\n<td align=\"center\" valign=\"top\">\n<p>44<\/p>\n<\/td>\n<td valign=\"top\">\n<p>Nuppl\u00fcliti<\/p>\n<\/td>\n<td align=\"center\" valign=\"top\">\n<p>1<\/p>\n<\/td>\n<td valign=\"top\">\n<p>FSMJRT<\/p>\n<\/td>\n<\/tr>\n<tr>\n<td align=\"center\" valign=\"top\">\n<p>45<\/p>\n<\/td>\n<td valign=\"top\">\n<p>\u00dcmberl\u00fcliti SPDT<\/p>\n<\/td>\n<td align=\"center\" valign=\"top\">\n<p>1<\/p>\n<\/td>\n<td valign=\"top\">\n<p>09.03201.02.<\/p>\n<\/td>\n<\/tr>\n<tr>\n<td align=\"center\" valign=\"top\">\n<p>46<\/p>\n<\/td>\n<td valign=\"top\">\n<p>Servomootor<\/p>\n<\/td>\n<td align=\"center\" valign=\"top\">\n<p>1<\/p>\n<\/td>\n<td valign=\"top\">\n<p>VMA600<\/p>\n<\/td>\n<\/tr>\n<tr>\n<td align=\"center\" valign=\"top\">\n<p>47<\/p>\n<\/td>\n<td valign=\"top\">\n<p>Piesovaljuh\u00e4\u00e4ldi<\/p>\n<\/td>\n<td align=\"center\" valign=\"top\">\n<p>1<\/p>\n<\/td>\n<td valign=\"top\">\n<p>BUZ-27<\/p>\n<\/td>\n<\/tr>\n<tr>\n<td align=\"center\" valign=\"top\">\n<p>48<\/p>\n<\/td>\n<td valign=\"top\">\n<p>Valjuh\u00e4\u00e4ldi 8\u2126<\/p>\n<\/td>\n<td align=\"center\" valign=\"top\">\n<p>1<\/p>\n<\/td>\n<td valign=\"top\">\n<p>130-20-351.<\/p>\n<\/td>\n<\/tr>\n<tr>\n<td align=\"center\" valign=\"top\">\n<p>49<\/p>\n<\/td>\n<td valign=\"top\">\n<p>Multimeeter<\/p>\n<\/td>\n<td align=\"center\" valign=\"top\">\n<p>1<\/p>\n<\/td>\n<td valign=\"top\">\n<p>M830B-UNIT<\/p>\n<\/td>\n<\/tr>\n<tr>\n<td align=\"center\" valign=\"top\">\n<p>50<\/p>\n<\/td>\n<td valign=\"top\">\n<p>Krokodillklemmid<\/p>\n<\/td>\n<td align=\"center\" valign=\"top\">\n<p>2<\/p>\n<\/td>\n<td valign=\"top\">\n<p>140-43-022, 140-43-006<\/p>\n<\/td>\n<\/tr>\n<tr>\n<td align=\"center\" valign=\"top\">\n<p>51<\/p>\n<\/td>\n<td valign=\"top\">\n<p>Sulavkaitse 0,5A<\/p>\n<\/td>\n<td align=\"center\" valign=\"top\">\n<p>1<\/p>\n<\/td>\n<td valign=\"top\">\n<p>BT\/5\u00d720\/0.5<\/p>\n<\/td>\n<\/tr>\n<tr>\n<td align=\"center\" valign=\"top\">\n<p>52<\/p>\n<\/td>\n<td valign=\"top\">\n<p>Juhtmed<\/p>\n<\/td>\n<td align=\"center\" valign=\"top\">\n<p>\u00a0<\/p>\n<\/td>\n<td valign=\"top\">\n<p>\u00a0<\/p>\n<\/td>\n<\/tr>\n<\/tbody>\n<\/table>\n","protected":false},"excerpt":{"rendered":"<p>Kursuse l\u00e4bimiseks vajad multimeetrit ning elektroonikadetailide komplekti. Sa v\u00f5id k\u00f5ik detailid hankida ise, kas kauplusest v\u00f5i m\u00f5ne tuttava k\u00e4est, aga v\u00f5id ka kogu komplekti osta kauplusest LEMONA Electronics hinnaga ca 30\u20ac + postikulud. NB! Ainukeseks tarneviisiks on DPD pakipood v\u00f5i &#8230;<\/p>\n","protected":false},"author":93,"featured_media":0,"parent":0,"menu_order":0,"comment_status":"closed","ping_status":"closed","template":"","meta":{"_acf_changed":false,"inline_featured_image":false,"footnotes":""},"class_list":["post-44","page","type-page","status-publish","hentry"],"acf":[],"_links":{"self":[{"href":"https:\/\/sisu.ut.ee\/elektroonika\/wp-json\/wp\/v2\/pages\/44","targetHints":{"allow":["GET"]}}],"collection":[{"href":"https:\/\/sisu.ut.ee\/elektroonika\/wp-json\/wp\/v2\/pages"}],"about":[{"href":"https:\/\/sisu.ut.ee\/elektroonika\/wp-json\/wp\/v2\/types\/page"}],"author":[{"embeddable":true,"href":"https:\/\/sisu.ut.ee\/elektroonika\/wp-json\/wp\/v2\/users\/93"}],"replies":[{"embeddable":true,"href":"https:\/\/sisu.ut.ee\/elektroonika\/wp-json\/wp\/v2\/comments?post=44"}],"version-history":[{"count":1,"href":"https:\/\/sisu.ut.ee\/elektroonika\/wp-json\/wp\/v2\/pages\/44\/revisions"}],"predecessor-version":[{"id":215,"href":"https:\/\/sisu.ut.ee\/elektroonika\/wp-json\/wp\/v2\/pages\/44\/revisions\/215"}],"wp:attachment":[{"href":"https:\/\/sisu.ut.ee\/elektroonika\/wp-json\/wp\/v2\/media?parent=44"}],"curies":[{"name":"wp","href":"https:\/\/api.w.org\/{rel}","templated":true}]}}