{"id":20,"date":"2024-04-04T03:04:45","date_gmt":"2024-04-04T00:04:45","guid":{"rendered":"https:\/\/sisu.ut.ee\/elektroonika\/16-elektrivoolu-ja-pinge-mootmine-multimeetriga\/"},"modified":"2024-04-04T03:05:54","modified_gmt":"2024-04-04T00:05:54","slug":"16-elektrivoolu-ja-pinge-mootmine-multimeetriga","status":"publish","type":"page","link":"https:\/\/sisu.ut.ee\/elektroonika\/16-elektrivoolu-ja-pinge-mootmine-multimeetriga\/","title":{"rendered":"1.6. Elektrivoolu ja \u2013pinge m\u00f5\u00f5tmine multimeetriga"},"content":{"rendered":"<p><span data-mce-mark=\"1\">Teie komplektis on selline tore multifunktsionaalne seade nagu multimeeter. Selles loengus \u00f5pime, kuidas kasutada selle kahte funktsiooni elektrivool tugevuse ja -pinge m\u00f5\u00f5tmiseks. Multimeetrit valesti kasutades v\u00f5ite selle \u00e4ra rikkuda! J\u00e4lgige hoolega!<\/span><\/p>\n<p><span data-mce-mark=\"1\"><div class=\"ratio ratio-16x9 mb-3\"><div class=\"video-placeholder-wrapper video-placeholder-wrapper--16x9\">\n\t\t\t    <div class=\"video-placeholder d-flex justify-content-center align-items-center\">\n\t\t\t        <div class=\"overlay text-white p-2 w-100 text-center d-block justify-content-center align-items-center\">\n\t\t\t            <div>Kolmandate osapoolte sisu n\u00e4gemiseks palun n\u00f5ustu k\u00fcpsistega.<\/div>\n\t\t\t            <button class=\"btn btn-secondary btn-sm mt-1 consent-change\">Muuda n\u00f5usolekut<\/button>\n\t\t\t        <\/div>\n\t\t\t    <\/div>\n\t\t\t<\/div>\n<\/div><\/span><\/p>\n<p style=\"text-align: center\"><a href=\"https:\/\/youtu.be\/1VI1qcJj7jA\" target=\"_blank\" rel=\"noopener\"><span data-mce-mark=\"1\"><span data-mce-mark=\"1\">https:\/\/youtu.be\/1VI1qcJj7jA<\/span><\/span><\/a><\/p>\n<p><span data-mce-mark=\"1\">Praktilises osas\u00a0l\u00e4heb vaja:<\/span><\/p>\n<ul>\n<li>makettplaati<\/li>\n<li>multimeetrit<\/li>\n<li>h\u00f5\u00f5glampi<\/li>\n<li>juhtmeid<\/li>\n<li>akupakki<\/li>\n<\/ul>\n<h5><span data-mce-mark=\"1\"><img loading=\"lazy\" decoding=\"async\" width=\"40\" height=\"40\" class=\"alignnone wp-image-77\" style=\"margin-left: 10px;margin-right: 10px\" src=\"https:\/\/sisu.ut.ee\/wp-content\/uploads\/sites\/189\/motle.png\" title=\"motle.png\" alt=\"motle.png\">\u00a0M\u00f5tle kaasa!<\/span><\/h5>\n<p><span data-mce-mark=\"1\"><\/span><span data-mce-mark=\"1\">Kas j\u00e4rgmised v\u00e4ited on \u00f5iged v\u00f5i valed?<\/span><\/p>\n<ol>\n<li>Voolutugevuse m\u00f5\u00f5tmiseks \u00fchendatakse multimeeter vooluahelasse parallelselt.<\/li>\n<li>Elektripinge m\u00f5\u00f5tmiseks \u00fchendatakse multimeeter vooluahelasse paralleelselt.<\/li>\n<\/ol>\n<p><\/p><div class=\"accordion mb-3\">\n        <div class=\"accordion-item accordion-item--white\">\n        <h2 class=\"accordion-header\" id=\"accordion-69d58baae5fae-heading\">\n            <button class=\"accordion-button collapsed\" type=\"button\" data-bs-toggle=\"collapse\" data-bs-target=\"#accordion-69d58baae5fae-collapse\" aria-expanded=\"true\" aria-controls=\"accordion-69d58baae5fae-collapse\">Vastus<\/button>\n        <\/h2>\n        <div id=\"accordion-69d58baae5fae-collapse\" class=\"accordion-collapse collapse\" aria-labelledby=\"accordion-69d58baae5fae-heading\">\n            <div class=\"accordion-body\">\n<ol>\n<li>Voolutugevuse m\u00f5\u00f5tmiseks \u00fchendatakse multimeeter vooluahelasse <span style=\"color: #339966\"><strong>jadas<\/strong><\/span>, sest on vaja m\u00f5\u00f5ta l\u00e4bivate laengute hulka.<\/li>\n<li>Elektripinge m\u00f5\u00f5tmiseks \u00fchendatakse multimeeter vooluahelasse <span style=\"color: #339966\"><strong>paralleelselt<\/strong><\/span>, et m\u00f5\u00f5ta laengute \u201csurvet\u201d.<\/li>\n<\/ol>\n<p><span><\/span><\/p><\/div>\n        <\/div>\n        <\/div>\n    <\/div>\n","protected":false},"excerpt":{"rendered":"<p>Teie komplektis on selline tore multifunktsionaalne seade nagu multimeeter. Selles loengus \u00f5pime, kuidas kasutada selle kahte funktsiooni elektrivool tugevuse ja -pinge m\u00f5\u00f5tmiseks. Multimeetrit valesti kasutades v\u00f5ite selle \u00e4ra rikkuda! J\u00e4lgige hoolega! Kolmandate osapoolte sisu n\u00e4gemiseks palun n\u00f5ustu k\u00fcpsistega. Muuda n\u00f5usolekut &#8230;<\/p>\n","protected":false},"author":93,"featured_media":0,"parent":0,"menu_order":0,"comment_status":"closed","ping_status":"closed","template":"","meta":{"_acf_changed":false,"inline_featured_image":false,"footnotes":""},"class_list":["post-20","page","type-page","status-publish","hentry"],"acf":[],"_links":{"self":[{"href":"https:\/\/sisu.ut.ee\/elektroonika\/wp-json\/wp\/v2\/pages\/20","targetHints":{"allow":["GET"]}}],"collection":[{"href":"https:\/\/sisu.ut.ee\/elektroonika\/wp-json\/wp\/v2\/pages"}],"about":[{"href":"https:\/\/sisu.ut.ee\/elektroonika\/wp-json\/wp\/v2\/types\/page"}],"author":[{"embeddable":true,"href":"https:\/\/sisu.ut.ee\/elektroonika\/wp-json\/wp\/v2\/users\/93"}],"replies":[{"embeddable":true,"href":"https:\/\/sisu.ut.ee\/elektroonika\/wp-json\/wp\/v2\/comments?post=20"}],"version-history":[{"count":1,"href":"https:\/\/sisu.ut.ee\/elektroonika\/wp-json\/wp\/v2\/pages\/20\/revisions"}],"predecessor-version":[{"id":249,"href":"https:\/\/sisu.ut.ee\/elektroonika\/wp-json\/wp\/v2\/pages\/20\/revisions\/249"}],"wp:attachment":[{"href":"https:\/\/sisu.ut.ee\/elektroonika\/wp-json\/wp\/v2\/media?parent=20"}],"curies":[{"name":"wp","href":"https:\/\/api.w.org\/{rel}","templated":true}]}}