{"id":15,"date":"2024-04-04T03:04:45","date_gmt":"2024-04-04T00:04:45","guid":{"rendered":"https:\/\/sisu.ut.ee\/elektroonika\/62-dioodi-polaarsuse-maaramine\/"},"modified":"2024-04-04T03:05:54","modified_gmt":"2024-04-04T00:05:54","slug":"62-dioodi-polaarsuse-maaramine","status":"publish","type":"page","link":"https:\/\/sisu.ut.ee\/elektroonika\/62-dioodi-polaarsuse-maaramine\/","title":{"rendered":"6.2. Dioodi polaarsuse m\u00e4\u00e4ramine"},"content":{"rendered":"<p><span>M\u00f5nikord on vaja m\u00e4\u00e4rata tundmatu dioodi polaarsus \u2013 kumb ots on anood ja kumb on katood.\u00a0<\/span>Selles videos n\u00e4itame ette hulga v\u00f5imalusi, kuidas seda teha multimeetri abil. Selles ei ole midagi keerulist, aga ei ole ka midagi loogilist.<\/p>\n<p style=\"text-align: center\"><\/p><div class=\"ratio ratio-16x9 mb-3\"><div class=\"video-placeholder-wrapper video-placeholder-wrapper--16x9\">\n\t\t\t    <div class=\"video-placeholder d-flex justify-content-center align-items-center\">\n\t\t\t        <div class=\"overlay text-white p-2 w-100 text-center d-block justify-content-center align-items-center\">\n\t\t\t            <div>Kolmandate osapoolte sisu n\u00e4gemiseks palun n\u00f5ustu k\u00fcpsistega.<\/div>\n\t\t\t            <button class=\"btn btn-secondary btn-sm mt-1 consent-change\">Muuda n\u00f5usolekut<\/button>\n\t\t\t        <\/div>\n\t\t\t    <\/div>\n\t\t\t<\/div>\n<\/div>\n<p style=\"text-align: center\"><a href=\"https:\/\/youtu.be\/KfpikW96PhU\" target=\"_blank\" rel=\"noopener\">https:\/\/youtu.be\/KfpikW96PhU<\/a><\/p>\n\n<p>Praktilise t\u00f6\u00f6 jaoks vajad j\u00e4rgmisi vahendeid:<\/p>\n<ul>\n<li>multimeeter<\/li>\n<li>dioodid<\/li>\n<\/ul>\n<h5><img loading=\"lazy\" decoding=\"async\" width=\"40\" height=\"40\" class=\"alignnone wp-image-78\" style=\"margin-left: 10px;margin-right: 10px\" src=\"https:\/\/sisu.ut.ee\/wp-content\/uploads\/sites\/189\/tahtis.png\" title=\"tahtis.png\" alt=\"tahtis.png\">J\u00e4ta meelde!<\/h5>\n<p><strong><span id=\"docs-internal-guid-c89b93f7-1765-7312-be5a-382dd188bed0\">J\u00e4ta meelde \u00fcks meetod, kuidas sinu multimeetriga dioodi polaarsust m\u00e4\u00e4rata.<\/span><\/strong><\/p>\n","protected":false},"excerpt":{"rendered":"<p>M\u00f5nikord on vaja m\u00e4\u00e4rata tundmatu dioodi polaarsus \u2013 kumb ots on anood ja kumb on katood.\u00a0Selles videos n\u00e4itame ette hulga v\u00f5imalusi, kuidas seda teha multimeetri abil. Selles ei ole midagi keerulist, aga ei ole ka midagi loogilist. Kolmandate osapoolte sisu &#8230;<\/p>\n","protected":false},"author":93,"featured_media":0,"parent":0,"menu_order":0,"comment_status":"closed","ping_status":"closed","template":"","meta":{"_acf_changed":false,"inline_featured_image":false,"footnotes":""},"class_list":["post-15","page","type-page","status-publish","hentry"],"acf":[],"_links":{"self":[{"href":"https:\/\/sisu.ut.ee\/elektroonika\/wp-json\/wp\/v2\/pages\/15","targetHints":{"allow":["GET"]}}],"collection":[{"href":"https:\/\/sisu.ut.ee\/elektroonika\/wp-json\/wp\/v2\/pages"}],"about":[{"href":"https:\/\/sisu.ut.ee\/elektroonika\/wp-json\/wp\/v2\/types\/page"}],"author":[{"embeddable":true,"href":"https:\/\/sisu.ut.ee\/elektroonika\/wp-json\/wp\/v2\/users\/93"}],"replies":[{"embeddable":true,"href":"https:\/\/sisu.ut.ee\/elektroonika\/wp-json\/wp\/v2\/comments?post=15"}],"version-history":[{"count":1,"href":"https:\/\/sisu.ut.ee\/elektroonika\/wp-json\/wp\/v2\/pages\/15\/revisions"}],"predecessor-version":[{"id":244,"href":"https:\/\/sisu.ut.ee\/elektroonika\/wp-json\/wp\/v2\/pages\/15\/revisions\/244"}],"wp:attachment":[{"href":"https:\/\/sisu.ut.ee\/elektroonika\/wp-json\/wp\/v2\/media?parent=15"}],"curies":[{"name":"wp","href":"https:\/\/api.w.org\/{rel}","templated":true}]}}